{"id":14410,"date":"2025-02-04T12:24:17","date_gmt":"2025-02-04T15:24:17","guid":{"rendered":"https:\/\/www.ufmg.br\/proex\/?page_id=14410"},"modified":"2025-02-04T13:08:40","modified_gmt":"2025-02-04T16:08:40","slug":"odonto-pop-rua","status":"publish","type":"page","link":"https:\/\/www.ufmg.br\/proex\/odonto-pop-rua\/","title":{"rendered":"Projeto OdontoPopRua"},"content":{"rendered":"<p>Est\u00e3o abertas as inscri\u00e7\u00f5es de sele\u00e7\u00e3o de estudantes para o projeto Inclus\u00e3o: Promo\u00e7\u00e3o de Sa\u00fade Bucal da Popula\u00e7\u00e3o em Situa\u00e7\u00e3o de Rua (PSR), vinculado \u00e0 Faculdade de Odontologia (FAO\/UFMG).<\/p>\n<p>H\u00e1 vagas para bolsista e volunt\u00e1rios (as). No OdontoPopRua, os atendimentos realizados na FAO e no Centro Pop proporcionam ao estudante uma experi\u00eancia enriquecedora, ampliando habilidades cl\u00ednicas e humanizadas no cuidado com pessoas em situa\u00e7\u00e3o de vulnerabilidade.<\/p>\n<p>Podem se inscrever para participar discentes de gradua\u00e7\u00e3o da UFMG, que devem seguir os crit\u00e9rios de cada modalidade estabelecidos no <a href=\"https:\/\/www.ufmg.br\/proex\/wp-content\/uploads\/2025\/02\/EDITAL_SELECAO_ESTUDANTES_ODONTOPOP_RUA_assinado.pdf\" target=\"_blank\" rel=\"noopener\">edital de sele\u00e7\u00e3o.<\/a><\/p>\n<p>-Bolsa PBEXT A\u00e7\u00e3o Afirmativa \u2013 1 vaga<br \/>\n-Volunt\u00e1rio Atendimento Odontol\u00f3gico no Centro POP \u2013 4 vagas<br \/>\n-Volunt\u00e1rio Centro POP a\u00e7\u00f5es educativas (interprofissional) \u2013 10 vagas<br \/>\n-Volunt\u00e1rio Atendimento Odontol\u00f3gico na Faculdade de Odontologia \u2013 4 vagas<br \/>\n-Volunt\u00e1rio Volante na Faculdade de Odontologia \u2013 4 vagas<\/p>\n<p>As inscri\u00e7\u00f5es s\u00e3o realizadas <strong>at\u00e9 14\/02\/2025<\/strong>, somente por meio de <a href=\"https:\/\/forms.gle\/vGWSWWwpxpavBCkx7\" target=\"_blank\" rel=\"noopener\">formul\u00e1rio eletr\u00f4nico.<\/a><\/p>\n<p><strong>Sobre o projeto<\/strong><\/p>\n<p>O projeto de extens\u00e3o OdontoPopRua atua em parceria com a Prefeitura de Belo Horizonte e os Centros Pop para ampliar o cuidado integral \u00e0 sa\u00fade das pessoas em situa\u00e7\u00e3o de rua. Atrav\u00e9s de a\u00e7\u00f5es solid\u00e1rias, educa\u00e7\u00e3o em sa\u00fade bucal e assist\u00eancia odontol\u00f3gica, a iniciativa fortalece uma rede de acolhimento e proporciona mais cuidado e esperan\u00e7a a essas pessoas. Siga o projeto no <a href=\"https:\/\/www.instagram.com\/odontopopruaufmg\/\" target=\"_blank\" rel=\"noopener\">Instagram<\/a>.<\/p>\n<p>&nbsp;<\/p>\n","protected":false},"excerpt":{"rendered":"<p>Est\u00e3o abertas as inscri\u00e7\u00f5es de sele\u00e7\u00e3o de estudantes para o [&hellip;]<\/p>\n","protected":false},"author":2,"featured_media":0,"parent":0,"menu_order":0,"comment_status":"closed","ping_status":"closed","template":"","meta":[],"tags":[191,23,29],"_links":{"self":[{"href":"https:\/\/www.ufmg.br\/proex\/wp-json\/wp\/v2\/pages\/14410"}],"collection":[{"href":"https:\/\/www.ufmg.br\/proex\/wp-json\/wp\/v2\/pages"}],"about":[{"href":"https:\/\/www.ufmg.br\/proex\/wp-json\/wp\/v2\/types\/page"}],"author":[{"embeddable":true,"href":"https:\/\/www.ufmg.br\/proex\/wp-json\/wp\/v2\/users\/2"}],"replies":[{"embeddable":true,"href":"https:\/\/www.ufmg.br\/proex\/wp-json\/wp\/v2\/comments?post=14410"}],"version-history":[{"count":10,"href":"https:\/\/www.ufmg.br\/proex\/wp-json\/wp\/v2\/pages\/14410\/revisions"}],"predecessor-version":[{"id":14422,"href":"https:\/\/www.ufmg.br\/proex\/wp-json\/wp\/v2\/pages\/14410\/revisions\/14422"}],"wp:attachment":[{"href":"https:\/\/www.ufmg.br\/proex\/wp-json\/wp\/v2\/media?parent=14410"}],"wp:term":[{"taxonomy":"post_tag","embeddable":true,"href":"https:\/\/www.ufmg.br\/proex\/wp-json\/wp\/v2\/tags?post=14410"}],"curies":[{"name":"wp","href":"https:\/\/api.w.org\/{rel}","templated":true}]}}

<p>Estão abertas as inscrições de seleção de estudantes para o projeto Inclusão: Promoção de Saúde Bucal da População em Situação de Rua (PSR), vinculado à Faculdade de Odontologia (FAO/UFMG).</p>
<p>Há vagas para bolsista e voluntários (as). No OdontoPopRua, os atendimentos realizados na FAO e no Centro Pop proporcionam ao estudante uma experiência enriquecedora, ampliando habilidades clínicas e humanizadas no cuidado com pessoas em situação de vulnerabilidade.</p>
<p>Podem se inscrever para participar discentes de graduação da UFMG, que devem seguir os critérios de cada modalidade estabelecidos no <a href="https://www.ufmg.br/proex/wp-content/uploads/2025/02/EDITAL_SELECAO_ESTUDANTES_ODONTOPOP_RUA_assinado.pdf" target="_blank" rel="noopener">edital de seleção.</a></p>
<p>-Bolsa PBEXT Ação Afirmativa – 1 vaga<br />
-Voluntário Atendimento Odontológico no Centro POP – 4 vagas<br />
-Voluntário Centro POP ações educativas (interprofissional) – 10 vagas<br />
-Voluntário Atendimento Odontológico na Faculdade de Odontologia – 4 vagas<br />
-Voluntário Volante na Faculdade de Odontologia – 4 vagas</p>
<p>As inscrições são realizadas <strong>até 14/02/2025</strong>, somente por meio de <a href="https://forms.gle/vGWSWWwpxpavBCkx7" target="_blank" rel="noopener">formulário eletrônico.</a></p>
<p><strong>Sobre o projeto</strong></p>
<p>O projeto de extensão OdontoPopRua atua em parceria com a Prefeitura de Belo Horizonte e os Centros Pop para ampliar o cuidado integral à saúde das pessoas em situação de rua. Através de ações solidárias, educação em saúde bucal e assistência odontológica, a iniciativa fortalece uma rede de acolhimento e proporciona mais cuidado e esperança a essas pessoas. Siga o projeto no <a href="https://www.instagram.com/odontopopruaufmg/" target="_blank" rel="noopener">Instagram</a>.</p>
<p>&nbsp;</p>

<p>Estão abertas as inscrições de seleção de estudantes para o [&hellip;]</p>
