{"id":14742,"date":"2025-02-24T08:29:23","date_gmt":"2025-02-24T11:29:23","guid":{"rendered":"https:\/\/www.ufmg.br\/proex\/?page_id=14742"},"modified":"2025-02-24T08:29:26","modified_gmt":"2025-02-24T11:29:26","slug":"escola-de-verao-educacao-em-direitos-humanos","status":"publish","type":"page","link":"https:\/\/www.ufmg.br\/proex\/escola-de-verao-educacao-em-direitos-humanos\/","title":{"rendered":"Escola de Ver\u00e3o &#8211; Educa\u00e7\u00e3o em Direitos Humanos"},"content":{"rendered":"<h4><em><strong>Curso de extens\u00e3o GRATUITO em Direitos Humanos; aulas sobre pol\u00edticas p\u00fablicas, igualdade racial, direitos ind\u00edgenas, popula\u00e7\u00e3o em situa\u00e7\u00e3o de rua e outros temas<\/strong><\/em><\/h4>\n<p>&nbsp;<\/p>\n<div id=\"attachment_11573\" style=\"width: 760px\" class=\"wp-caption alignnone\"><img aria-describedby=\"caption-attachment-11573\" loading=\"lazy\" class=\"wp-image-11573\" title=\"4\u00aa edi\u00e7\u00e3o possibilitou imers\u00e3o dos cursistas no campo dos Direitos Humanos | Foto: Eduardo Maia\/Proex UFMG\" src=\"https:\/\/www.ufmg.br\/proex\/wp-content\/uploads\/2024\/02\/4a-Escola-de-Verao-encerra-com-ricas-discussoes-sobre-saude-mental-e-comunicacao-foto-Eduardo-Maia-Proex-300x173.jpg\" alt=\"Participantes da edi\u00e7\u00e3o de 2024 do curso de extens\u00e3o em direitos humanos | Foto: Eduardo Maia\/Proex UFMG\" width=\"750\" height=\"432\" srcset=\"https:\/\/www.ufmg.br\/proex\/wp-content\/uploads\/2024\/02\/4a-Escola-de-Verao-encerra-com-ricas-discussoes-sobre-saude-mental-e-comunicacao-foto-Eduardo-Maia-Proex-300x173.jpg 300w, https:\/\/www.ufmg.br\/proex\/wp-content\/uploads\/2024\/02\/4a-Escola-de-Verao-encerra-com-ricas-discussoes-sobre-saude-mental-e-comunicacao-foto-Eduardo-Maia-Proex-1024x589.jpg 1024w, https:\/\/www.ufmg.br\/proex\/wp-content\/uploads\/2024\/02\/4a-Escola-de-Verao-encerra-com-ricas-discussoes-sobre-saude-mental-e-comunicacao-foto-Eduardo-Maia-Proex-768x442.jpg 768w, https:\/\/www.ufmg.br\/proex\/wp-content\/uploads\/2024\/02\/4a-Escola-de-Verao-encerra-com-ricas-discussoes-sobre-saude-mental-e-comunicacao-foto-Eduardo-Maia-Proex-1536x884.jpg 1536w, https:\/\/www.ufmg.br\/proex\/wp-content\/uploads\/2024\/02\/4a-Escola-de-Verao-encerra-com-ricas-discussoes-sobre-saude-mental-e-comunicacao-foto-Eduardo-Maia-Proex-2048x1179.jpg 2048w\" sizes=\"(max-width: 750px) 100vw, 750px\" \/><p id=\"caption-attachment-11573\" class=\"wp-caption-text\">Participantes da edi\u00e7\u00e3o de 2024 do curso de extens\u00e3o em direitos humanos | Foto: Eduardo Maia\/Proex UFMG<\/p><\/div>\n<p>A UFMG se orgulha de receber a 5\u00aa edi\u00e7\u00e3o da <em>Escola de Ver\u00e3o \u2013 Educa\u00e7\u00e3o em Direitos Humanos.<\/em><\/p>\n<p>O curso ser\u00e1 realizado presencialmente de 24 a 28 de fevereiro de 2025, em Belo Horizonte, no <strong>campus Pampulha<\/strong> da UFMG.<\/p>\n<p><strong>Local<\/strong>: CAD2 (Centro de Atividades Did\u00e1ticas) | Audit\u00f3rio A102<br \/>\n<strong>Hor\u00e1rio<\/strong>: 9h \u00e0s 17h<\/p>\n<p>A Escola de Ver\u00e3o \u00e9 oferecida pela Associa\u00e7\u00e3o das Universidades do Grupo Montevid\u00e9u (AUGM) e pela UFMG, por meio da Universidade dos Direitos Humanos (UDH), diretoria da Pr\u00f3-reitoria de Extens\u00e3o.<\/p>\n<p>Aulas com professores e professoras de universidades p\u00fablicas do Brasil e da Am\u00e9rica Latina.<\/p>\n<p>A forma\u00e7\u00e3o \u00e9 aberta a qualquer interessado. Em especial, estudantes de gradua\u00e7\u00e3o e p\u00f3s-gradua\u00e7\u00e3o, professores, servidores t\u00e9cnico-administrativos de universidades, gestores de pol\u00edticas p\u00fablicas e participantes de movimentos sociais e associa\u00e7\u00f5es da sociedade civil.<\/p>\n<p>Certifica\u00e7\u00e3o de 30 horas para cursistas que conclu\u00edrem 75% das atividades.<\/p>\n<p>Acessibilidade em Libras: N\u00facleo de Acessibilidade e Inclus\u00e3o (NAI\/UFMG).<\/p>\n<p><a href=\"https:\/\/aplicativos.ufmg.br\/conhecimento\/atividades\/e\/422\" target=\"_blank\" rel=\"noopener\">Inscri\u00e7\u00f5es<\/a> encerradas em 21 de fevereiro!<\/p>\n<p>PROGRAMA\u00c7\u00c3O<\/p>\n<p><strong>Segunda-feira, 24 de fevereiro<br \/>\n<\/strong><\/p>\n<p>8h \u2013 Credenciamento dos participantes<\/p>\n<p>9h \u00e0s 10h30\u00a0\u2013 Abertura<br \/>\nSandra Goulart Almeida (reitora da UFMG)<br \/>\nAlessandro Fernandes Moreira (vice-reitor da UFMG)<br \/>\nGlaucinei Rodrigues Corr\u00eaa (pr\u00f3-reitor de extens\u00e3o da UFMG)<br \/>\nB\u00e1rbara Orfan\u00f2 (diretora adjunta DRI\/UFMG)<br \/>\nMaria Guiomar Frota (UDH | coordenadora da V Escola de Ver\u00e3o)<\/p>\n<p>10h30 \u00e0s 12h \u2013 Confer\u00eancia O ciclo das pol\u00edticas p\u00fablicas de direitos humanos no \u00e2mbito do Mercosul<br \/>\nPatricia Gainza &#8211; diretora de Pesquisa do Instituto de Pol\u00edticas P\u00fablicas em Direitos Humanos do Mercosul (IPPDH, Argentina)<\/p>\n<p>14h \u00e0s 16h \u2013Forma\u00e7\u00e3o cl\u00ednica em direitos humanos em universidades p\u00fablicas como contribui\u00e7\u00e3o para a garantia da n\u00e3o repet\u00eancia<br \/>\nIn\u00e9s Robles (Universidad de Valpara\u00edso, Chile)<\/p>\n<p>16h30 \u00e0s 17h30 \u2013 Espet\u00e1culo teatral A Paix\u00e3o de Tito | Gabriel Castro Cavalcante (ator) e Juarez Guimar\u00e3es Dias (dramaturgia)<strong><br \/>\n<\/strong><\/p>\n<p><strong>Ter\u00e7a-feira, 25 de fevereiro<br \/>\n<\/strong><\/p>\n<p>9h \u00e0s 12h \u2013 O lugar da educa\u00e7\u00e3o na defesa da democracia e dos direitos humanos<br \/>\nDenise Carreira (Universidade de S\u00e3o Paulo\/USP, Brasil)<\/p>\n<p>14h \u00e0s 17h \u2013 Direito Penal, poder punitivo e direitos humanos, no plano internacional<br \/>\nRui Dissenha (Universidade Federal do Paran\u00e1\/UFPR, Brasil)<\/p>\n<p><strong>Quarta-feira, 26 de fevereiro<br \/>\n<\/strong><\/p>\n<p>9h \u00e0s 12h \u2013 Viola\u00e7\u00f5es e defesa dos direitos humanos da popula\u00e7\u00e3o em situa\u00e7\u00e3o de rua<br \/>\nAndr\u00e9 Luiz Freitas Dias (UFMG, Brasil)<\/p>\n<p class=\"western\" align=\"justify\">14h \u00e0s 17h \u2013 Oficina BordA\u00e7\u00e3o (Coletivo Pontos de Luta, Brasil)<\/p>\n<p><strong>Quinta-feira, 27 de fevereiro<br \/>\n<\/strong><\/p>\n<p>9h \u00e0s 12h \u2013 Interculturalidade e Direitos Ind\u00edgenas<br \/>\nMar\u00eda del Carmen Cortizo (Universidade de Santa Catarina\/UFSC, Brasil)<\/p>\n<p>14h \u00e0s 17h \u2013 Mundos ind\u00edgenas e direitos humanos, n\u00e3o-humanos, mais-que-humanos: a luta pelos territ\u00f3rios origin\u00e1rios do povo Kaiow\u00e1.<br \/>\nLuciana Oliveira (UFMG, Brasil)<\/p>\n<p><strong>Sexta-feira, 28 de fevereiro<br \/>\n<\/strong><\/p>\n<p>9h \u00e0s 12h \u2013 Igualdade Racial<br \/>\nRenisia Cristina Garcia Filice (Universidade de Bras\u00edlia\/UnB, Brasil)<\/p>\n<p>14h \u00e0s 17h &#8211; Educa\u00e7\u00e3o em direitos humanos, grupos vulner\u00e1veis e seguran\u00e7a em espa\u00e7os universit\u00e1rios<br \/>\nRicardo Barbosa de Lima (Universidade Federal de Goi\u00e1s\/UFG, Brasil)<\/p>\n<p><a href=\"https:\/\/www.ufmg.br\/proex\/wp-content\/uploads\/2025\/02\/Programacao-Escola-de-Verao-Direitos-Humanos-Proex-UFMG.pdf\" target=\"_blank\" rel=\"noopener\">Programa\u00e7\u00e3o em PDF<\/a> (atualizada em 19\/02\/2025).<\/p>\n<p><b>Edi\u00e7\u00f5es anteriores<\/b><\/p>\n<p>A UFMG \u00e9 sede da Escola de Ver\u00e3o desde a primeira edi\u00e7\u00e3o:<br \/>\n<b><\/b><a href=\"https:\/\/ufmg.br\/comunicacao\/noticias\/ufmg-inaugura-escola-de-verao-em-educacao-e-direitos-humanos\" target=\"_blank\" rel=\"noopener\">2020<\/a><br \/>\n<a href=\"https:\/\/www.youtube.com\/playlist?list=PL_AztmKDIPEYUhLfK9fJnlXaLEDFiX5BD\" target=\"_blank\" rel=\"noopener\">2021<\/a><br \/>\n<a href=\"https:\/\/www.youtube.com\/playlist?list=PL_AztmKDIPEYhwcfR8OS7ApIrj-oiQjiP\" target=\"_blank\" rel=\"noopener\">2023<\/a><br \/>\n<a href=\"https:\/\/www.youtube.com\/playlist?list=PL_AztmKDIPEaLOPSCVV710LjumOlNdK_W\" target=\"_blank\" rel=\"noopener\">2024<\/a><\/p>\n<p>Para mais informa\u00e7\u00f5es e esclarecimentos, entre em contato:<br \/>\n<strong>E-mail:<\/strong> <a href=\"mailto:udh@proex.ufmg.br\">udh@proex.ufmg.br<\/a><br \/>\n<strong>Telefone<\/strong>: (31) 3409-4065<\/p>\n<p>&nbsp;<\/p>\n","protected":false},"excerpt":{"rendered":"<p>Curso de extens\u00e3o GRATUITO em Direitos Humanos; aulas sobre pol\u00edticas [&hellip;]<\/p>\n","protected":false},"author":2,"featured_media":0,"parent":0,"menu_order":0,"comment_status":"closed","ping_status":"closed","template":"","meta":[],"tags":[443,787,23],"_links":{"self":[{"href":"https:\/\/www.ufmg.br\/proex\/wp-json\/wp\/v2\/pages\/14742"}],"collection":[{"href":"https:\/\/www.ufmg.br\/proex\/wp-json\/wp\/v2\/pages"}],"about":[{"href":"https:\/\/www.ufmg.br\/proex\/wp-json\/wp\/v2\/types\/page"}],"author":[{"embeddable":true,"href":"https:\/\/www.ufmg.br\/proex\/wp-json\/wp\/v2\/users\/2"}],"replies":[{"embeddable":true,"href":"https:\/\/www.ufmg.br\/proex\/wp-json\/wp\/v2\/comments?post=14742"}],"version-history":[{"count":1,"href":"https:\/\/www.ufmg.br\/proex\/wp-json\/wp\/v2\/pages\/14742\/revisions"}],"predecessor-version":[{"id":14743,"href":"https:\/\/www.ufmg.br\/proex\/wp-json\/wp\/v2\/pages\/14742\/revisions\/14743"}],"wp:attachment":[{"href":"https:\/\/www.ufmg.br\/proex\/wp-json\/wp\/v2\/media?parent=14742"}],"wp:term":[{"taxonomy":"post_tag","embeddable":true,"href":"https:\/\/www.ufmg.br\/proex\/wp-json\/wp\/v2\/tags?post=14742"}],"curies":[{"name":"wp","href":"https:\/\/api.w.org\/{rel}","templated":true}]}}