{"id":14818,"date":"2025-03-07T14:29:42","date_gmt":"2025-03-07T17:29:42","guid":{"rendered":"https:\/\/www.ufmg.br\/proex\/?page_id=14818"},"modified":"2025-03-07T15:39:24","modified_gmt":"2025-03-07T18:39:24","slug":"gapa","status":"publish","type":"page","link":"https:\/\/www.ufmg.br\/proex\/gapa\/","title":{"rendered":"Grupo de Apoio aos Produtores de Alimentos"},"content":{"rendered":"<p>Oportunidade para discentes de \u00e1reas da sa\u00fade e ci\u00eancias!<\/p>\n<p data-start=\"143\" data-end=\"519\">Estudantes de Farm\u00e1cia, Biomedicina, Nutri\u00e7\u00e3o, Qu\u00edmica, Engenharia Qu\u00edmica e Medicina Veterin\u00e1ria podem se inscrever para participar do projeto de extens\u00e3o <em>Produ\u00e7\u00e3o de Geleias a partir do Reaproveitamento de vinhos,<\/em> do Grupo de Apoio aos Produtores de Alimentos (Gapa\/UFMG).<\/p>\n<p data-start=\"143\" data-end=\"519\">A iniciativa envolve a produ\u00e7\u00e3o de geleias utilizando vinhos apreendidos pela Receita Federal \u2014 uma proposta criativa de reaproveitamento e redu\u00e7\u00e3o de desperd\u00edcio.<\/p>\n<p data-start=\"143\" data-end=\"519\">Os (as) interessados (as) devem enviar carta de inten\u00e7\u00e3o at\u00e9 o dia <strong data-start=\"718\" data-end=\"733\">16 de mar\u00e7o<\/strong> para o e-mail: <strong data-start=\"749\" data-end=\"776\"><a rel=\"noopener\" data-start=\"751\" data-end=\"774\">aosprodutores@gmail.com<\/a><\/strong><\/p>\n<p data-start=\"143\" data-end=\"519\">Processo seletivo:<br \/>\n1\u00aa etapa: An\u00e1lise da carta de inten\u00e7\u00e3o<br \/>\n2\u00aa etapa: Entrevista com os selecionados<\/p>\n<p data-start=\"904\" data-end=\"1123\">N\u00e3o perca a chance de participar de uma experi\u00eancia pr\u00e1tica que conecta inova\u00e7\u00e3o, sustentabilidade e ci\u00eancia de forma criativa!<\/p>\n<p data-start=\"904\" data-end=\"1123\">Vinculado ao Departamento de Alimentos da Faculdade de Farm\u00e1cia, o Grupo de Apoio aos Produtores de Alimentos (Gapa) promove iniciativas para o desenvolvimento regional e expans\u00e3o da produ\u00e7\u00e3o de alimentos por meio da promo\u00e7\u00e3o do conhecimento t\u00e9cnico-cient\u00edfico nas \u00e1reas de qualidade e processamento de alimentos. Siga o projeto no <a href=\"https:\/\/www.instagram.com\/gapa_ufmg\/\" target=\"_blank\" rel=\"noopener\">Instagram.<\/a><\/p>\n<p data-start=\"904\" data-end=\"1123\">\n","protected":false},"excerpt":{"rendered":"<p>Oportunidade para discentes de \u00e1reas da sa\u00fade e ci\u00eancias! Estudantes [&hellip;]<\/p>\n","protected":false},"author":2,"featured_media":0,"parent":0,"menu_order":0,"comment_status":"closed","ping_status":"closed","template":"","meta":[],"tags":[191,23,29],"_links":{"self":[{"href":"https:\/\/www.ufmg.br\/proex\/wp-json\/wp\/v2\/pages\/14818"}],"collection":[{"href":"https:\/\/www.ufmg.br\/proex\/wp-json\/wp\/v2\/pages"}],"about":[{"href":"https:\/\/www.ufmg.br\/proex\/wp-json\/wp\/v2\/types\/page"}],"author":[{"embeddable":true,"href":"https:\/\/www.ufmg.br\/proex\/wp-json\/wp\/v2\/users\/2"}],"replies":[{"embeddable":true,"href":"https:\/\/www.ufmg.br\/proex\/wp-json\/wp\/v2\/comments?post=14818"}],"version-history":[{"count":14,"href":"https:\/\/www.ufmg.br\/proex\/wp-json\/wp\/v2\/pages\/14818\/revisions"}],"predecessor-version":[{"id":14833,"href":"https:\/\/www.ufmg.br\/proex\/wp-json\/wp\/v2\/pages\/14818\/revisions\/14833"}],"wp:attachment":[{"href":"https:\/\/www.ufmg.br\/proex\/wp-json\/wp\/v2\/media?parent=14818"}],"wp:term":[{"taxonomy":"post_tag","embeddable":true,"href":"https:\/\/www.ufmg.br\/proex\/wp-json\/wp\/v2\/tags?post=14818"}],"curies":[{"name":"wp","href":"https:\/\/api.w.org\/{rel}","templated":true}]}}

<p>Oportunidade para discentes de áreas da saúde e ciências!</p>
<p data-start="143" data-end="519">Estudantes de Farmácia, Biomedicina, Nutrição, Química, Engenharia Química e Medicina Veterinária podem se inscrever para participar do projeto de extensão <em>Produção de Geleias a partir do Reaproveitamento de vinhos,</em> do Grupo de Apoio aos Produtores de Alimentos (Gapa/UFMG).</p>
<p data-start="143" data-end="519">A iniciativa envolve a produção de geleias utilizando vinhos apreendidos pela Receita Federal — uma proposta criativa de reaproveitamento e redução de desperdício.</p>
<p data-start="143" data-end="519">Os (as) interessados (as) devem enviar carta de intenção até o dia <strong data-start="718" data-end="733">16 de março</strong> para o e-mail: <strong data-start="749" data-end="776"><a rel="noopener" data-start="751" data-end="774">aosprodutores@gmail.com</a></strong></p>
<p data-start="143" data-end="519">Processo seletivo:<br />
1ª etapa: Análise da carta de intenção<br />
2ª etapa: Entrevista com os selecionados</p>
<p data-start="904" data-end="1123">Não perca a chance de participar de uma experiência prática que conecta inovação, sustentabilidade e ciência de forma criativa!</p>
<p data-start="904" data-end="1123">Vinculado ao Departamento de Alimentos da Faculdade de Farmácia, o Grupo de Apoio aos Produtores de Alimentos (Gapa) promove iniciativas para o desenvolvimento regional e expansão da produção de alimentos por meio da promoção do conhecimento técnico-científico nas áreas de qualidade e processamento de alimentos. Siga o projeto no <a href="https://www.instagram.com/gapa_ufmg/" target="_blank" rel="noopener">Instagram.</a></p>
<p data-start="904" data-end="1123">

<p>Oportunidade para discentes de áreas da saúde e ciências! Estudantes [&hellip;]</p>
