{"id":16049,"date":"2025-07-24T15:05:41","date_gmt":"2025-07-24T18:05:41","guid":{"rendered":"https:\/\/www.ufmg.br\/proex\/?page_id=16049"},"modified":"2025-10-22T14:54:11","modified_gmt":"2025-10-22T17:54:11","slug":"relatoriosdosciclosavaliativos","status":"publish","type":"page","link":"https:\/\/www.ufmg.br\/proex\/relatoriosdosciclosavaliativos\/","title":{"rendered":"Relat\u00f3rios dos Ciclos Avaliativos"},"content":{"rendered":"<h3><\/h3>\n<h3>Relat\u00f3rios do 1\u00ba Ciclo Avaliativo<\/h3>\n<p>&nbsp;<\/p>\n<p><a href=\"https:\/\/www.ufmg.br\/proex\/wp-content\/uploads\/2021\/12\/Relatorio-GERAL-UFMG-e-Unidades-FINAL-Atualizado-setembro_2017.pdf\" target=\"_blank\" rel=\"noopener\">Relat\u00f3rio\u00a02014<\/a><\/p>\n<p><a href=\"https:\/\/www.ufmg.br\/proex\/wp-content\/uploads\/2021\/12\/RELATORIO-GERAL-UFMG-e-UNIDADES-FINAL-com-lista-Atualizado-22012018.pdf\" target=\"_blank\" rel=\"noopener\">Relat\u00f3rio 2015<\/a><\/p>\n<p><a href=\"https:\/\/www.ufmg.br\/proex\/wp-content\/uploads\/2021\/12\/Relatorio-Geral-Perfil-UFMG-e-Unidades-2016.pdf\" target=\"_blank\" rel=\"noopener\">Relat\u00f3rio 2016<\/a><\/p>\n<h3><\/h3>\n<h3><\/h3>\n<h3><\/h3>\n<p>&nbsp;<\/p>\n<h3>Relat\u00f3rios do 2\u00ba Ciclo Avaliativo<\/h3>\n<p>&nbsp;<\/p>\n<p><strong>Relat\u00f3rios UFMG<\/strong><\/p>\n<p><a href=\"https:\/\/drive.google.com\/file\/d\/1gYxgQE2Dd9mUVl7NBZ8Yliq2LdqWZuxW\/view?usp=share_link\" target=\"_blank\" rel=\"noopener\">UFMG 2014-2017<\/a><\/p>\n<p><a href=\"https:\/\/drive.google.com\/file\/d\/1geC9WKvWtJh0JdKiSyQgBQnpqi1M6gwA\/view?usp=share_link\" target=\"_blank\" rel=\"noopener\">UFMG 2014-2018<\/a><\/p>\n<p><a href=\"https:\/\/drive.google.com\/file\/d\/1kVqw--Yo51zsNFmBAYD7qQrQPRm9NjfK\/view?usp=share_link\" target=\"_blank\" rel=\"noopener\">UFMG 2014-2019<\/a><\/p>\n<p><b><br \/>\nRelat\u00f3rios das Unidades Acad\u00eamicas e Especiais<\/b><\/p>\n<p><a href=\"https:\/\/drive.google.com\/file\/d\/1lZqFNkI5CCFTW88cfp2Gc6Alpk-J8hEo\/view?usp=share_link\" target=\"_blank\" rel=\"noopener\">Faculdade de Medicina (2014-2017)<\/a><\/p>\n<p><a href=\"https:\/\/drive.google.com\/file\/d\/1JZolu2L4fZ8XPjnFsYiggn1yqV2XerVt\/view?usp=share_link\" target=\"_blank\" rel=\"noopener\">Instituto de Ci\u00eancias Agr\u00e1rias (2014-2017)\u00a0<\/a><\/p>\n<p><a href=\"https:\/\/drive.google.com\/file\/d\/1PWdtegsp1IYWQk3MzCtR0-DG_lJbaVqG\/view?usp=share_link\" target=\"_blank\" rel=\"noopener\">Hospital das Cl\u00ednicas (2014-2017)<\/a><\/p>\n<p><a href=\"https:\/\/drive.google.com\/file\/d\/1WiepL85zeCGSOI1OM9ZXcvPrpJHotHvd\/view?usp=share_link\" target=\"_blank\" rel=\"noopener\">Faculdade de Farm\u00e1cia (2014-2017)<\/a><\/p>\n<p><a href=\"https:\/\/drive.google.com\/file\/d\/1fEpRNBzLLY3ZqmW_pK2wr4rdLO66R6Sz\/view?usp=share_link\" target=\"_blank\" rel=\"noopener\">Faculdade de Filosofia e Ci\u00eancias Humanas (2014-2017)<\/a><\/p>\n<p><a href=\"https:\/\/drive.google.com\/file\/d\/14Cn13Y2VJKQPp8YmrXEVimEDqEcaEeW5\/view?usp=share_link\" target=\"_blank\" rel=\"noopener\">Faculdade de Educa\u00e7\u00e3o (2014-2017)<\/a><\/p>\n<p><a href=\"https:\/\/drive.google.com\/file\/d\/1ONak3Leo6pvE3r4q57RXMlbF5fbCZ7hX\/view?usp=share_link\" target=\"_blank\" rel=\"noopener\">Faculdade de Engenharia (2014-2017)<\/a><\/p>\n<p><a href=\"https:\/\/drive.google.com\/file\/d\/1lf4tkfA5WX9RHdwWrEIIPN5_6KYdLepk\/view?usp=share_link\">Escola de Belas Artes (2014-2017)<\/a><\/p>\n<p><a href=\"https:\/\/drive.google.com\/file\/d\/1_0ccLrtDMYK8VzegdZJW8Kcj06SwYjWQ\/view?usp=share_link\" target=\"_blank\" rel=\"noopener\">Faculdade de Direito (2014-2017)<\/a><\/p>\n<p><a href=\"https:\/\/drive.google.com\/file\/d\/1ZzYtiRmTWEX-E8XldUp0kycKFMbeLKPA\/view?usp=share_link\" target=\"_blank\" rel=\"noopener\">Faculdade de Odontologia (2015-2018)<\/a><\/p>\n<p><a href=\"https:\/\/drive.google.com\/file\/d\/16KRsZy6ywBfNWxx3ts2EFbGzfZr8tBJY\/view?usp=share_link\" target=\"_blank\" rel=\"noopener\">Museu de Hist\u00f3ria Natural e Jardim Bot\u00e2nico (2015-2018)<\/a><\/p>\n<p><a href=\"https:\/\/drive.google.com\/file\/d\/13K7Mt3dPGO4Okt6QKGtxuVP1TnNy4pjO\/view?usp=share_link\" target=\"_blank\" rel=\"noopener\">Instituto de Geoci\u00eancias (2015-2018)<\/a><\/p>\n<p><a href=\"https:\/\/drive.google.com\/file\/d\/1pQmRvRE9YEQFXJNHu1gS4hDyV341oWJv\/view?usp=share_link\" target=\"_blank\" rel=\"noopener\">Instituto de Ci\u00eancias Biol\u00f3gicas (2015-2018)<\/a><\/p>\n<p><a href=\"https:\/\/drive.google.com\/file\/d\/1Ub3QN5isQc7vDNcmkJNSotk4YQp2-Ywm\/view?usp=share_link\" target=\"_blank\" rel=\"noopener\">Faculdade de Ci\u00eancias Econ\u00f4micas (2015-2018)<\/a><\/p>\n<p><a href=\"https:\/\/drive.google.com\/file\/d\/1YwkRB-Rp33xVn134AZ10gUEDD9wOn06B\/view?usp=share_link\" target=\"_blank\" rel=\"noopener\">Escola de Educa\u00e7\u00e3o B\u00e1sica e Profissional (2015-2018)<\/a><\/p>\n<p><a href=\"https:\/\/drive.google.com\/file\/d\/1tonaqkz-vWlaBdpT6dOtal29u4SuFsiJ\/view?usp=share_link\" target=\"_blank\" rel=\"noopener\">Escola de Arquitetura (2015-2018)<\/a><\/p>\n<p><a href=\"https:\/\/drive.google.com\/file\/d\/1TH_MsvFVsLY4qWHp7_HYHO9-SP7-e1cj\/view?usp=share_link\" target=\"_blank\" rel=\"noopener\">Escola de Educa\u00e7\u00e3o F\u00edsica, Fisioterapia e Terapia Ocupacional (2016-2019)<\/a><\/p>\n<p><a href=\"https:\/\/drive.google.com\/file\/d\/1bVM9i08xBrZLSbphQCvxQcHS0yvoOEul\/view?usp=share_link\" target=\"_blank\" rel=\"noopener\">Escola de Ci\u00eancia da Informa\u00e7\u00e3o (2016-2019)<\/a><\/p>\n<p><a href=\"https:\/\/drive.google.com\/file\/d\/1jb7Yfci_SsgJi8xUU4LSsMxYO9F-Ivaq\/view?usp=share_link\" target=\"_blank\" rel=\"noopener\">Escola de M\u00fasica (2016-2019)<\/a><\/p>\n<p><a href=\"https:\/\/drive.google.com\/file\/d\/11Ez3_gk19MWwrbXS9dO8PWz3WFzL6uqo\/view?usp=share_link\" target=\"_blank\" rel=\"noopener\">Instituto de Ci\u00eancias Exatas (2016-2019)<\/a><\/p>\n<p><a href=\"https:\/\/drive.google.com\/file\/d\/1e2LMVr7X7BO2suGL1M7nNeMDHquJlf88\/view?usp=share_link\" target=\"_blank\" rel=\"noopener\">Faculdade de Letras (2016-2019)<\/a><\/p>\n<p><a href=\"https:\/\/drive.google.com\/file\/d\/1BWhFoPWpVnXO3Lopqavuu6U3_q1oq6qc\/view?usp=share_link\" target=\"_blank\" rel=\"noopener\">Escola de Enfermagem (2016-2019)<\/a><\/p>\n<p>&nbsp;<\/p>\n<h3>Relat\u00f3rios do 3\u00ba Ciclo Avaliativo<\/h3>\n<p>&nbsp;<\/p>\n<p><a href=\"https:\/\/www.ufmg.br\/proex\/wp-content\/uploads\/2023\/09\/SINOPSE-3o-CICLO-UFMG.pdf\" target=\"_blank\" rel=\"noopener\">UFMG 2014-2022<\/a><\/p>\n<p><a href=\"https:\/\/www.ufmg.br\/proex\/wp-content\/uploads\/2023\/09\/APENDICE_Perfil_UFMG_2014-2022.pdf\" target=\"_blank\" rel=\"noopener\">Ap\u00eandice do Relat\u00f3rio da UFMG<\/a><\/p>\n<p><a href=\"https:\/\/www.ufmg.br\/proex\/wp-content\/uploads\/2025\/07\/SINOPSE-3o-CICLO-IGC_final-1.pdf\" target=\"_blank\" rel=\"noopener\">Instituto de Geoci\u00eancias (IGC) 2015-2022<\/a><\/p>\n<p>&nbsp;<\/p>\n<h3>Documentos S\u00ednteses<\/h3>\n<p>&nbsp;<\/p>\n<p><a href=\"https:\/\/www.ufmg.br\/proex\/wp-content\/uploads\/2021\/12\/Documento-sintese-1o-Ciclo-versao-final.pdf\" target=\"_blank\" rel=\"noopener\">Documento s\u00edntese do 1\u00ba Ciclo Avaliativo<\/a><\/p>\n<p><a href=\"https:\/\/www.ufmg.br\/proex\/wp-content\/uploads\/2023\/09\/Documento-sintese-2o-Ciclo_final.pdf\" target=\"_blank\" rel=\"noopener\">Documento S\u00edntese do 2\u00ba Ciclo Avaliativo<\/a><\/p>\n","protected":false},"excerpt":{"rendered":"<p>Relat\u00f3rios do 1\u00ba Ciclo Avaliativo &nbsp; Relat\u00f3rio\u00a02014 Relat\u00f3rio 2015 Relat\u00f3rio [&hellip;]<\/p>\n","protected":false},"author":2,"featured_media":0,"parent":0,"menu_order":0,"comment_status":"closed","ping_status":"closed","template":"","meta":[],"tags":[],"_links":{"self":[{"href":"https:\/\/www.ufmg.br\/proex\/wp-json\/wp\/v2\/pages\/16049"}],"collection":[{"href":"https:\/\/www.ufmg.br\/proex\/wp-json\/wp\/v2\/pages"}],"about":[{"href":"https:\/\/www.ufmg.br\/proex\/wp-json\/wp\/v2\/types\/page"}],"author":[{"embeddable":true,"href":"https:\/\/www.ufmg.br\/proex\/wp-json\/wp\/v2\/users\/2"}],"replies":[{"embeddable":true,"href":"https:\/\/www.ufmg.br\/proex\/wp-json\/wp\/v2\/comments?post=16049"}],"version-history":[{"count":23,"href":"https:\/\/www.ufmg.br\/proex\/wp-json\/wp\/v2\/pages\/16049\/revisions"}],"predecessor-version":[{"id":16118,"href":"https:\/\/www.ufmg.br\/proex\/wp-json\/wp\/v2\/pages\/16049\/revisions\/16118"}],"wp:attachment":[{"href":"https:\/\/www.ufmg.br\/proex\/wp-json\/wp\/v2\/media?parent=16049"}],"wp:term":[{"taxonomy":"post_tag","embeddable":true,"href":"https:\/\/www.ufmg.br\/proex\/wp-json\/wp\/v2\/tags?post=16049"}],"curies":[{"name":"wp","href":"https:\/\/api.w.org\/{rel}","templated":true}]}}