{"id":17085,"date":"2026-02-20T12:01:44","date_gmt":"2026-02-20T15:01:44","guid":{"rendered":"https:\/\/www.ufmg.br\/proex\/?page_id=17085"},"modified":"2026-02-20T12:05:34","modified_gmt":"2026-02-20T15:05:34","slug":"projeto-acriar-hc","status":"publish","type":"page","link":"https:\/\/www.ufmg.br\/proex\/projeto-acriar-hc\/","title":{"rendered":"Projeto ACRIAR\/HC"},"content":{"rendered":"<p data-start=\"222\" data-end=\"587\">Est\u00e3o abertas, <strong>at\u00e9 o dia 22 de fevereiro de 2026,<\/strong> as inscri\u00e7\u00f5es para <strong>01 vaga de bolsista de extens\u00e3o PBEXT<\/strong>, <strong>01 vaga de bolsista PBEXT \u2013 A\u00e7\u00e3o Afirmativa<\/strong> e <strong>02 vagas para volunt\u00e1rios(as)<\/strong> no projeto \u201cACRIAR \u2013 Ambulat\u00f3rio de Seguimento de Crian\u00e7a de Risco e Terceira Etapa do M\u00e9todo Canguru do Programa de Humaniza\u00e7\u00e3o do Hospital das Cl\u00ednicas da UFMG\u201d.<\/p>\n<p data-start=\"714\" data-end=\"841\">Podem se inscrever estudantes do curso de gradua\u00e7\u00e3o em Medicina da UFMG, regularmente matriculados do 5\u00ba ao 8\u00ba per\u00edodo.<\/p>\n<p data-start=\"714\" data-end=\"841\">As atividades t\u00eam carga hor\u00e1ria de 20 horas semanais. As atribui\u00e7\u00f5es do(a) estudante est\u00e3o descritas no item 5 do edital.<\/p>\n<p data-start=\"714\" data-end=\"841\"><strong>Bolsa<\/strong>: R$700\/mensal<br \/>\n<strong>Vig\u00eancia: <\/strong>mar\u00e7o de 2026 a fevereiro de 2027.<\/p>\n<p data-start=\"714\" data-end=\"841\"><strong>Inscri\u00e7\u00f5es<br \/>\n<\/strong>As inscri\u00e7\u00f5es s\u00e3o realizadas por meio de <a href=\"https:\/\/forms.gle\/g6eAZ7DaXTGW6p9w9\" target=\"_blank\" rel=\"noopener\">formul\u00e1rio eletr\u00f4nico.<\/a><\/p>\n<p>No ato da inscri\u00e7\u00e3o os(as) candidatos(as) dever\u00e3o apresentar os seguintes documentos:<br \/>\n&#8211; Hist\u00f3rico Escolar da gradua\u00e7\u00e3o (dispon\u00edvel no portal MinhaUFMG)<br \/>\n&#8211; Curriculum Vitae (com dados pessoais, curso de gradua\u00e7\u00e3o, per\u00edodo, inscri\u00e7\u00e3o na UFMG, telefones de contato e email da UFMG)<br \/>\n&#8211; Comprovante de matr\u00edcula.<\/p>\n<p>As informa\u00e7\u00f5es completas dessa oportunidade est\u00e3o no <a href=\"https:\/\/www.ufmg.br\/proex\/wp-content\/uploads\/2026\/02\/EDITAL-DE-SELECAO-DE-ESTUDANTES-ass-BOLSISTAS_DE_EXTENSAO.ACRIAR_assinado.pdf\" target=\"_blank\" rel=\"noopener\">edital do processo de sele\u00e7\u00e3o.<\/a><\/p>\n<p>&nbsp;<\/p>\n","protected":false},"excerpt":{"rendered":"<p>Est\u00e3o abertas, at\u00e9 o dia 22 de fevereiro de 2026, [&hellip;]<\/p>\n","protected":false},"author":2,"featured_media":0,"parent":0,"menu_order":0,"comment_status":"closed","ping_status":"closed","template":"","meta":[],"tags":[891,191,893,4],"_links":{"self":[{"href":"https:\/\/www.ufmg.br\/proex\/wp-json\/wp\/v2\/pages\/17085"}],"collection":[{"href":"https:\/\/www.ufmg.br\/proex\/wp-json\/wp\/v2\/pages"}],"about":[{"href":"https:\/\/www.ufmg.br\/proex\/wp-json\/wp\/v2\/types\/page"}],"author":[{"embeddable":true,"href":"https:\/\/www.ufmg.br\/proex\/wp-json\/wp\/v2\/users\/2"}],"replies":[{"embeddable":true,"href":"https:\/\/www.ufmg.br\/proex\/wp-json\/wp\/v2\/comments?post=17085"}],"version-history":[{"count":8,"href":"https:\/\/www.ufmg.br\/proex\/wp-json\/wp\/v2\/pages\/17085\/revisions"}],"predecessor-version":[{"id":17095,"href":"https:\/\/www.ufmg.br\/proex\/wp-json\/wp\/v2\/pages\/17085\/revisions\/17095"}],"wp:attachment":[{"href":"https:\/\/www.ufmg.br\/proex\/wp-json\/wp\/v2\/media?parent=17085"}],"wp:term":[{"taxonomy":"post_tag","embeddable":true,"href":"https:\/\/www.ufmg.br\/proex\/wp-json\/wp\/v2\/tags?post=17085"}],"curies":[{"name":"wp","href":"https:\/\/api.w.org\/{rel}","templated":true}]}}