{"id":17216,"date":"2026-03-03T14:58:13","date_gmt":"2026-03-03T17:58:13","guid":{"rendered":"https:\/\/www.ufmg.br\/proex\/?page_id=17216"},"modified":"2026-03-03T15:16:08","modified_gmt":"2026-03-03T18:16:08","slug":"geociencias-na-educacao-basica","status":"publish","type":"page","link":"https:\/\/www.ufmg.br\/proex\/geociencias-na-educacao-basica\/","title":{"rendered":"Projeto Geoci\u00eancias na educa\u00e7\u00e3o b\u00e1sica"},"content":{"rendered":"<p>O Instituto de Geoci\u00eancias (IGC) da UFMG divulgou edital de sele\u00e7\u00e3o de bolsistas (bolsa PBEXT A\u00e7\u00e3o Afirmativa) para o projeto <em>Geoci\u00eancias na educa\u00e7\u00e3o b\u00e1sica: desenvolvimento de sequ\u00eancia did\u00e1tica sobre geologia e minera\u00e7\u00e3o para as escolas p\u00fablicas do quadril\u00e1tero ferr\u00edfero.<\/em><\/p>\n<p>Podem se inscrever estudantes da UFMG dos cursos de gradua\u00e7\u00e3o em <strong>Geografia (bacharelado ou licenciatura), Geologia, Engenharia de Minas ou Engenharia Ambiental.<\/strong><\/p>\n<p>As inscri\u00e7\u00f5es v\u00e3o<b> at\u00e9 10 de mar\u00e7o de 2026.<\/b><\/p>\n<p>A bolsa (uma vaga) \u00e9 destinada exclusivamente a estudantes classificados socioeconomicamente no n\u00edvel I, II ou III pela Funda\u00e7\u00e3o Universit\u00e1ria Mendes Pimentel (Fump) ou tenham ingressado na UFMG pelo sistema de cotas.<\/p>\n<p><b>Como se inscrever<br \/>\n<\/b>Os(as) interessados(as) devem enviar para o e-mail <a href=\"mailto:cenex@igc.ufmg.br\">cenex@igc.ufmg.br<\/a> os seguintes documentos (<span style=\"color: #000000;\"><span style=\"font-family: 0, serif;\"><span style=\"font-size: medium;\">em PDF):<\/span><\/span><\/span><\/p>\n<ul>\n<li>Hist\u00f3rico Escolar da gradua\u00e7\u00e3o<\/li>\n<li>Texto com exposi\u00e7\u00e3o dos motivos que levaram o(a) estudante a pleitear sua participa\u00e7\u00e3o no projeto<\/li>\n<li>Declara\u00e7\u00e3o de classifica\u00e7\u00e3o socioecon\u00f4mica da Fump e\/ou documento comprobat\u00f3rio de que ingressou na UFMG pela modalidade de reserva de vagas<\/li>\n<\/ul>\n<p>As informa\u00e7\u00f5es completas est\u00e3o no <a href=\"https:\/\/www.ufmg.br\/proex\/wp-content\/uploads\/2026\/03\/SEI_UFMG-4985375-DEBORA-SILVANO-Edital.pdf\" target=\"_blank\" rel=\"noopener\">Edital 452\/2026.<\/a><\/p>\n<p>&nbsp;<\/p>\n<p>&nbsp;<\/p>\n","protected":false},"excerpt":{"rendered":"<p>O Instituto de Geoci\u00eancias (IGC) da UFMG divulgou edital de [&hellip;]<\/p>\n","protected":false},"author":2,"featured_media":0,"parent":0,"menu_order":0,"comment_status":"closed","ping_status":"closed","template":"","meta":[],"tags":[191,23,901,29],"_links":{"self":[{"href":"https:\/\/www.ufmg.br\/proex\/wp-json\/wp\/v2\/pages\/17216"}],"collection":[{"href":"https:\/\/www.ufmg.br\/proex\/wp-json\/wp\/v2\/pages"}],"about":[{"href":"https:\/\/www.ufmg.br\/proex\/wp-json\/wp\/v2\/types\/page"}],"author":[{"embeddable":true,"href":"https:\/\/www.ufmg.br\/proex\/wp-json\/wp\/v2\/users\/2"}],"replies":[{"embeddable":true,"href":"https:\/\/www.ufmg.br\/proex\/wp-json\/wp\/v2\/comments?post=17216"}],"version-history":[{"count":12,"href":"https:\/\/www.ufmg.br\/proex\/wp-json\/wp\/v2\/pages\/17216\/revisions"}],"predecessor-version":[{"id":17230,"href":"https:\/\/www.ufmg.br\/proex\/wp-json\/wp\/v2\/pages\/17216\/revisions\/17230"}],"wp:attachment":[{"href":"https:\/\/www.ufmg.br\/proex\/wp-json\/wp\/v2\/media?parent=17216"}],"wp:term":[{"taxonomy":"post_tag","embeddable":true,"href":"https:\/\/www.ufmg.br\/proex\/wp-json\/wp\/v2\/tags?post=17216"}],"curies":[{"name":"wp","href":"https:\/\/api.w.org\/{rel}","templated":true}]}}