{"id":2713,"date":"2021-09-16T20:59:25","date_gmt":"2021-09-16T23:59:25","guid":{"rendered":"https:\/\/www.ufmg.br\/proex\/?page_id=2713"},"modified":"2021-09-22T17:57:41","modified_gmt":"2021-09-22T20:57:41","slug":"redes-interdisciplinares","status":"publish","type":"page","link":"https:\/\/www.ufmg.br\/proex\/redes-interdisciplinares\/","title":{"rendered":"Redes Interdisciplinares"},"content":{"rendered":"<p><span style=\"font-weight: 400;\">As Redes Interdisciplinares da UFMG<\/span> buscam reunir e articular grupos, laborat\u00f3rios e n\u00facleos de extens\u00e3o, ensino e pesquisa em torno de temas emergenciais das sociedades contempor\u00e2neas. De car\u00e1ter interdisciplinar e transdisciplinar, elas prop\u00f5em a constru\u00e7\u00e3o de uma agenda de troca, interlocu\u00e7\u00e3o e coopera\u00e7\u00e3o continuada entre os membros da Rede em di\u00e1logo com outros atores da sociedade (pol\u00edticas p\u00fablicas, movimentos sociais, organiza\u00e7\u00f5es sociais).<\/p>\n<p>Na UFMG, cabe \u00e0 <span style=\"font-weight: 400;\">Universidade dos Direitos Humanos (UDH), diretoria vinculada \u00e0 PROEX, a responsabilidade de fomentar, articular e coordenar as Redes Interdisciplinares atuantes na UFMG: <a href=\"https:\/\/www.ufmg.br\/proex\/a-proex\/rede-de-direitos-humanos\/\" target=\"_blank\" rel=\"noopener\">Rede de Direitos Humanos<\/a>, <a href=\"https:\/\/www.ufmg.br\/proex\/rede-de-saude-mental\/\" target=\"_blank\" rel=\"noopener\">Rede de Sa\u00fade Mental<\/a>, <a href=\"https:\/\/www.ufmg.br\/proex\/rede-cidades-ufmg\/\" target=\"_blank\" rel=\"noopener\">Rede Cidades<\/a>, Rede Cursinhos Populares e Comunit\u00e1rios, <a href=\"https:\/\/www.ufmg.br\/proex\/rede-juventude-ufmg\/\" target=\"_blank\" rel=\"noopener\">Rede Juventude<\/a>, Rede Sa\u00fade &#8211; Educa\u00e7\u00e3o B\u00e1sica e <a href=\"https:\/\/www.ufmg.br\/proex\/programa-participa-ufmg-mariana-rio-doce\/\" target=\"_blank\" rel=\"noopener\">Programa Participa UFMG Mariana-Rio Doce.<\/a><\/span><\/p>\n<p><span style=\"font-weight: 400;\">Dentre os eventos desenvolvidos pelas redes destacamos a Semana de Sa\u00fade Mental e Inclus\u00e3o Social da UFMG, a Jornada de Direitos Humanos da UFMG e o Ciclo de Debates Pr\u00e9-jornada de Direitos Humanos da UFMG.<\/span><\/p>\n<p>&nbsp;<\/p>\n<p>&nbsp;<\/p>\n<p>&nbsp;<\/p>\n<p>&nbsp;<\/p>\n<p>&nbsp;<\/p>\n<p>&nbsp;<\/p>\n<p>&nbsp;<\/p>\n","protected":false},"excerpt":{"rendered":"<p>As Redes Interdisciplinares da UFMG buscam reunir e articular grupos, [&hellip;]<\/p>\n","protected":false},"author":2,"featured_media":0,"parent":0,"menu_order":0,"comment_status":"closed","ping_status":"closed","template":"","meta":[],"tags":[443,23,25,635,631,371,365,633],"_links":{"self":[{"href":"https:\/\/www.ufmg.br\/proex\/wp-json\/wp\/v2\/pages\/2713"}],"collection":[{"href":"https:\/\/www.ufmg.br\/proex\/wp-json\/wp\/v2\/pages"}],"about":[{"href":"https:\/\/www.ufmg.br\/proex\/wp-json\/wp\/v2\/types\/page"}],"author":[{"embeddable":true,"href":"https:\/\/www.ufmg.br\/proex\/wp-json\/wp\/v2\/users\/2"}],"replies":[{"embeddable":true,"href":"https:\/\/www.ufmg.br\/proex\/wp-json\/wp\/v2\/comments?post=2713"}],"version-history":[{"count":10,"href":"https:\/\/www.ufmg.br\/proex\/wp-json\/wp\/v2\/pages\/2713\/revisions"}],"predecessor-version":[{"id":2921,"href":"https:\/\/www.ufmg.br\/proex\/wp-json\/wp\/v2\/pages\/2713\/revisions\/2921"}],"wp:attachment":[{"href":"https:\/\/www.ufmg.br\/proex\/wp-json\/wp\/v2\/media?parent=2713"}],"wp:term":[{"taxonomy":"post_tag","embeddable":true,"href":"https:\/\/www.ufmg.br\/proex\/wp-json\/wp\/v2\/tags?post=2713"}],"curies":[{"name":"wp","href":"https:\/\/api.w.org\/{rel}","templated":true}]}}

<p><span style="font-weight: 400;">As Redes Interdisciplinares da UFMG</span> buscam reunir e articular grupos, laboratórios e núcleos de extensão, ensino e pesquisa em torno de temas emergenciais das sociedades contemporâneas. De caráter interdisciplinar e transdisciplinar, elas propõem a construção de uma agenda de troca, interlocução e cooperação continuada entre os membros da Rede em diálogo com outros atores da sociedade (políticas públicas, movimentos sociais, organizações sociais).</p>
<p>Na UFMG, cabe à <span style="font-weight: 400;">Universidade dos Direitos Humanos (UDH), diretoria vinculada à PROEX, a responsabilidade de fomentar, articular e coordenar as Redes Interdisciplinares atuantes na UFMG: <a href="https://www.ufmg.br/proex/a-proex/rede-de-direitos-humanos/" target="_blank" rel="noopener">Rede de Direitos Humanos</a>, <a href="https://www.ufmg.br/proex/rede-de-saude-mental/" target="_blank" rel="noopener">Rede de Saúde Mental</a>, <a href="https://www.ufmg.br/proex/rede-cidades-ufmg/" target="_blank" rel="noopener">Rede Cidades</a>, Rede Cursinhos Populares e Comunitários, <a href="https://www.ufmg.br/proex/rede-juventude-ufmg/" target="_blank" rel="noopener">Rede Juventude</a>, Rede Saúde &#8211; Educação Básica e <a href="https://www.ufmg.br/proex/programa-participa-ufmg-mariana-rio-doce/" target="_blank" rel="noopener">Programa Participa UFMG Mariana-Rio Doce.</a></span></p>
<p><span style="font-weight: 400;">Dentre os eventos desenvolvidos pelas redes destacamos a Semana de Saúde Mental e Inclusão Social da UFMG, a Jornada de Direitos Humanos da UFMG e o Ciclo de Debates Pré-jornada de Direitos Humanos da UFMG.</span></p>
<p>&nbsp;</p>
<p>&nbsp;</p>
<p>&nbsp;</p>
<p>&nbsp;</p>
<p>&nbsp;</p>
<p>&nbsp;</p>
<p>&nbsp;</p>
