{"id":3225,"date":"2021-10-22T19:25:30","date_gmt":"2021-10-22T22:25:30","guid":{"rendered":"https:\/\/www.ufmg.br\/proex\/?page_id=3225"},"modified":"2025-08-28T16:28:27","modified_gmt":"2025-08-28T19:28:27","slug":"secretaria-geral","status":"publish","type":"page","link":"https:\/\/www.ufmg.br\/proex\/secretaria-geral\/","title":{"rendered":"Secretaria Geral"},"content":{"rendered":"<p><b>Secretaria Administrativa\u00a0<\/b><br \/>\n<b>Equipe:<\/b> Cl\u00e1udia Ribeiro de Oliveira, Fernanda Silva Ferreira e Nath\u00e1lia Abjaudi Ara\u00fajo<br \/>\n<b>Telefones: <\/b>(31) 3409-4074\/4068\u00a0<b><br \/>\nE-mail:<\/b> <a href=\"mailto:secr@proex.ufmg.br\" target=\"_self\" rel=\"noopener\">secr@proex.ufmg.br<\/a><\/p>\n<p><b>Setor de Pessoal<br \/>\nEquipe: <\/b>Nath\u00e1lia Abjaudi Ara\u00fajo<br \/>\n<strong>Telefones:<\/strong> (31) 3409-4074<br \/>\n<strong>E-mail:<\/strong> <a href=\"mailto:secr@proex.ufmg.br\" target=\"_self\" rel=\"noopener\">spessoal@proex.ufmg.br<\/a><b><br \/>\n<\/b><\/p>\n<p><b>Setor de Contabilidade<\/b><br \/>\n<b>Equipe:\u00a0<\/b>Darlan de Castro Alves e Ludmila Teixeira Rodrigues<br \/>\n<b>Telefone: <\/b>(31) 3409-4075\u00a0<b><br \/>\n<\/b><b>E-mail:<\/b> <a href=\"mailto:financ@proex.ufmg.br\" target=\"_self\" rel=\"noopener\">financ@proex.ufmg.br<\/a><\/p>\n<p><strong>Setor de Compras e Patrim\u00f4nio<\/strong><br \/>\n<b>Equipe:<\/b> Cl\u00e1udia Ribeiro de Oliveira<br \/>\n<b>Telefone: <\/b>(31) 3409-4068\u00a0<b><br \/>\n<\/b><b>E-mail:<\/b> <a href=\"mailto:scompras@proex.ufmg.br\" target=\"_blank\" rel=\"noopener\">scompras@proex.ufmg.br<\/a><\/p>\n<p><b>Setor de Patrim\u00f4nio e Compras\u00a0<\/b><br \/>\n<b>Respons\u00e1vel:<\/b> Fernanda Silva Ferreira<br \/>\n<b>Telefone: <\/b>(31) 3409-4595\u00a0<b><br \/>\nE-mail:<\/b> <a href=\"mailto:patrimonio@proex.ufmg.br\" target=\"_blank\" rel=\"noopener\">patrimonio@proex.ufmg.br<\/a><\/p>\n<p>&nbsp;<\/p>\n","protected":false},"excerpt":{"rendered":"<p>Secretaria Administrativa\u00a0 Equipe: Cl\u00e1udia Ribeiro de Oliveira, Fernanda Silva Ferreira [&hellip;]<\/p>\n","protected":false},"author":2,"featured_media":0,"parent":0,"menu_order":0,"comment_status":"closed","ping_status":"closed","template":"","meta":[],"tags":[23,29],"_links":{"self":[{"href":"https:\/\/www.ufmg.br\/proex\/wp-json\/wp\/v2\/pages\/3225"}],"collection":[{"href":"https:\/\/www.ufmg.br\/proex\/wp-json\/wp\/v2\/pages"}],"about":[{"href":"https:\/\/www.ufmg.br\/proex\/wp-json\/wp\/v2\/types\/page"}],"author":[{"embeddable":true,"href":"https:\/\/www.ufmg.br\/proex\/wp-json\/wp\/v2\/users\/2"}],"replies":[{"embeddable":true,"href":"https:\/\/www.ufmg.br\/proex\/wp-json\/wp\/v2\/comments?post=3225"}],"version-history":[{"count":18,"href":"https:\/\/www.ufmg.br\/proex\/wp-json\/wp\/v2\/pages\/3225\/revisions"}],"predecessor-version":[{"id":16354,"href":"https:\/\/www.ufmg.br\/proex\/wp-json\/wp\/v2\/pages\/3225\/revisions\/16354"}],"wp:attachment":[{"href":"https:\/\/www.ufmg.br\/proex\/wp-json\/wp\/v2\/media?parent=3225"}],"wp:term":[{"taxonomy":"post_tag","embeddable":true,"href":"https:\/\/www.ufmg.br\/proex\/wp-json\/wp\/v2\/tags?post=3225"}],"curies":[{"name":"wp","href":"https:\/\/api.w.org\/{rel}","templated":true}]}}