{"id":3533,"date":"2021-11-29T16:17:06","date_gmt":"2021-11-29T19:17:06","guid":{"rendered":"https:\/\/www.ufmg.br\/proex\/?page_id=3533"},"modified":"2021-11-29T19:11:44","modified_gmt":"2021-11-29T22:11:44","slug":"forum-permanente-de-cultura-cientifica-da-ufmg","status":"publish","type":"page","link":"https:\/\/www.ufmg.br\/proex\/forum-permanente-de-cultura-cientifica-da-ufmg\/","title":{"rendered":"F\u00f3rum Permanente de Cultura Cient\u00edfica da UFMG"},"content":{"rendered":"<p>Criado em 2015, o F\u00f3rum Permanente de Cultura Cient\u00edfica \u00e9 espa\u00e7o ampliado de discuss\u00e3o sobre a constru\u00e7\u00e3o de uma cultura cient\u00edfica na contemporaneidade, entendendo que:<\/p>\n<p>O F\u00f3rum realiza semin\u00e1rios seguidos de debates p\u00fablicos, nos quais participam docentes, estudantes, t\u00e9cnico-administrativos, pesquisadores e pessoas da comunidade externa \u00e0 UFMG.<\/p>\n<p><strong>Semin\u00e1rios realizados em 2021<\/strong><\/p>\n<p><a href=\"https:\/\/www.youtube.com\/watch?v=4IezHv_Qs5k\" target=\"_blank\" rel=\"noopener\">Museus, sa\u00fade mental e controv\u00e9rsias cient\u00edficas\u00a0<\/a><\/p>\n<p><a href=\"https:\/\/www.youtube.com\/watch?v=1BeNJtZfmNc\" target=\"_blank\" rel=\"noopener\">Tecnologia Feminista: debates sobre internet, seguran\u00e7a digital e diversidade\u00a0<\/a><\/p>\n<p><a href=\"https:\/\/www.youtube.com\/watch?v=MZ99fDznEaY\" target=\"_blank\" rel=\"noopener\">Trabalho, direitos e desafios das pessoas com defici\u00eancia<\/a><\/p>\n<p>Equipe respons\u00e1vel pelos Semin\u00e1rios de 2021: Ant\u00f4nio Jos\u00e9 Lopes Alves, Bernardo Jefferson de Oliveira, \u00c9rica Renata de Souza, Juliana Tavares, Verona Campos Segantini<\/p>\n<p>&nbsp;<\/p>\n<p>&nbsp;<\/p>\n<p>&nbsp;<\/p>\n<p>&nbsp;<\/p>\n","protected":false},"excerpt":{"rendered":"<p>Criado em 2015, o F\u00f3rum Permanente de Cultura Cient\u00edfica \u00e9 [&hellip;]<\/p>\n","protected":false},"author":2,"featured_media":0,"parent":0,"menu_order":0,"comment_status":"closed","ping_status":"closed","template":"","meta":[],"tags":[675,651,23,25,677,673,29],"_links":{"self":[{"href":"https:\/\/www.ufmg.br\/proex\/wp-json\/wp\/v2\/pages\/3533"}],"collection":[{"href":"https:\/\/www.ufmg.br\/proex\/wp-json\/wp\/v2\/pages"}],"about":[{"href":"https:\/\/www.ufmg.br\/proex\/wp-json\/wp\/v2\/types\/page"}],"author":[{"embeddable":true,"href":"https:\/\/www.ufmg.br\/proex\/wp-json\/wp\/v2\/users\/2"}],"replies":[{"embeddable":true,"href":"https:\/\/www.ufmg.br\/proex\/wp-json\/wp\/v2\/comments?post=3533"}],"version-history":[{"count":12,"href":"https:\/\/www.ufmg.br\/proex\/wp-json\/wp\/v2\/pages\/3533\/revisions"}],"predecessor-version":[{"id":3566,"href":"https:\/\/www.ufmg.br\/proex\/wp-json\/wp\/v2\/pages\/3533\/revisions\/3566"}],"wp:attachment":[{"href":"https:\/\/www.ufmg.br\/proex\/wp-json\/wp\/v2\/media?parent=3533"}],"wp:term":[{"taxonomy":"post_tag","embeddable":true,"href":"https:\/\/www.ufmg.br\/proex\/wp-json\/wp\/v2\/tags?post=3533"}],"curies":[{"name":"wp","href":"https:\/\/api.w.org\/{rel}","templated":true}]}}