{"id":372,"date":"2021-07-29T22:21:07","date_gmt":"2021-07-30T01:21:07","guid":{"rendered":"https:\/\/www.ufmg.br\/proex\/?page_id=372"},"modified":"2026-04-02T12:07:38","modified_gmt":"2026-04-02T15:07:38","slug":"apoio-a-gestao-da-extensao","status":"publish","type":"page","link":"https:\/\/www.ufmg.br\/proex\/diretorias\/apoio-a-gestao-da-extensao\/","title":{"rendered":"Apoio \u00e0 Gest\u00e3o da Extens\u00e3o"},"content":{"rendered":"<p><strong>Diretoria de Apoio \u00e0 Gest\u00e3o da Extens\u00e3o (DAGE)<\/strong><\/p>\n<p>Atribui\u00e7\u00e3o geral:<br \/>\n&#8211; Planejar e executar procedimentos para qualifica\u00e7\u00e3o e articula\u00e7\u00e3o das atividades de extens\u00e3o, de acordo com as pol\u00edticas de extens\u00e3o da UFMG<\/p>\n<p><strong>\u00a0<\/strong>A\u00e7\u00f5es espec\u00edficas:<br \/>\n&#8211; Promover a qualifica\u00e7\u00e3o dos registros das atividades de extens\u00e3o visando fornecer subs\u00eddios para os processos de avalia\u00e7\u00e3o e planejamento da extens\u00e3o na UFMG;<br \/>\n&#8211; Fomentar e realizar atividades de capacita\u00e7\u00e3o em extens\u00e3o;<br \/>\n&#8211; Acompanhar atividades desenvolvidas pelos Centros de Extens\u00e3o (Cenex);<br \/>\n&#8211; Fomentar a articula\u00e7\u00e3o das atividades de extens\u00e3o;<br \/>\n&#8211; Planejar, operacionalizar e registrar os eventos acad\u00eamicos de Extens\u00e3o organizados pela Proex;<br \/>\n&#8211; Colaborar na elabora\u00e7\u00e3o de resolu\u00e7\u00f5es para a extens\u00e3o;<br \/>\n&#8211; Dar suporte administrativo ao Comit\u00ea de Empresas Juniores (COEJ).<\/p>\n<p><b>Diretora:<\/b> Gleide Fernandes de Avelar<br \/>\n<b>Equipe:<\/b> Douglas Naves Coelho e Gabriela Braga Casali<br \/>\n<b>Telefones: <\/b>(31) 3409-4062 (Siex)\/(31) 3409-3215<b><br \/>\nE-mails:\u00a0<\/b><a href=\"mailto:dage@proex.ufmg.br\" target=\"_blank\" rel=\"noopener\">dage@proex.ufmg.br<\/a>\/<a href=\"mailto:siex@proex.ufmg.br\" target=\"_blank\" rel=\"noopener\">siex@proex.ufmg.br<\/a><\/p>\n<p>A DAGE contempla:<br \/>\n&#8211; A coordenadoria de informa\u00e7\u00f5es<br \/>\n&#8211; O Setor de Eventos<\/p>\n<p>A coordenadoria de informa\u00e7\u00f5es tem como atribui\u00e7\u00f5es:<br \/>\n\u2013 promover a qualifica\u00e7\u00e3o dos dados do SIEX em parceria com os CENEX;<br \/>\n\u2013 apurar os registros de atividades de Extens\u00e3o que compor\u00e3o indicadores e relat\u00f3rios relativos \u00e0 Extens\u00e3o;<br \/>\n\u2013 capacitar profissionais dos CENEX para operar o SIEX e auditar os registros das atividades;<br \/>\n\u2013 assessorar profissionais dos CENEX e coordenadores das atividades no uso do SIEX;<br \/>\n\u2013 planejar altera\u00e7\u00f5es de otimiza\u00e7\u00e3o nos sistemas de informa\u00e7\u00e3o acad\u00eamicos e viabilizar encaminhamento ao setor respons\u00e1vel;<br \/>\n\u2013 elaborar relat\u00f3rios.<\/p>\n<p><strong>Coordenador:<\/strong> Douglas Naves Coelho<br \/>\n<strong>Equipe:<\/strong> D\u00e9bora Dam\u00e1zio Santos e Andr\u00e9ia Carolina Borges Santos<br \/>\n<strong>Telefone:<\/strong> (31) 3409-4062<br \/>\n<strong>E-mail:<\/strong> <a href=\"mailto:dage@proex.ufmg.br\">dage@proex.ufmg.br<\/a><\/p>\n<p>O Setor de Eventos tem como atribui\u00e7\u00f5es:<br \/>\n&#8211; planejar, executar e dar suporte aos eventos realizados pela Pr\u00f3-Reitoria de Extens\u00e3o;<br \/>\n&#8211; delinear estrat\u00e9gias para qualificar a experi\u00eancia dos participantes dos eventos em geral;<br \/>\n&#8211; aprimorar o conhecimento t\u00e9cnico acerca das ferramentas que qualifiquem a execu\u00e7\u00e3o dos eventos.<\/p>\n<p><strong>Respons\u00e1veis:<\/strong> Andr\u00e9ia Carolina Borges Santos, Danilo Medeiros de Santana Collado e D\u00e9bora Dam\u00e1zio Santos<br \/>\n<strong>Telefone:<\/strong> (31) 3409-3215<br \/>\n<strong>E-mail:<\/strong> <a href=\"mailto:eventos@proex.ufmg.br\">eventos@proex.ufmg.br<\/a><\/p>\n<p>&nbsp;<\/p>\n<p>&nbsp;<\/p>\n<p>&nbsp;<\/p>\n<p>&nbsp;<\/p>\n<p>&nbsp;<\/p>\n<p>&nbsp;<\/p>\n","protected":false},"excerpt":{"rendered":"<p>Diretoria de Apoio \u00e0 Gest\u00e3o da Extens\u00e3o (DAGE) Atribui\u00e7\u00e3o geral: [&hellip;]<\/p>\n","protected":false},"author":2,"featured_media":0,"parent":367,"menu_order":0,"comment_status":"closed","ping_status":"closed","template":"","meta":[],"tags":[49,51,671,667,89,91,23,25,29,669,4],"_links":{"self":[{"href":"https:\/\/www.ufmg.br\/proex\/wp-json\/wp\/v2\/pages\/372"}],"collection":[{"href":"https:\/\/www.ufmg.br\/proex\/wp-json\/wp\/v2\/pages"}],"about":[{"href":"https:\/\/www.ufmg.br\/proex\/wp-json\/wp\/v2\/types\/page"}],"author":[{"embeddable":true,"href":"https:\/\/www.ufmg.br\/proex\/wp-json\/wp\/v2\/users\/2"}],"replies":[{"embeddable":true,"href":"https:\/\/www.ufmg.br\/proex\/wp-json\/wp\/v2\/comments?post=372"}],"version-history":[{"count":29,"href":"https:\/\/www.ufmg.br\/proex\/wp-json\/wp\/v2\/pages\/372\/revisions"}],"predecessor-version":[{"id":17564,"href":"https:\/\/www.ufmg.br\/proex\/wp-json\/wp\/v2\/pages\/372\/revisions\/17564"}],"up":[{"embeddable":true,"href":"https:\/\/www.ufmg.br\/proex\/wp-json\/wp\/v2\/pages\/367"}],"wp:attachment":[{"href":"https:\/\/www.ufmg.br\/proex\/wp-json\/wp\/v2\/media?parent=372"}],"wp:term":[{"taxonomy":"post_tag","embeddable":true,"href":"https:\/\/www.ufmg.br\/proex\/wp-json\/wp\/v2\/tags?post=372"}],"curies":[{"name":"wp","href":"https:\/\/api.w.org\/{rel}","templated":true}]}}