{"id":392,"date":"2021-07-29T23:16:44","date_gmt":"2021-07-30T02:16:44","guid":{"rendered":"https:\/\/www.ufmg.br\/proex\/?page_id=392"},"modified":"2025-05-16T12:32:50","modified_gmt":"2025-05-16T15:32:50","slug":"assessoria-de-comunicacao","status":"publish","type":"page","link":"https:\/\/www.ufmg.br\/proex\/assessoria-de-comunicacao\/","title":{"rendered":"Assessoria de Comunica\u00e7\u00e3o"},"content":{"rendered":"<p>A Assessoria de Comunica\u00e7\u00e3o \u00e9 respons\u00e1vel por formular e executar estrat\u00e9gias de comunica\u00e7\u00e3o a fim de dar conhecimento e visibilidade \u00e0 extens\u00e3o da UFMG.<\/p>\n<p>As principais atividades desenvolvidas s\u00e3o o gest\u00e3o do website institucional e dos perfis de redes sociais da Pr\u00f3-reitoria de Extens\u00e3o, elabora\u00e7\u00e3o de identidades visuais, pe\u00e7as gr\u00e1ficas, releases, mat\u00e9rias jornal\u00edsticas e conte\u00fado informativo em geral para divulgar a extens\u00e3o para a comunidade universit\u00e1ria e a comunidade externa.<\/p>\n<p>A Assessoria trabalha tamb\u00e9m em parceria com o Centro de Comunica\u00e7\u00e3o (Cedecom\/UFMG), unidades acad\u00eamicas e administrativas, coordenadores de extens\u00e3o, bolsistas, estudantes, servidores docentes e t\u00e9cnico-administrativos. O setor tem ainda uma papel importante para forma\u00e7\u00e3o profissional de alunos da Comunica\u00e7\u00e3o e \u00e1reas afins que atuam como bolsistas no setor. As atividades s\u00e3o coordenadas por um servidor t\u00e9cnico-administrativo de comunica\u00e7\u00e3o e um servidor docente da UFMG.<\/p>\n<p><b>Respons\u00e1vel: <\/b>Carlos Eduardo Souza Maia<br \/>\n<strong>Coordenador acad\u00eamico:<\/strong> Juarez Guimar\u00e3es Dias<br \/>\n<b>Bolsista:<\/b> Luiza Mendes Barros Amaral<br \/>\n<strong>Telefones:<\/strong> (31) 3409-6435<br \/>\n<strong>E-mail:<\/strong>\u00a0<a href=\"mailto:comunica@proex.ufmg.br\" target=\"_self\" rel=\"noopener\">comunica@proex.ufmg.br<\/a><\/p>\n<p>&nbsp;<\/p>\n","protected":false},"excerpt":{"rendered":"<p>A Assessoria de Comunica\u00e7\u00e3o \u00e9 respons\u00e1vel por formular e executar [&hellip;]<\/p>\n","protected":false},"author":2,"featured_media":0,"parent":0,"menu_order":0,"comment_status":"closed","ping_status":"closed","template":"","meta":[],"tags":[83,23,29],"_links":{"self":[{"href":"https:\/\/www.ufmg.br\/proex\/wp-json\/wp\/v2\/pages\/392"}],"collection":[{"href":"https:\/\/www.ufmg.br\/proex\/wp-json\/wp\/v2\/pages"}],"about":[{"href":"https:\/\/www.ufmg.br\/proex\/wp-json\/wp\/v2\/types\/page"}],"author":[{"embeddable":true,"href":"https:\/\/www.ufmg.br\/proex\/wp-json\/wp\/v2\/users\/2"}],"replies":[{"embeddable":true,"href":"https:\/\/www.ufmg.br\/proex\/wp-json\/wp\/v2\/comments?post=392"}],"version-history":[{"count":73,"href":"https:\/\/www.ufmg.br\/proex\/wp-json\/wp\/v2\/pages\/392\/revisions"}],"predecessor-version":[{"id":15406,"href":"https:\/\/www.ufmg.br\/proex\/wp-json\/wp\/v2\/pages\/392\/revisions\/15406"}],"wp:attachment":[{"href":"https:\/\/www.ufmg.br\/proex\/wp-json\/wp\/v2\/media?parent=392"}],"wp:term":[{"taxonomy":"post_tag","embeddable":true,"href":"https:\/\/www.ufmg.br\/proex\/wp-json\/wp\/v2\/tags?post=392"}],"curies":[{"name":"wp","href":"https:\/\/api.w.org\/{rel}","templated":true}]}}