{"id":4045,"date":"2022-01-12T10:59:17","date_gmt":"2022-01-12T13:59:17","guid":{"rendered":"https:\/\/www.ufmg.br\/proex\/?page_id=4045"},"modified":"2025-07-17T15:08:39","modified_gmt":"2025-07-17T18:08:39","slug":"projetopilates","status":"publish","type":"page","link":"https:\/\/www.ufmg.br\/proex\/projetopilates\/","title":{"rendered":"Projeto Pilates UFMG"},"content":{"rendered":"<p>Est\u00e3o abertas, <strong>at\u00e9 o dia 27 de julho de 2025<\/strong>, as inscri\u00e7\u00f5es de candidatos(as) para sele\u00e7\u00e3o de bolsista (uma vaga) e volunt\u00e1rios(as) no projeto <a href=\"https:\/\/www.pilatesufmg.com\/\" target=\"_blank\" rel=\"noopener\">Pilates UFMG.<\/a><\/p>\n<p>Podem se inscrever estudantes de gradua\u00e7\u00e3o de qualquer institui\u00e7\u00e3o de ensino, matriculados em qualquer per\u00edodo dos cursos de Fisioterapia e Educa\u00e7\u00e3o F\u00edsica. A inscri\u00e7\u00e3o deve ser realizada por meio de <a href=\"https:\/\/forms.gle\/MbyiDr1HY81Y2ms3A\" target=\"_blank\" rel=\"noopener\">formul\u00e1rio on-line.<\/a><\/p>\n<p>Os candidatos atuar\u00e3o nas aulas de pilates realizadas em diferentes locais (campus Pampulha, CEU, Hospital IPSEMG, Cidade de Ozanam e on-line) e dever\u00e3o ministrar atividades nos m\u00e9todos Pilates Solo e Aparelhos, conforme treinamento da coordena\u00e7\u00e3o e professores convidados.<\/p>\n<p><strong>Valor da bolsa<\/strong>: 700\/mensal<br \/>\n<strong>Vig\u00eancia<\/strong>: 6 meses (agosto de 2025 a janeiro de 2026, podendo ser prorrogado por igual per\u00edodo)<\/p>\n<p>O projeto Pilates UFMG \u00e9 vinculado \u00e0 Escola de Educa\u00e7\u00e3o F\u00edsica, Fisioterapia e Terapia Ocupacional (EEFFTO) e re\u00fane professores, alunos e colaboradores para oferecer pr\u00e1ticas que combinam m\u00e9todos tradicionais e modernos. O objetivo principal \u00e9 promover o bem-estar f\u00edsico e mental dos participantes.<\/p>\n<p>As informa\u00e7\u00f5es completas dessa oportunidade est\u00e3o no <a href=\"https:\/\/www.ufmg.br\/proex\/wp-content\/uploads\/2025\/07\/Edital_GERAL_2025-2_PILATES.pdf\" target=\"_blank\" rel=\"noopener\">edital geral 2025\/2.<\/a><\/p>\n<p>Siga o projeto no <a href=\"https:\/\/www.instagram.com\/pilates.ufmg\/\" target=\"_blank\" rel=\"noopener\">Instagram.<\/a><\/p>\n","protected":false},"excerpt":{"rendered":"<p>Est\u00e3o abertas, at\u00e9 o dia 27 de julho de 2025, [&hellip;]<\/p>\n","protected":false},"author":2,"featured_media":0,"parent":0,"menu_order":0,"comment_status":"closed","ping_status":"closed","template":"","meta":[],"tags":[191,23,683,29],"_links":{"self":[{"href":"https:\/\/www.ufmg.br\/proex\/wp-json\/wp\/v2\/pages\/4045"}],"collection":[{"href":"https:\/\/www.ufmg.br\/proex\/wp-json\/wp\/v2\/pages"}],"about":[{"href":"https:\/\/www.ufmg.br\/proex\/wp-json\/wp\/v2\/types\/page"}],"author":[{"embeddable":true,"href":"https:\/\/www.ufmg.br\/proex\/wp-json\/wp\/v2\/users\/2"}],"replies":[{"embeddable":true,"href":"https:\/\/www.ufmg.br\/proex\/wp-json\/wp\/v2\/comments?post=4045"}],"version-history":[{"count":19,"href":"https:\/\/www.ufmg.br\/proex\/wp-json\/wp\/v2\/pages\/4045\/revisions"}],"predecessor-version":[{"id":15908,"href":"https:\/\/www.ufmg.br\/proex\/wp-json\/wp\/v2\/pages\/4045\/revisions\/15908"}],"wp:attachment":[{"href":"https:\/\/www.ufmg.br\/proex\/wp-json\/wp\/v2\/media?parent=4045"}],"wp:term":[{"taxonomy":"post_tag","embeddable":true,"href":"https:\/\/www.ufmg.br\/proex\/wp-json\/wp\/v2\/tags?post=4045"}],"curies":[{"name":"wp","href":"https:\/\/api.w.org\/{rel}","templated":true}]}}

<p>Estão abertas, <strong>até o dia 27 de julho de 2025</strong>, as inscrições de candidatos(as) para seleção de bolsista (uma vaga) e voluntários(as) no projeto <a href="https://www.pilatesufmg.com/" target="_blank" rel="noopener">Pilates UFMG.</a></p>
<p>Podem se inscrever estudantes de graduação de qualquer instituição de ensino, matriculados em qualquer período dos cursos de Fisioterapia e Educação Física. A inscrição deve ser realizada por meio de <a href="https://forms.gle/MbyiDr1HY81Y2ms3A" target="_blank" rel="noopener">formulário on-line.</a></p>
<p>Os candidatos atuarão nas aulas de pilates realizadas em diferentes locais (campus Pampulha, CEU, Hospital IPSEMG, Cidade de Ozanam e on-line) e deverão ministrar atividades nos métodos Pilates Solo e Aparelhos, conforme treinamento da coordenação e professores convidados.</p>
<p><strong>Valor da bolsa</strong>: 700/mensal<br />
<strong>Vigência</strong>: 6 meses (agosto de 2025 a janeiro de 2026, podendo ser prorrogado por igual período)</p>
<p>O projeto Pilates UFMG é vinculado à Escola de Educação Física, Fisioterapia e Terapia Ocupacional (EEFFTO) e reúne professores, alunos e colaboradores para oferecer práticas que combinam métodos tradicionais e modernos. O objetivo principal é promover o bem-estar físico e mental dos participantes.</p>
<p>As informações completas dessa oportunidade estão no <a href="https://www.ufmg.br/proex/wp-content/uploads/2025/07/Edital_GERAL_2025-2_PILATES.pdf" target="_blank" rel="noopener">edital geral 2025/2.</a></p>
<p>Siga o projeto no <a href="https://www.instagram.com/pilates.ufmg/" target="_blank" rel="noopener">Instagram.</a></p>

<p>Estão abertas, até o dia 27 de julho de 2025, [&hellip;]</p>
