{"id":410,"date":"2021-07-30T00:16:15","date_gmt":"2021-07-30T03:16:15","guid":{"rendered":"https:\/\/www.ufmg.br\/proex\/?page_id=410"},"modified":"2024-11-25T10:32:44","modified_gmt":"2024-11-25T12:32:44","slug":"memoria-da-extensao","status":"publish","type":"page","link":"https:\/\/www.ufmg.br\/proex\/memoria-da-extensao\/","title":{"rendered":"Mem\u00f3ria da Extens\u00e3o"},"content":{"rendered":"<p>O <a href=\"https:\/\/www.ufmg.br\/cevex\/\" target=\"_blank\" rel=\"noopener\">Centro Virtual de Mem\u00f3ria da Extens\u00e3o da UFMG (CEVEX)<\/a> \u00e9 um espa\u00e7o virtual de registro da Hist\u00f3ria e Mem\u00f3ria da Extens\u00e3o da UFMG.<\/p>\n<p>Seu objetivo \u00e9 identificar, organizar e difundir os aspectos centrais da hist\u00f3ria da extens\u00e3o e fortalecer sua identidade desde as primeiras a\u00e7\u00f5es, constituindo-se um processo consistente e diverso.<\/p>\n<p>O Cevex levanta e organiza, juntamente com a comunidade acad\u00eamica, as produ\u00e7\u00f5es da extens\u00e3o, seus documentos, registros em v\u00eddeo e fotogr\u00e1ficos com foco na pol\u00edtica institucional, programas e projetos, experi\u00eancia e participa\u00e7\u00e3o estudantil e participa\u00e7\u00e3o comunit\u00e1ria.<br \/>\n<b><\/b><\/p>\n<p><b>Coordenadora: <\/b>Verona Campos Segantini<br \/>\n<b>Bolsistas: <\/b>Ana Cristina Torres Amorim, Gabriel Arag\u00e3o, Giovanna Giovanelli Tacconi Gimenez, Pedro de Filippis e Rita Boechat<b><br \/>\n<\/b><b>E-mail: <\/b><a href=\"mailto:cevex@proex.ufmg.br\" target=\"_blank\" rel=\"noopener\">cevex@proex.ufmg.br<\/a><\/p>\n<p>&nbsp;<\/p>\n<p>&nbsp;<\/p>\n<p>&nbsp;<\/p>\n<p>&nbsp;<\/p>\n<p>&nbsp;<\/p>\n<p>&nbsp;<\/p>\n<p>&nbsp;<\/p>\n<p>&nbsp;<\/p>\n","protected":false},"excerpt":{"rendered":"<p>O Centro Virtual de Mem\u00f3ria da Extens\u00e3o da UFMG (CEVEX) [&hellip;]<\/p>\n","protected":false},"author":2,"featured_media":0,"parent":0,"menu_order":0,"comment_status":"closed","ping_status":"closed","template":"","meta":[],"tags":[49,51,107,105,23,25,29,4],"_links":{"self":[{"href":"https:\/\/www.ufmg.br\/proex\/wp-json\/wp\/v2\/pages\/410"}],"collection":[{"href":"https:\/\/www.ufmg.br\/proex\/wp-json\/wp\/v2\/pages"}],"about":[{"href":"https:\/\/www.ufmg.br\/proex\/wp-json\/wp\/v2\/types\/page"}],"author":[{"embeddable":true,"href":"https:\/\/www.ufmg.br\/proex\/wp-json\/wp\/v2\/users\/2"}],"replies":[{"embeddable":true,"href":"https:\/\/www.ufmg.br\/proex\/wp-json\/wp\/v2\/comments?post=410"}],"version-history":[{"count":27,"href":"https:\/\/www.ufmg.br\/proex\/wp-json\/wp\/v2\/pages\/410\/revisions"}],"predecessor-version":[{"id":14064,"href":"https:\/\/www.ufmg.br\/proex\/wp-json\/wp\/v2\/pages\/410\/revisions\/14064"}],"wp:attachment":[{"href":"https:\/\/www.ufmg.br\/proex\/wp-json\/wp\/v2\/media?parent=410"}],"wp:term":[{"taxonomy":"post_tag","embeddable":true,"href":"https:\/\/www.ufmg.br\/proex\/wp-json\/wp\/v2\/tags?post=410"}],"curies":[{"name":"wp","href":"https:\/\/api.w.org\/{rel}","templated":true}]}}