{"id":4257,"date":"2022-02-08T19:09:21","date_gmt":"2022-02-08T22:09:21","guid":{"rendered":"https:\/\/www.ufmg.br\/proex\/?page_id=4257"},"modified":"2026-02-10T13:45:12","modified_gmt":"2026-02-10T16:45:12","slug":"centrocultural","status":"publish","type":"page","link":"https:\/\/www.ufmg.br\/proex\/centrocultural\/","title":{"rendered":"Centro Cultural UFMG"},"content":{"rendered":"<p>O Centro Cultural UFMG est\u00e1 com inscri\u00e7\u00f5es abertas para seis vagas de bolsas de extens\u00e3o na modalidade PBEXT (3 vagas) e na modalidade PBEXT A\u00e7\u00e3o Afirmativa (3 vagas).<\/p>\n<p>Podem se inscrever estudantes da UFMG dos cursos de gradua\u00e7\u00e3o (a partir do 3\u00ba per\u00edodo) em:<\/p>\n<ul>\n<li>Design Gr\u00e1fico;<\/li>\n<li>Artes Visuais;<\/li>\n<li>Cinema de Anima\u00e7\u00e3o e Artes Digitais;<\/li>\n<li>Publicidade e Propaganda;<\/li>\n<li>Hist\u00f3ria;<\/li>\n<li>Museologia;<\/li>\n<li>Biblioteconomia; ou<\/li>\n<li>Conserva\u00e7\u00e3o-Restaura\u00e7\u00e3o de Bens Culturais M\u00f3veis.<\/li>\n<\/ul>\n<p>Os(as) candidatos (as) selecionados v\u00e3o atuar como bolsista no programa \u201cVisualidade e Mem\u00f3ria\u201d do Centro Cultural UFMG, por per\u00edodo de 12 meses.<\/p>\n<p><strong>Valor da bolsa<\/strong>: R$700\/mensal<\/p>\n<p><strong>Inscri\u00e7\u00f5es<br \/>\n<\/strong>Os(as) interessados(as) devem se inscrever <strong>at\u00e9 8 de mar\u00e7o de 2026<\/strong>, por meio do e-mail <a href=\"mailto:dir@centrocultural.ufmg.br\">dir@centrocultural.ufmg.br.<\/a><\/p>\n<p>O(a) estudante deve enviar:<\/p>\n<ul>\n<li>Curr\u00edculo Lattes completo (com dados pessoais, telefones de contatos e e-mails utilizados);<\/li>\n<li>Carta de inten\u00e7\u00e3o para a \u00e1rea que pretende atuar;<\/li>\n<li>Portf\u00f3lio para os candidatos interessados nas \u00e1reas de cria\u00e7\u00e3o gr\u00e1fica;<\/li>\n<li>Hist\u00f3rico Escolar;<\/li>\n<li>Comprovante de matr\u00edcula;<\/li>\n<li>Comprovante de assist\u00eancia FUMP (para o caso espec\u00edfico de bolsa PBEXT A\u00e7\u00e3o Afirmativa).<\/li>\n<\/ul>\n<p>A bolsa na modalidade PBEXT \u00e9 oferecida a graduandos em geral.<\/p>\n<p>A bolsa na modalidade PBEXT A\u00e7\u00e3o Afirmativa \u00e9 aberta exclusivamente a graduandos classificados socioeconomicamente nos n\u00edveis I, II e III da Funda\u00e7\u00e3o Universit\u00e1ria Mendes<br \/>\nPimentel (Fump) ou que ingressaram na UFMG pelo sistema de cotas.<\/p>\n<p>As informa\u00e7\u00f5es completas est\u00e3o no <a href=\"https:\/\/www.ufmg.br\/proex\/wp-content\/uploads\/2026\/02\/SEI_4939188_Edital_243.pdf\" target=\"_blank\" rel=\"noopener\">edital 243\/2026.<\/a><\/p>\n<p>&nbsp;<\/p>\n<p>&nbsp;<\/p>\n","protected":false},"excerpt":{"rendered":"<p>O Centro Cultural UFMG est\u00e1 com inscri\u00e7\u00f5es abertas para seis [&hellip;]<\/p>\n","protected":false},"author":2,"featured_media":0,"parent":0,"menu_order":0,"comment_status":"closed","ping_status":"closed","template":"","meta":[],"tags":[191,23,29],"_links":{"self":[{"href":"https:\/\/www.ufmg.br\/proex\/wp-json\/wp\/v2\/pages\/4257"}],"collection":[{"href":"https:\/\/www.ufmg.br\/proex\/wp-json\/wp\/v2\/pages"}],"about":[{"href":"https:\/\/www.ufmg.br\/proex\/wp-json\/wp\/v2\/types\/page"}],"author":[{"embeddable":true,"href":"https:\/\/www.ufmg.br\/proex\/wp-json\/wp\/v2\/users\/2"}],"replies":[{"embeddable":true,"href":"https:\/\/www.ufmg.br\/proex\/wp-json\/wp\/v2\/comments?post=4257"}],"version-history":[{"count":23,"href":"https:\/\/www.ufmg.br\/proex\/wp-json\/wp\/v2\/pages\/4257\/revisions"}],"predecessor-version":[{"id":17033,"href":"https:\/\/www.ufmg.br\/proex\/wp-json\/wp\/v2\/pages\/4257\/revisions\/17033"}],"wp:attachment":[{"href":"https:\/\/www.ufmg.br\/proex\/wp-json\/wp\/v2\/media?parent=4257"}],"wp:term":[{"taxonomy":"post_tag","embeddable":true,"href":"https:\/\/www.ufmg.br\/proex\/wp-json\/wp\/v2\/tags?post=4257"}],"curies":[{"name":"wp","href":"https:\/\/api.w.org\/{rel}","templated":true}]}}

<p>O Centro Cultural UFMG está com inscrições abertas para seis vagas de bolsas de extensão na modalidade PBEXT (3 vagas) e na modalidade PBEXT Ação Afirmativa (3 vagas).</p>
<p>Podem se inscrever estudantes da UFMG dos cursos de graduação (a partir do 3º período) em:</p>
<ul>
<li>Design Gráfico;</li>
<li>Artes Visuais;</li>
<li>Cinema de Animação e Artes Digitais;</li>
<li>Publicidade e Propaganda;</li>
<li>História;</li>
<li>Museologia;</li>
<li>Biblioteconomia; ou</li>
<li>Conservação-Restauração de Bens Culturais Móveis.</li>
</ul>
<p>Os(as) candidatos (as) selecionados vão atuar como bolsista no programa “Visualidade e Memória” do Centro Cultural UFMG, por período de 12 meses.</p>
<p><strong>Valor da bolsa</strong>: R$700/mensal</p>
<p><strong>Inscrições<br />
</strong>Os(as) interessados(as) devem se inscrever <strong>até 8 de março de 2026</strong>, por meio do e-mail <a href="mailto:dir@centrocultural.ufmg.br">dir@centrocultural.ufmg.br.</a></p>
<p>O(a) estudante deve enviar:</p>
<ul>
<li>Currículo Lattes completo (com dados pessoais, telefones de contatos e e-mails utilizados);</li>
<li>Carta de intenção para a área que pretende atuar;</li>
<li>Portfólio para os candidatos interessados nas áreas de criação gráfica;</li>
<li>Histórico Escolar;</li>
<li>Comprovante de matrícula;</li>
<li>Comprovante de assistência FUMP (para o caso específico de bolsa PBEXT Ação Afirmativa).</li>
</ul>
<p>A bolsa na modalidade PBEXT é oferecida a graduandos em geral.</p>
<p>A bolsa na modalidade PBEXT Ação Afirmativa é aberta exclusivamente a graduandos classificados socioeconomicamente nos níveis I, II e III da Fundação Universitária Mendes<br />
Pimentel (Fump) ou que ingressaram na UFMG pelo sistema de cotas.</p>
<p>As informações completas estão no <a href="https://www.ufmg.br/proex/wp-content/uploads/2026/02/SEI_4939188_Edital_243.pdf" target="_blank" rel="noopener">edital 243/2026.</a></p>
<p>&nbsp;</p>
<p>&nbsp;</p>

<p>O Centro Cultural UFMG está com inscrições abertas para seis [&hellip;]</p>
