{"id":4518,"date":"2022-03-09T09:52:41","date_gmt":"2022-03-09T12:52:41","guid":{"rendered":"https:\/\/www.ufmg.br\/proex\/?page_id=4518"},"modified":"2022-03-09T09:59:27","modified_gmt":"2022-03-09T12:59:27","slug":"midias-quilombolas-dac-ufmg","status":"publish","type":"page","link":"https:\/\/www.ufmg.br\/proex\/midias-quilombolas-dac-ufmg\/","title":{"rendered":"M\u00eddias Quilombolas (DAC\/UFMG)"},"content":{"rendered":"<p>A Diretoria de A\u00e7\u00e3o Cultura da UFMG divulgou a <a href=\"https:\/\/www.ufmg.br\/proex\/wp-content\/uploads\/2022\/03\/CHAMADA-DE-SELECAO-DAC-UFMG-No-0012022-1.pdf\" target=\"_blank\" rel=\"noopener\">Chamada de Sele\u00e7\u00e3o 001\/2022<\/a> para preenchimento de quatro vagas de bolsas de extens\u00e3o no projeto <em>Comunica\u00e7\u00e3o e Juventude Quilombola no Vale do Jequitinhonha: identidade, mem\u00f3ria e autonomia<\/em>, vinculado ao Programa Polo de Integra\u00e7\u00e3o da UFMG no Vale do Jequitinhonha.<\/p>\n<p>As vagas s\u00e3o dispon\u00edveis para estudantes dos cursos de Comunica\u00e7\u00e3o Social, Antropologia, Ci\u00eancias Sociais, Letras, Ci\u00eancias Socioambientais, Artes Visuais, Geografia, Hist\u00f3ria e Pedagogia.<\/p>\n<p>As inscri\u00e7\u00f5es podem ser realizadas de 04 a 27 de mar\u00e7o de 2022.<\/p>\n<p>O candidato dever\u00e1 enviar os seguintes documentos para o e-mail <a href=\"mailto:midiasquilombolas@gmail.com\" target=\"_blank\" rel=\"noopener\">midiasquilombolas@gmail.com<\/a>:<br \/>\n&#8211; Comprovante de matr\u00edcula (2022-1\u00ba semestre)<br \/>\n&#8211; Curr\u00edculo Vitae ( MODELO LATTES),<br \/>\n&#8211; Hist\u00f3rico Escolar (dispon\u00edvel na internet)<br \/>\n&#8211; Carta de Inten\u00e7\u00f5es (apenas UMA LAUDA) explicitando o interesse em participar do Projeto.<\/p>\n<p>As demais informa\u00e7\u00f5es e instru\u00e7\u00f5es est\u00e3o dispon\u00edveis na chamada.<\/p>\n<p>&nbsp;<\/p>\n<p>&nbsp;<\/p>\n<p>&nbsp;<\/p>\n","protected":false},"excerpt":{"rendered":"<p>A Diretoria de A\u00e7\u00e3o Cultura da UFMG divulgou a Chamada [&hellip;]<\/p>\n","protected":false},"author":2,"featured_media":0,"parent":0,"menu_order":0,"comment_status":"closed","ping_status":"closed","template":"","meta":[],"tags":[719,721,243],"_links":{"self":[{"href":"https:\/\/www.ufmg.br\/proex\/wp-json\/wp\/v2\/pages\/4518"}],"collection":[{"href":"https:\/\/www.ufmg.br\/proex\/wp-json\/wp\/v2\/pages"}],"about":[{"href":"https:\/\/www.ufmg.br\/proex\/wp-json\/wp\/v2\/types\/page"}],"author":[{"embeddable":true,"href":"https:\/\/www.ufmg.br\/proex\/wp-json\/wp\/v2\/users\/2"}],"replies":[{"embeddable":true,"href":"https:\/\/www.ufmg.br\/proex\/wp-json\/wp\/v2\/comments?post=4518"}],"version-history":[{"count":6,"href":"https:\/\/www.ufmg.br\/proex\/wp-json\/wp\/v2\/pages\/4518\/revisions"}],"predecessor-version":[{"id":4526,"href":"https:\/\/www.ufmg.br\/proex\/wp-json\/wp\/v2\/pages\/4518\/revisions\/4526"}],"wp:attachment":[{"href":"https:\/\/www.ufmg.br\/proex\/wp-json\/wp\/v2\/media?parent=4518"}],"wp:term":[{"taxonomy":"post_tag","embeddable":true,"href":"https:\/\/www.ufmg.br\/proex\/wp-json\/wp\/v2\/tags?post=4518"}],"curies":[{"name":"wp","href":"https:\/\/api.w.org\/{rel}","templated":true}]}}