{"id":4560,"date":"2022-03-11T11:06:47","date_gmt":"2022-03-11T14:06:47","guid":{"rendered":"https:\/\/www.ufmg.br\/proex\/?page_id=4560"},"modified":"2024-09-17T13:56:28","modified_gmt":"2024-09-17T16:56:28","slug":"sentidos-do-nascer","status":"publish","type":"page","link":"https:\/\/www.ufmg.br\/proex\/sentidos-do-nascer\/","title":{"rendered":"Projeto Sentidos do Nascer"},"content":{"rendered":"<p>O projeto de extens\u00e3o Sentidos do Nascer est\u00e1 com edital de sele\u00e7\u00e3o aberto para preencher duas vagas de bolsas: uma na modalidade PBEXT A\u00e7\u00e3o Afirmativa destinada a estudantes de gradua\u00e7\u00e3o e outra voltada para estudantes da p\u00f3s-gradua\u00e7\u00e3o.<\/p>\n<p>Os discentes dever\u00e3o estar regularmente matriculados (as) em curso da UFMG.<\/p>\n<p>As inscri\u00e7\u00f5es v\u00e3o <strong>at\u00e9 18\/09\/2024<\/strong>\u00a0por meio de <a href=\"https:\/\/forms.gle\/WVhSPAYpNoK7HqiNA\" target=\"_blank\" rel=\"noopener\">formul\u00e1rio eletr\u00f4nico.<\/a><\/p>\n<p>No ato de inscri\u00e7\u00e3o, os (as) interessados (as) dever\u00e3o enviar os seguintes documentos:<\/p>\n<ul>\n<li>N\u00famero da Carteira de Identidade, CPF e Certid\u00e3o Social (se houver)<\/li>\n<li>Informar matr\u00edcula UFMG, telefone, e-mail e forma preferida de contato para agendamento de entrevista (se classificado entre os 10 primeiros colocados)<\/li>\n<li>Hist\u00f3rico Escolar em PDF<\/li>\n<li>Curriculum Vitae em PDF<\/li>\n<li>Comprovante de classifica\u00e7\u00e3o socioecon\u00f4mica no n\u00edvel I, II ou III pela Funda\u00e7\u00e3o Universit\u00e1ria Mendes Pimentel (FUMP) e\/ou de ingresso pelo sistema de cotas; estudantes de p\u00f3s-gradua\u00e7\u00e3o: declara\u00e7\u00e3o de anu\u00eancia do(a) orientador(a) acerca da participa\u00e7\u00e3o na proposta e, se for o caso, comprovante de ingresso na p\u00f3s-gradua\u00e7\u00e3o por meio das vagas reservadas para a\u00e7\u00f5es afirmativas<\/li>\n<li>Carta de Apresenta\u00e7\u00e3o descrevendo o interesse do(a) aluno(a) pelo projeto<\/li>\n<\/ul>\n<p>As informa\u00e7\u00f5es completas est\u00e3o no <a href=\"https:\/\/www.ufmg.br\/proex\/wp-content\/uploads\/2024\/09\/EDITAL-No-1877-2024-Selecao-bolsista-extensao-Profa.-Raquel.pdf\" target=\"_blank\" rel=\"noopener\">edital de sele\u00e7\u00e3o.<\/a><\/p>\n<p><strong>Valoriza\u00e7\u00e3o do parto normal\u00a0<\/strong><\/p>\n<p>O projeto busca contribuir para a mudan\u00e7a da percep\u00e7\u00e3o e cultura sobre o parto e nascimento, com forma\u00e7\u00e3o e mobiliza\u00e7\u00e3o social amparadas nos direitos da mulher e da crian\u00e7a e em boas pr\u00e1ticas destinadas ao cuidado e \u00e0 conscientiza\u00e7\u00e3o sobre a cesariana desnecess\u00e1ria e a prematuridade iatrog\u00eanica (situa\u00e7\u00e3o em que o parto ocorre sem que o beb\u00ea esteja suficientemente maduro).<\/p>\n<p>A iniciativa foi idealizada pela pediatra e epidemiologista do Movimento BH Pelo Parto Normal e do SUS-BH, S\u00f4nia Lansky, e pelo professor da Faculdade de Educa\u00e7\u00e3o da UFMG e historiador da ci\u00eancia Bernardo Jefferson de Oliveira, por meio de parceria entre a UFMG e a Prefeitura de Belo Horizonte.<\/p>\n<p>O projeto \u00e9 vinculado \u00e0 Faculdade de Ci\u00eancias Econ\u00f4micas (Face\/UFMG). Siga os Sentidos do Nascer nas <a href=\"https:\/\/www.instagram.com\/sentidosdonascer\/\" target=\"_blank\" rel=\"noopener\">redes sociais.<\/a><\/p>\n<p>&nbsp;<\/p>\n","protected":false},"excerpt":{"rendered":"<p>O projeto de extens\u00e3o Sentidos do Nascer est\u00e1 com edital [&hellip;]<\/p>\n","protected":false},"author":2,"featured_media":0,"parent":0,"menu_order":0,"comment_status":"closed","ping_status":"closed","template":"","meta":[],"tags":[191,23,25,29],"_links":{"self":[{"href":"https:\/\/www.ufmg.br\/proex\/wp-json\/wp\/v2\/pages\/4560"}],"collection":[{"href":"https:\/\/www.ufmg.br\/proex\/wp-json\/wp\/v2\/pages"}],"about":[{"href":"https:\/\/www.ufmg.br\/proex\/wp-json\/wp\/v2\/types\/page"}],"author":[{"embeddable":true,"href":"https:\/\/www.ufmg.br\/proex\/wp-json\/wp\/v2\/users\/2"}],"replies":[{"embeddable":true,"href":"https:\/\/www.ufmg.br\/proex\/wp-json\/wp\/v2\/comments?post=4560"}],"version-history":[{"count":23,"href":"https:\/\/www.ufmg.br\/proex\/wp-json\/wp\/v2\/pages\/4560\/revisions"}],"predecessor-version":[{"id":13670,"href":"https:\/\/www.ufmg.br\/proex\/wp-json\/wp\/v2\/pages\/4560\/revisions\/13670"}],"wp:attachment":[{"href":"https:\/\/www.ufmg.br\/proex\/wp-json\/wp\/v2\/media?parent=4560"}],"wp:term":[{"taxonomy":"post_tag","embeddable":true,"href":"https:\/\/www.ufmg.br\/proex\/wp-json\/wp\/v2\/tags?post=4560"}],"curies":[{"name":"wp","href":"https:\/\/api.w.org\/{rel}","templated":true}]}}