{"id":4634,"date":"2026-02-23T15:04:19","date_gmt":"2026-02-23T18:04:19","guid":{"rendered":"https:\/\/www.ufmg.br\/proex\/?page_id=4634"},"modified":"2026-09-02T13:02:40","modified_gmt":"2026-09-02T16:02:40","slug":"procultcomunicacao","status":"publish","type":"page","link":"https:\/\/www.ufmg.br\/proex\/procultcomunicacao\/","title":{"rendered":"Pr\u00f3-reitoria de Cultura (Procult)"},"content":{"rendered":"<p>A Pr\u00f3-reitoria de Cultura (Procult) da UFMG est\u00e1 com inscri\u00e7\u00f5es abertas para preenchimento de 1 (uma) vaga de bolsa na modalidade Pbext Afirmativa.<\/p>\n<p>A oportunidade \u00e9 exclusiva para a \u00e1rea de cria\u00e7\u00e3o gr\u00e1fica.<\/p>\n<p>\u00c9 aberta as estudantes, a partir do 5\u00ba per\u00edodo, dos cursos de Artes Visuais, Comunica\u00e7\u00e3o Social, Design, Cinema de Anima\u00e7\u00e3o e Artes Digitais, ou outro curso das \u00e1reas de Artes e Comunica\u00e7\u00e3o, com habilidade para cria\u00e7\u00e3o gr\u00e1fica e dom\u00ednio dos programas do pacote Adobe.<\/p>\n<p><strong>Valor da bolsa: <\/strong>R$700,00 mensais<\/p>\n<p><strong>Pr\u00e9-requisitos:<\/strong> Estar regularmente matriculado(a) em curso de gradua\u00e7\u00e3o da UFMG e ser assistido(a) pela FUMP nos n\u00edveis I, II ou III e\/ou ter ingressado na UFMG pelo sistema de b\u00f4nus ou cotas.<\/p>\n<p><strong>Como se inscrever<\/strong><br \/>\nAt\u00e9 10 de setembro de 2026, mediante envio, para o e-mail <a href=\"mailto:comunicacao@procult.ufmg.br\" target=\"_blank\" rel=\"noopener\">comunicacao@procult.ufmg.br<\/a>, dos seguintes documentos:<br \/>\n&#8211; Curriculum vitae (em que conste telefone e e-mail de contato);<br \/>\n&#8211; Comprovante de matr\u00edcula (2026\/2);<br \/>\n&#8211; Portf\u00f3lio (se houver);<br \/>\n&#8211; Comprovante de classifica\u00e7\u00e3o socioecon\u00f4mica no n\u00edvel I, II ou III emitido pela Funda\u00e7\u00e3o Universit\u00e1ria Mendes Pimentel (FUMP) ou documento que comprove o ingresso na UFMG pelo sistema de b\u00f4nus ou cotas.<\/p>\n<p>As informa\u00e7\u00f5es completas est\u00e3o na <a href=\"https:\/\/www.ufmg.br\/procult\/wp-content\/uploads\/2026\/08\/CHAMADA-DE-SELECAO-PROCULT-No-005-2026.pdf\">chamada de sele\u00e7\u00e3o Procult 005\/2026.<\/a><\/p>\n<p>&nbsp;<\/p>\n<p>&nbsp;<\/p>\n","protected":false},"excerpt":{"rendered":"<p>A Pr\u00f3-reitoria de Cultura (Procult) da UFMG est\u00e1 com inscri\u00e7\u00f5es [&hellip;]<\/p>\n","protected":false},"author":2,"featured_media":0,"parent":0,"menu_order":0,"comment_status":"closed","ping_status":"closed","template":"","meta":[],"tags":[23,109],"_links":{"self":[{"href":"https:\/\/www.ufmg.br\/proex\/wp-json\/wp\/v2\/pages\/4634"}],"collection":[{"href":"https:\/\/www.ufmg.br\/proex\/wp-json\/wp\/v2\/pages"}],"about":[{"href":"https:\/\/www.ufmg.br\/proex\/wp-json\/wp\/v2\/types\/page"}],"author":[{"embeddable":true,"href":"https:\/\/www.ufmg.br\/proex\/wp-json\/wp\/v2\/users\/2"}],"replies":[{"embeddable":true,"href":"https:\/\/www.ufmg.br\/proex\/wp-json\/wp\/v2\/comments?post=4634"}],"version-history":[{"count":33,"href":"https:\/\/www.ufmg.br\/proex\/wp-json\/wp\/v2\/pages\/4634\/revisions"}],"predecessor-version":[{"id":18425,"href":"https:\/\/www.ufmg.br\/proex\/wp-json\/wp\/v2\/pages\/4634\/revisions\/18425"}],"wp:attachment":[{"href":"https:\/\/www.ufmg.br\/proex\/wp-json\/wp\/v2\/media?parent=4634"}],"wp:term":[{"taxonomy":"post_tag","embeddable":true,"href":"https:\/\/www.ufmg.br\/proex\/wp-json\/wp\/v2\/tags?post=4634"}],"curies":[{"name":"wp","href":"https:\/\/api.w.org\/{rel}","templated":true}]}}

Pró-reitoria de Cultura (Procult)

<p>A Pró-reitoria de Cultura (Procult) da UFMG está com inscrições abertas para preenchimento de 1 (uma) vaga de bolsa na modalidade Pbext Afirmativa.</p>
<p>A oportunidade é exclusiva para a área de criação gráfica.</p>
<p>É aberta as estudantes, a partir do 5º período, dos cursos de Artes Visuais, Comunicação Social, Design, Cinema de Animação e Artes Digitais, ou outro curso das áreas de Artes e Comunicação, com habilidade para criação gráfica e domínio dos programas do pacote Adobe.</p>
<p><strong>Valor da bolsa: </strong>R$700,00 mensais</p>
<p><strong>Pré-requisitos:</strong> Estar regularmente matriculado(a) em curso de graduação da UFMG e ser assistido(a) pela FUMP nos níveis I, II ou III e/ou ter ingressado na UFMG pelo sistema de bônus ou cotas.</p>
<p><strong>Como se inscrever</strong><br />
Até 10 de setembro de 2026, mediante envio, para o e-mail <a href="mailto:comunicacao@procult.ufmg.br" target="_blank" rel="noopener">comunicacao@procult.ufmg.br</a>, dos seguintes documentos:<br />
&#8211; Curriculum vitae (em que conste telefone e e-mail de contato);<br />
&#8211; Comprovante de matrícula (2026/2);<br />
&#8211; Portfólio (se houver);<br />
&#8211; Comprovante de classificação socioeconômica no nível I, II ou III emitido pela Fundação Universitária Mendes Pimentel (FUMP) ou documento que comprove o ingresso na UFMG pelo sistema de bônus ou cotas.</p>
<p>As informações completas estão na <a href="https://www.ufmg.br/procult/wp-content/uploads/2026/08/CHAMADA-DE-SELECAO-PROCULT-No-005-2026.pdf">chamada de seleção Procult 005/2026.</a></p>
<p>&nbsp;</p>
<p>&nbsp;</p>

<p>A Pró-reitoria de Cultura (Procult) da UFMG está com inscrições [&hellip;]</p>
