{"id":4669,"date":"2022-04-01T16:33:41","date_gmt":"2022-04-01T19:33:41","guid":{"rendered":"https:\/\/www.ufmg.br\/proex\/?page_id=4669"},"modified":"2022-04-01T16:51:32","modified_gmt":"2022-04-01T19:51:32","slug":"acervo-artistico-ufmg","status":"publish","type":"page","link":"https:\/\/www.ufmg.br\/proex\/acervo-artistico-ufmg\/","title":{"rendered":"Acervo Art\u00edstico UFMG"},"content":{"rendered":"<p>Inscreva-se de 1\u00ba a 10 de abril em oportunidade de bolsa de extens\u00e3o no Programa Cultura UFMG para atuar junto ao Acervo Art\u00edstico DAC\/UFMG.<\/p>\n<p>De acordo com a <a href=\"https:\/\/www.ufmg.br\/proex\/wp-content\/uploads\/2022\/04\/Chamada-de-Selec\u0327a\u0303o-DAC-003.2022-Acervo-Artistico-UFMG.pdf\" target=\"_blank\" rel=\"noopener\">Chamada de Sele\u00e7\u00e3o 003\/2022<\/a>, \u00e9 disponibilizada 1 vaga (na modalidade PBEXT) voltada a estudantes de gradua\u00e7\u00e3o que estejam cursando a partir do 4\u00ba per\u00edodo de um dos seguintes cursos: Museologia, Conserva\u00e7\u00e3o e Restaura\u00e7\u00e3o de Bens Culturais M\u00f3veis, Arquivologia ou Biblioteconomia.<\/p>\n<p>A inscri\u00e7\u00e3o dever\u00e1 ser efetuada mediante envio para o e-mail <a href=\"mailto:acervoartistico.dac@gmail.com\" target=\"_blank\" rel=\"noopener\">acervoartistico.dac@gmail.com<\/a>\u00a0dos seguintes documentos:<br \/>\n&#8211; Curriculum vitae (em que conste telefone e e-mail de contato)<br \/>\n&#8211; Comprovante de matr\u00edcula (2022\/1).<\/p>\n<p>A sele\u00e7\u00e3o constar\u00e1 de an\u00e1lise de curr\u00edculo e entrevista.<\/p>\n","protected":false},"excerpt":{"rendered":"<p>Inscreva-se de 1\u00ba a 10 de abril em oportunidade de [&hellip;]<\/p>\n","protected":false},"author":2,"featured_media":0,"parent":0,"menu_order":0,"comment_status":"closed","ping_status":"closed","template":"","meta":[],"tags":[],"_links":{"self":[{"href":"https:\/\/www.ufmg.br\/proex\/wp-json\/wp\/v2\/pages\/4669"}],"collection":[{"href":"https:\/\/www.ufmg.br\/proex\/wp-json\/wp\/v2\/pages"}],"about":[{"href":"https:\/\/www.ufmg.br\/proex\/wp-json\/wp\/v2\/types\/page"}],"author":[{"embeddable":true,"href":"https:\/\/www.ufmg.br\/proex\/wp-json\/wp\/v2\/users\/2"}],"replies":[{"embeddable":true,"href":"https:\/\/www.ufmg.br\/proex\/wp-json\/wp\/v2\/comments?post=4669"}],"version-history":[{"count":2,"href":"https:\/\/www.ufmg.br\/proex\/wp-json\/wp\/v2\/pages\/4669\/revisions"}],"predecessor-version":[{"id":4672,"href":"https:\/\/www.ufmg.br\/proex\/wp-json\/wp\/v2\/pages\/4669\/revisions\/4672"}],"wp:attachment":[{"href":"https:\/\/www.ufmg.br\/proex\/wp-json\/wp\/v2\/media?parent=4669"}],"wp:term":[{"taxonomy":"post_tag","embeddable":true,"href":"https:\/\/www.ufmg.br\/proex\/wp-json\/wp\/v2\/tags?post=4669"}],"curies":[{"name":"wp","href":"https:\/\/api.w.org\/{rel}","templated":true}]}}

Acervo Artístico UFMG

<p>Inscreva-se de 1º a 10 de abril em oportunidade de bolsa de extensão no Programa Cultura UFMG para atuar junto ao Acervo Artístico DAC/UFMG.</p>
<p>De acordo com a <a href="https://www.ufmg.br/proex/wp-content/uploads/2022/04/Chamada-de-Seleção-DAC-003.2022-Acervo-Artistico-UFMG.pdf" target="_blank" rel="noopener">Chamada de Seleção 003/2022</a>, é disponibilizada 1 vaga (na modalidade PBEXT) voltada a estudantes de graduação que estejam cursando a partir do 4º período de um dos seguintes cursos: Museologia, Conservação e Restauração de Bens Culturais Móveis, Arquivologia ou Biblioteconomia.</p>
<p>A inscrição deverá ser efetuada mediante envio para o e-mail <a href="mailto:acervoartistico.dac@gmail.com" target="_blank" rel="noopener">acervoartistico.dac@gmail.com</a> dos seguintes documentos:<br />
&#8211; Curriculum vitae (em que conste telefone e e-mail de contato)<br />
&#8211; Comprovante de matrícula (2022/1).</p>
<p>A seleção constará de análise de currículo e entrevista.</p>

<p>Inscreva-se de 1º a 10 de abril em oportunidade de [&hellip;]</p>
