{"id":4679,"date":"2024-02-10T14:37:03","date_gmt":"2024-02-10T16:37:03","guid":{"rendered":"https:\/\/www.ufmg.br\/proex\/?page_id=4679"},"modified":"2026-04-24T16:31:49","modified_gmt":"2026-04-24T19:31:49","slug":"ejacp","status":"publish","type":"page","link":"https:\/\/www.ufmg.br\/proex\/ejacp\/","title":{"rendered":"Educa\u00e7\u00e3o de Jovens e Adultos (EJA) &#8211; Centro Pedag\u00f3gico"},"content":{"rendered":"<p data-start=\"101\" data-end=\"264\">O Centro Pedag\u00f3gico (CP) est\u00e1 com inscri\u00e7\u00f5es abertas para estudantes de gradua\u00e7\u00e3o da UFMG que queiram participar do Programa de Educa\u00e7\u00e3o de Jovens e Adultos (EJA).<\/p>\n<p data-start=\"266\" data-end=\"391\">Os(as) interessados(as) devem ter disponibilidade de 20 horas semanais para atuar nos projetos Proef-2 e Proemja.<\/p>\n<p>S\u00e3o oferecidas cinco bolsas para in\u00edcio imediato, sendo:<br \/>\n&#8211; 2 vagas na modalidade Pbext<br \/>\n&#8211; 3 vagas na modalidade Pbext A\u00e7\u00e3o Afirmativa<\/p>\n<p>As vagas s\u00e3o destinadas a estudantes de licenciatura em <b>Letras <\/b>(Portugu\u00eas, Espanhol e Ingl\u00eas) e\u00a0<b>Hist\u00f3ria,<\/b> do 3\u00ba ao pen\u00faltimo per\u00edodo, que tenham interesse em se desenvolver na doc\u00eancia e atuar na EJA no turno noturno.<\/p>\n<p>O processo de sele\u00e7\u00e3o tamb\u00e9m vai formar cadastro reserva nas seguintes \u00e1reas: <b>Pedagogia, Matem\u00e1tica, Qu\u00edmica, Geografia, Arte, Ci\u00eancias Biol\u00f3gicas e F\u00edsica.<\/b><\/p>\n<p><strong>Valor da bolsa<\/strong>: R$ 700,00\/mensal<\/p>\n<p>As <strong>inscri\u00e7\u00f5es<\/strong> s\u00e3o realizadas, <strong>at\u00e9 6 de maio de 2026 (\u00e0s 12h),<\/strong> pelos e-mails <a href=\"cp-cenex@ufmg.br\" target=\"_blank\" rel=\"noopener\">cp-cenex<\/a><a href=\"cp-cenex@ufmg.br\" target=\"_blank\" rel=\"noopener\">@ufmg.br<\/a> e <a href=\"mailto:cenex@cp.ufmg.br\" target=\"_blank\" rel=\"noopener\">cenex@cp.ufmg.br<\/a>.<\/p>\n<p><strong>Envie os seguintes documentos<\/strong><\/p>\n<ul>\n<li>Curriculum Vitae completo (dados pessoais, dados acad\u00eamicos, telefones de contatos e e-mail)<\/li>\n<li>C\u00f3pia do Hist\u00f3rico Escolar da gradua\u00e7\u00e3o atualizado, em formato PDF (emitido pelo Siga MinhaUFMG)<\/li>\n<li>Comprovante de matr\u00edcula do primeiro semestre de 2026 (emitido pelo Siga MinhaUFMG)<\/li>\n<li>Carta na qual o(a) candidato(a) escreve sobre seu interesse em atuar na EJA e suas expectativas (arquivo em formato PDF).<\/li>\n<\/ul>\n<p>Veja as informa\u00e7\u00f5es completas no <a href=\"https:\/\/www.ufmg.br\/proex\/wp-content\/uploads\/2026\/04\/Edital_27_2026_assinado.pdf\" target=\"_blank\" rel=\"noopener\">E<\/a><a href=\"https:\/\/www.ufmg.br\/proex\/wp-content\/uploads\/2026\/04\/Edital_27_2026_assinado.pdf\" target=\"_blank\" rel=\"noopener\">dital 27\/2026.<\/a><\/p>\n<p>&nbsp;<\/p>\n<p>&nbsp;<\/p>\n<p>&nbsp;<\/p>\n","protected":false},"excerpt":{"rendered":"<p>O Centro Pedag\u00f3gico (CP) est\u00e1 com inscri\u00e7\u00f5es abertas para estudantes [&hellip;]<\/p>\n","protected":false},"author":2,"featured_media":0,"parent":0,"menu_order":0,"comment_status":"closed","ping_status":"closed","template":"","meta":[],"tags":[191,831,829,23],"_links":{"self":[{"href":"https:\/\/www.ufmg.br\/proex\/wp-json\/wp\/v2\/pages\/4679"}],"collection":[{"href":"https:\/\/www.ufmg.br\/proex\/wp-json\/wp\/v2\/pages"}],"about":[{"href":"https:\/\/www.ufmg.br\/proex\/wp-json\/wp\/v2\/types\/page"}],"author":[{"embeddable":true,"href":"https:\/\/www.ufmg.br\/proex\/wp-json\/wp\/v2\/users\/2"}],"replies":[{"embeddable":true,"href":"https:\/\/www.ufmg.br\/proex\/wp-json\/wp\/v2\/comments?post=4679"}],"version-history":[{"count":89,"href":"https:\/\/www.ufmg.br\/proex\/wp-json\/wp\/v2\/pages\/4679\/revisions"}],"predecessor-version":[{"id":17743,"href":"https:\/\/www.ufmg.br\/proex\/wp-json\/wp\/v2\/pages\/4679\/revisions\/17743"}],"wp:attachment":[{"href":"https:\/\/www.ufmg.br\/proex\/wp-json\/wp\/v2\/media?parent=4679"}],"wp:term":[{"taxonomy":"post_tag","embeddable":true,"href":"https:\/\/www.ufmg.br\/proex\/wp-json\/wp\/v2\/tags?post=4679"}],"curies":[{"name":"wp","href":"https:\/\/api.w.org\/{rel}","templated":true}]}}

Educação de Jovens e Adultos (EJA) &#8211; Centro Pedagógico

<p data-start="101" data-end="264">O Centro Pedagógico (CP) está com inscrições abertas para estudantes de graduação da UFMG que queiram participar do Programa de Educação de Jovens e Adultos (EJA).</p>
<p data-start="266" data-end="391">Os(as) interessados(as) devem ter disponibilidade de 20 horas semanais para atuar nos projetos Proef-2 e Proemja.</p>
<p>São oferecidas cinco bolsas para início imediato, sendo:<br />
&#8211; 2 vagas na modalidade Pbext<br />
&#8211; 3 vagas na modalidade Pbext Ação Afirmativa</p>
<p>As vagas são destinadas a estudantes de licenciatura em <b>Letras </b>(Português, Espanhol e Inglês) e <b>História,</b> do 3º ao penúltimo período, que tenham interesse em se desenvolver na docência e atuar na EJA no turno noturno.</p>
<p>O processo de seleção também vai formar cadastro reserva nas seguintes áreas: <b>Pedagogia, Matemática, Química, Geografia, Arte, Ciências Biológicas e Física.</b></p>
<p><strong>Valor da bolsa</strong>: R$ 700,00/mensal</p>
<p>As <strong>inscrições</strong> são realizadas, <strong>até 6 de maio de 2026 (às 12h),</strong> pelos e-mails <a href="cp-cenex@ufmg.br" target="_blank" rel="noopener">cp-cenex</a><a href="cp-cenex@ufmg.br" target="_blank" rel="noopener">@ufmg.br</a> e <a href="mailto:cenex@cp.ufmg.br" target="_blank" rel="noopener">cenex@cp.ufmg.br</a>.</p>
<p><strong>Envie os seguintes documentos</strong></p>
<ul>
<li>Curriculum Vitae completo (dados pessoais, dados acadêmicos, telefones de contatos e e-mail)</li>
<li>Cópia do Histórico Escolar da graduação atualizado, em formato PDF (emitido pelo Siga MinhaUFMG)</li>
<li>Comprovante de matrícula do primeiro semestre de 2026 (emitido pelo Siga MinhaUFMG)</li>
<li>Carta na qual o(a) candidato(a) escreve sobre seu interesse em atuar na EJA e suas expectativas (arquivo em formato PDF).</li>
</ul>
<p>Veja as informações completas no <a href="https://www.ufmg.br/proex/wp-content/uploads/2026/04/Edital_27_2026_assinado.pdf" target="_blank" rel="noopener">E</a><a href="https://www.ufmg.br/proex/wp-content/uploads/2026/04/Edital_27_2026_assinado.pdf" target="_blank" rel="noopener">dital 27/2026.</a></p>
<p>&nbsp;</p>
<p>&nbsp;</p>
<p>&nbsp;</p>

<p>O Centro Pedagógico (CP) está com inscrições abertas para estudantes [&hellip;]</p>
