{"id":501,"date":"2021-07-30T20:12:13","date_gmt":"2021-07-30T23:12:13","guid":{"rendered":"https:\/\/www.ufmg.br\/proex\/?page_id=501"},"modified":"2021-11-25T19:31:48","modified_gmt":"2021-11-25T22:31:48","slug":"rede-de-direitos-humanos","status":"publish","type":"page","link":"https:\/\/www.ufmg.br\/proex\/a-proex\/rede-de-direitos-humanos\/","title":{"rendered":"Rede de Direitos Humanos"},"content":{"rendered":"<p>A Rede Direitos Humanos da UFMG \u00e9 uma iniciativa da Pr\u00f3-reitoria de Extens\u00e3o que re\u00fane n\u00facleos, grupos e laborat\u00f3rios que atuam por meio da extens\u00e3o, do ensino e da pesquisa nesse campo.<\/p>\n<div class=\"widget\">\n<p>Os grupos que comp\u00f5em a Rede t\u00eam experi\u00eancia relevante em produ\u00e7\u00f5es e interven\u00e7\u00f5es em direitos humanos como disciplinas, na gradua\u00e7\u00e3o e p\u00f3s-gradua\u00e7\u00e3o; projetos de pesquisa; cursos de forma\u00e7\u00e3o continuada de professores, gestores p\u00fablicos, lideran\u00e7as comunit\u00e1rias, entre outros; elabora\u00e7\u00e3o de publica\u00e7\u00f5es acad\u00eamicas e material pedag\u00f3gico; projetos e programas de extens\u00e3o realizados em di\u00e1logo com setores da sociedade como as pol\u00edticas p\u00fablicas, os movimentos sociais, as institui\u00e7\u00f5es de justi\u00e7a, organismos nacionais e internacionais, entre outros.<\/p>\n<\/div>\n<p>De car\u00e1ter interdisciplinar, essa Rede fundamenta sua organiza\u00e7\u00e3o na necessidade de articular e potencializar a contribui\u00e7\u00e3o do conhecimento e das pr\u00e1ticas desenvolvidas em direitos humanos em di\u00e1logo com outros setores da sociedade.<\/p>\n<p><strong>Grupos participantes\u00a0<\/strong><\/p>\n<p><u><a href=\"https:\/\/www.facebook.com\/AJUPUFMG\/\" target=\"_blank\" rel=\"noopener\">Assessoria Jur\u00eddica Universit\u00e1ria Popular<\/a>\u00a0<\/u>(Faculdade de Direito\/ UFMG)<\/p>\n<p><u><a href=\"https:\/\/cjt.ufmg.br\/\" target=\"_blank\" rel=\"noopener\">Centro de Estudos sobre Justi\u00e7a de Transi\u00e7\u00e3o\u00a0<\/a><\/u>(Faculdade de Direito\/UFMG)<\/p>\n<p><u><a href=\"https:\/\/carrobib.eci.ufmg.br\/\" target=\"_blank\" rel=\"noopener\">Cidadania da Inf\u00e2ncia em Hiperm\u00eddia<\/a><\/u> (Escola de Ci\u00eancia da Informa\u00e7\u00e3o\/UFMG)<\/p>\n<p><u><a href=\"https:\/\/clinicadh.direito.ufmg.br\/\" target=\"_blank\" rel=\"noopener\">Cl\u00ednica de Direitos Humanos<\/a>\u00a0<\/u>(Faculdade de Direito\/UFMG)<\/p>\n<p><a href=\"https:\/\/www.facebook.com\/gnet.ufmg\/\" target=\"_blank\" rel=\"noopener\">Cl\u00ednica de Pr\u00e1tica e Pesquisa em Direito de Internet e Novas Tecnologias<\/a> \u00a0(Faculdade de Direito\/UFMG)<\/p>\n<p><u><a href=\"http:\/\/www.fae.ufmg.br\/pagina.php?page=gss\" target=\"_blank\" rel=\"noopener\">Grupo G\u00eanero, Sexualidade e Sexo<\/a><\/u> (Faculdade de Educa\u00e7\u00e3o \u2013 UFMG)<\/p>\n<p><u><a href=\"https:\/\/gnetufmg.wordpress.com\/2015\/03\/09\/hello-world\/\" target=\"_blank\" rel=\"noopener\">Grupo de Estudos Internacionais de Propriedade Intelectual, Internet e Inova\u00e7\u00e3o\u00a0<\/a><\/u>(Faculdade de Direito\/ UFMG)<\/p>\n<p><u><a href=\"https:\/\/www.facebook.com\/recajufmg\" target=\"_blank\" rel=\"noopener\">Ensino, Pesquisa e Extens\u00e3o em Acesso \u00e0 Justi\u00e7a e Solu\u00e7\u00e3o de Conflitos\u2013 RECAJ\u00a0<\/a><\/u>(Faculdade de Direito\/UFMG)<\/p>\n<p><a href=\"http:\/\/www.belasartes.ufba.br\/cursos\/graduacao\/licenciatura-em-desenho-e-plastica\/\" target=\"_blank\" rel=\"noopener\">Licenciatura em Desenho e Pl\u00e1stica\u00a0<\/a>(Escola de Belas Artes\/ UFMG)<\/p>\n<p><a href=\"https:\/\/www.facebook.com\/conectandosaberesufmg\/\" target=\"_blank\" rel=\"noopener\">N\u00facleo de Ensino, Pesquisa e Extens\u00e3o Conex\u00f5es de Sabere<\/a><a href=\"https:\/\/www.facebook.com\/conectandosaberesufmg\/\" target=\"_blank\" rel=\"noopener\">s<\/a> (Faculdade de Filosofia e Ci\u00eancias Humanas\/ UFMG)<\/p>\n<p><a href=\"https:\/\/nemusad.eci.ufmg.br\/\" target=\"_blank\" rel=\"noopener\">N\u00facleo de Estudos das Media\u00e7\u00f5es e Usos Sociais dos Saberes e Informa\u00e7\u00f5es em Ambientes Digitais<\/a> (Escola Ci\u00eancia da Informa\u00e7\u00e3o\/ UFMG)<\/p>\n<p><u><a href=\"http:\/\/www.fafich.ufmg.br\/nepem\/\" target=\"_blank\" rel=\"noopener\">N\u00facleo de Estudos e Pesquisas sobre a Mulher \u2013 NEPEM\u00a0<\/a><\/u>(Faculdade de Filosofia e Ci\u00eancias Humanas\/ UFMG)<\/p>\n<p><a href=\"https:\/\/www.fafich.ufmg.br\/pospsicologia\/\" target=\"_blank\" rel=\"noopener\">N\u00facleo de Pesquisa Mem\u00f3ria, Representa\u00e7\u00f5es e Pr\u00e1ticas Sociais\u00a0<\/a>(Faculdade de Filosofia e Ci\u00eancias Humanas \/UFMG)<\/p>\n<p><a href=\"https:\/\/psijuridicaufmg.wordpress.com\/nucleo-de-pesquisa\/\" target=\"_blank\" rel=\"noopener\">N\u00facleo de Pesquisa em Psicologia Jur\u00eddica<\/a> (Faculdade de Filosofia e Ci\u00eancias Humanas \u2013 UFMG)<\/p>\n<p><a href=\"https:\/\/www.facebook.com\/diversoufmg\/\" target=\"_blank\" rel=\"noopener\">N\u00facleo Jur\u00eddico de Diversidade Sexual e de G\u00eanero \u2013 Diverso<\/a> (Faculdade de Direito\/ UFMG)<\/p>\n<p><a href=\"https:\/\/carrobib.eci.ufmg.br\/\" target=\"_blank\" rel=\"noopener\">Programa Carro Biblioteca\u00a0<\/a>(Escola de Ci\u00eancia da Informa\u00e7\u00e3o\/UFMG)<\/p>\n<p><u><a href=\"https:\/\/www.facebook.com\/polosdecidadania\" target=\"_blank\" rel=\"noopener\">Programa Polos de Cidadania<\/a><\/u> (Faculdade de Direito\/UFMG).<\/p>\n<p>&nbsp;<\/p>\n<p>&nbsp;<\/p>\n<p>&nbsp;<\/p>\n<p>&nbsp;<\/p>\n<p>&nbsp;<\/p>\n<p>&nbsp;<\/p>\n<p>&nbsp;<\/p>\n","protected":false},"excerpt":{"rendered":"<p>A Rede Direitos Humanos da UFMG \u00e9 uma iniciativa da [&hellip;]<\/p>\n","protected":false},"author":2,"featured_media":0,"parent":344,"menu_order":0,"comment_status":"closed","ping_status":"closed","template":"","meta":[],"tags":[49,51,229,387,23,25,29,231,371,365,4,95],"_links":{"self":[{"href":"https:\/\/www.ufmg.br\/proex\/wp-json\/wp\/v2\/pages\/501"}],"collection":[{"href":"https:\/\/www.ufmg.br\/proex\/wp-json\/wp\/v2\/pages"}],"about":[{"href":"https:\/\/www.ufmg.br\/proex\/wp-json\/wp\/v2\/types\/page"}],"author":[{"embeddable":true,"href":"https:\/\/www.ufmg.br\/proex\/wp-json\/wp\/v2\/users\/2"}],"replies":[{"embeddable":true,"href":"https:\/\/www.ufmg.br\/proex\/wp-json\/wp\/v2\/comments?post=501"}],"version-history":[{"count":36,"href":"https:\/\/www.ufmg.br\/proex\/wp-json\/wp\/v2\/pages\/501\/revisions"}],"predecessor-version":[{"id":3449,"href":"https:\/\/www.ufmg.br\/proex\/wp-json\/wp\/v2\/pages\/501\/revisions\/3449"}],"up":[{"embeddable":true,"href":"https:\/\/www.ufmg.br\/proex\/wp-json\/wp\/v2\/pages\/344"}],"wp:attachment":[{"href":"https:\/\/www.ufmg.br\/proex\/wp-json\/wp\/v2\/media?parent=501"}],"wp:term":[{"taxonomy":"post_tag","embeddable":true,"href":"https:\/\/www.ufmg.br\/proex\/wp-json\/wp\/v2\/tags?post=501"}],"curies":[{"name":"wp","href":"https:\/\/api.w.org\/{rel}","templated":true}]}}