{"id":5090,"date":"2022-05-13T21:45:12","date_gmt":"2022-05-14T00:45:12","guid":{"rendered":"https:\/\/www.ufmg.br\/proex\/?page_id=5090"},"modified":"2022-05-13T21:55:04","modified_gmt":"2022-05-14T00:55:04","slug":"projeto-de-ensino-pesquisa-e-extensao-em-crimes-contra-a-mulher","status":"publish","type":"page","link":"https:\/\/www.ufmg.br\/proex\/projeto-de-ensino-pesquisa-e-extensao-em-crimes-contra-a-mulher\/","title":{"rendered":"Programa de extens\u00e3o sobre viol\u00eancia de g\u00eanero"},"content":{"rendered":"<p>Est\u00e3o abertas as inscri\u00e7\u00f5es para duas vagas de extensionistas volunt\u00e1rios para equipe de coordena\u00e7\u00e3o do <em>Programa de Ensino, Pesquisa e Extens\u00e3o sobre Viol\u00eancia de G\u00eanero (Crim),<\/em> vinculado \u00e0 Faculdade de Direito da UFMG.<\/p>\n<p>As vagas s\u00e3o destinadas a estudantes de gradua\u00e7\u00e3o e p\u00f3s-gradua\u00e7\u00e3o de qualquer curso da Universidade ou de outras institui\u00e7\u00f5es de ensino superior do pa\u00eds.<\/p>\n<p>Os candidatos selecionados v\u00e3o participar do acompanhamento dos projetos existentes, desenvolver estrat\u00e9gias de comunica\u00e7\u00e3o para promover as a\u00e7\u00f5es e os projetos do CRIM, entre outras atividades.<\/p>\n<p>Os interessados devem enviar, at\u00e9 31\/05, para o e-mail <a href=\"crimufmg@gmail.com\">crimufmg@gmail.com<\/a>, com o assunto <em>Inscri\u00e7\u00e3o coordena\u00e7\u00e3o<\/em>, os seguintes documentos:<\/p>\n<p>&#8211; Curriculum Vitae ou Curr\u00edculo Lattes<\/p>\n<p>&#8211; Carta de inten\u00e7\u00f5es<\/p>\n<p>O processo seletivo ter\u00e1 suas etapas: an\u00e1lise de documenta\u00e7\u00e3o entrevista.<\/p>\n<p>O estudante selecionado cumprir\u00e1 uma jornada de 4 horas semanais.<\/p>\n<p>Outras informa\u00e7\u00f5es podem ser obtidas no <a href=\"https:\/\/drive.google.com\/file\/d\/1Z79M6rIG_PIU1EG6t2_G-Z6rPS9kLNHy\/view\" target=\"_blank\" rel=\"noopener\">Edital de Sele\u00e7\u00e3o<\/a>.<\/p>\n<p>&nbsp;<\/p>\n","protected":false},"excerpt":{"rendered":"<p>Est\u00e3o abertas as inscri\u00e7\u00f5es para duas vagas de extensionistas volunt\u00e1rios [&hellip;]<\/p>\n","protected":false},"author":1,"featured_media":0,"parent":0,"menu_order":0,"comment_status":"closed","ping_status":"closed","template":"","meta":[],"tags":[],"_links":{"self":[{"href":"https:\/\/www.ufmg.br\/proex\/wp-json\/wp\/v2\/pages\/5090"}],"collection":[{"href":"https:\/\/www.ufmg.br\/proex\/wp-json\/wp\/v2\/pages"}],"about":[{"href":"https:\/\/www.ufmg.br\/proex\/wp-json\/wp\/v2\/types\/page"}],"author":[{"embeddable":true,"href":"https:\/\/www.ufmg.br\/proex\/wp-json\/wp\/v2\/users\/1"}],"replies":[{"embeddable":true,"href":"https:\/\/www.ufmg.br\/proex\/wp-json\/wp\/v2\/comments?post=5090"}],"version-history":[{"count":11,"href":"https:\/\/www.ufmg.br\/proex\/wp-json\/wp\/v2\/pages\/5090\/revisions"}],"predecessor-version":[{"id":5116,"href":"https:\/\/www.ufmg.br\/proex\/wp-json\/wp\/v2\/pages\/5090\/revisions\/5116"}],"wp:attachment":[{"href":"https:\/\/www.ufmg.br\/proex\/wp-json\/wp\/v2\/media?parent=5090"}],"wp:term":[{"taxonomy":"post_tag","embeddable":true,"href":"https:\/\/www.ufmg.br\/proex\/wp-json\/wp\/v2\/tags?post=5090"}],"curies":[{"name":"wp","href":"https:\/\/api.w.org\/{rel}","templated":true}]}}

Programa de extensão sobre violência de gênero

<p>Estão abertas as inscrições para duas vagas de extensionistas voluntários para equipe de coordenação do <em>Programa de Ensino, Pesquisa e Extensão sobre Violência de Gênero (Crim),</em> vinculado à Faculdade de Direito da UFMG.</p>
<p>As vagas são destinadas a estudantes de graduação e pós-graduação de qualquer curso da Universidade ou de outras instituições de ensino superior do país.</p>
<p>Os candidatos selecionados vão participar do acompanhamento dos projetos existentes, desenvolver estratégias de comunicação para promover as ações e os projetos do CRIM, entre outras atividades.</p>
<p>Os interessados devem enviar, até 31/05, para o e-mail <a href="crimufmg@gmail.com">crimufmg@gmail.com</a>, com o assunto <em>Inscrição coordenação</em>, os seguintes documentos:</p>
<p>&#8211; Curriculum Vitae ou Currículo Lattes</p>
<p>&#8211; Carta de intenções</p>
<p>O processo seletivo terá suas etapas: análise de documentação entrevista.</p>
<p>O estudante selecionado cumprirá uma jornada de 4 horas semanais.</p>
<p>Outras informações podem ser obtidas no <a href="https://drive.google.com/file/d/1Z79M6rIG_PIU1EG6t2_G-Z6rPS9kLNHy/view" target="_blank" rel="noopener">Edital de Seleção</a>.</p>
<p>&nbsp;</p>

<p>Estão abertas as inscrições para duas vagas de extensionistas voluntários [&hellip;]</p>
