{"id":5211,"date":"2022-05-26T16:58:02","date_gmt":"2022-05-26T19:58:02","guid":{"rendered":"https:\/\/www.ufmg.br\/proex\/?page_id=5211"},"modified":"2022-05-26T16:58:02","modified_gmt":"2022-05-26T19:58:02","slug":"curso-de-ingles","status":"publish","type":"page","link":"https:\/\/www.ufmg.br\/proex\/curso-de-ingles\/","title":{"rendered":"Curso de Ingl\u00eas"},"content":{"rendered":"<p><span style=\"font-weight: 400;\">Est\u00e3o abertas, at\u00e9 15\/06, as inscri\u00e7\u00f5es para estagi\u00e1rios e bolsistas de extens\u00e3o junto ao Centro de Extens\u00e3o da FALE\/UFMG para L\u00edngua Inglesa. Interessados devem preencher o<\/span> <a href=\"https:\/\/docs.google.com\/forms\/d\/e\/1FAIpQLSdfPY7vFeRZjH9AjZOOm18InEoiPY-kWjGKvzDpWvs3LDVVtA\/viewform\" target=\"_blank\" rel=\"noopener\"><span style=\"font-weight: 400;\">formul\u00e1rio eletr\u00f4nico<\/span><\/a><span style=\"font-weight: 400;\"> .\u00a0<\/span><\/p>\n<p><span style=\"font-weight: 400;\">Podem se inscrever estudantes da gradua\u00e7\u00e3o de Letras com habilita\u00e7\u00e3o em Ingl\u00eas (Licenciatura ou Bacharelado), <\/span><span style=\"font-weight: 400;\">que tenham sido aprovados; que estejam cursando, ou que cursar\u00e3o no segundo semestre\/2022 a disciplina \u201cFundamentos metodol\u00f3gicos do ensino de ingl\u00eas: aquisi\u00e7\u00e3o e abordagens\u201d<\/span><span style=\"font-weight: 400;\">. Estudantes de outra habilita\u00e7\u00e3o ou que estejam vinculados a p\u00f3s-gradua\u00e7\u00e3o tamb\u00e9m podem realizar a inscri\u00e7\u00e3o, desde que, comprovem atrav\u00e9s de certifica\u00e7\u00e3o, profici\u00eancia na l\u00edngua inglesa.\u00a0<\/span><\/p>\n<p><span style=\"font-weight: 400;\">O estudante selecionado assumir\u00e1 as turmas no Curso de Ingl\u00eas.\u00a0<\/span><\/p>\n<p><span style=\"font-weight: 400;\">O processo seletivo ter\u00e1 duas etapas: entrevista e prova did\u00e1tica.\u00a0<\/span><\/p>\n<p><span style=\"font-weight: 400;\">O aluno selecionado cumprir\u00e1, no m\u00ednimo, uma jornada de 20 horas semanais.<\/span><\/p>\n<p><span style=\"font-weight: 400;\">As demais instru\u00e7\u00f5es aos interessados devem ser obtidas no<\/span> <a href=\"http:\/\/www.letras.ufmg.br\/site\/pdfs\/edital%20060-2022.pdf\" target=\"_blank\" rel=\"noopener\"><span style=\"font-weight: 400;\">Edital 060\/2022<\/span><\/a><span style=\"font-weight: 400;\">.\u00a0 <\/span><\/p>\n","protected":false},"excerpt":{"rendered":"<p>Est\u00e3o abertas, at\u00e9 15\/06, as inscri\u00e7\u00f5es para estagi\u00e1rios e bolsistas [&hellip;]<\/p>\n","protected":false},"author":1,"featured_media":0,"parent":0,"menu_order":0,"comment_status":"closed","ping_status":"closed","template":"","meta":[],"tags":[],"_links":{"self":[{"href":"https:\/\/www.ufmg.br\/proex\/wp-json\/wp\/v2\/pages\/5211"}],"collection":[{"href":"https:\/\/www.ufmg.br\/proex\/wp-json\/wp\/v2\/pages"}],"about":[{"href":"https:\/\/www.ufmg.br\/proex\/wp-json\/wp\/v2\/types\/page"}],"author":[{"embeddable":true,"href":"https:\/\/www.ufmg.br\/proex\/wp-json\/wp\/v2\/users\/1"}],"replies":[{"embeddable":true,"href":"https:\/\/www.ufmg.br\/proex\/wp-json\/wp\/v2\/comments?post=5211"}],"version-history":[{"count":1,"href":"https:\/\/www.ufmg.br\/proex\/wp-json\/wp\/v2\/pages\/5211\/revisions"}],"predecessor-version":[{"id":5228,"href":"https:\/\/www.ufmg.br\/proex\/wp-json\/wp\/v2\/pages\/5211\/revisions\/5228"}],"wp:attachment":[{"href":"https:\/\/www.ufmg.br\/proex\/wp-json\/wp\/v2\/media?parent=5211"}],"wp:term":[{"taxonomy":"post_tag","embeddable":true,"href":"https:\/\/www.ufmg.br\/proex\/wp-json\/wp\/v2\/tags?post=5211"}],"curies":[{"name":"wp","href":"https:\/\/api.w.org\/{rel}","templated":true}]}}