{"id":5456,"date":"2024-02-05T14:27:40","date_gmt":"2024-02-05T16:27:40","guid":{"rendered":"https:\/\/www.ufmg.br\/proex\/?page_id=5456"},"modified":"2024-02-19T12:00:59","modified_gmt":"2024-02-19T15:00:59","slug":"ciencia-pra-voce","status":"publish","type":"page","link":"https:\/\/www.ufmg.br\/proex\/ciencia-pra-voce\/","title":{"rendered":"Ci\u00eancia Pra Voc\u00ea"},"content":{"rendered":"<p><span style=\"font-weight: 400;\">Est\u00e3o abertas, at\u00e9 <strong>23 de fevereiro de 2024<\/strong>, as inscri\u00e7\u00f5es para bolsista de extens\u00e3o PBEXT no projeto \u201cCi\u00eancia Pra Voc\u00ea &#8211; UFMG\u201d, vinculado ao Departamento de Gen\u00e9tica, Ecologia e Evolu\u00e7\u00e3o (ICB \u2013 UFMG). <\/span><\/p>\n<p><span style=\"font-weight: 400;\">Podem se inscrever estudantes de gradua\u00e7\u00e3o da UFMG <\/span>da \u00e1rea Biol\u00f3gica e M\u00e9dica, regularmente matriculados (as), para atuar junto \u00e0 equipe de Divulga\u00e7\u00e3o Cient\u00edfica.<\/p>\n<p><span style=\"font-weight: 400;\">Para realizar a inscri\u00e7\u00e3o, o candidato dever\u00e1 enviar um e-mail para <\/span><a href=\"mailto:ufmgcienciapravoce@gmail.com\"><span style=\"font-weight: 400;\">ufmgcienciapravoce@gmail.com<\/span><\/a><span style=\"font-weight: 400;\">, com assunto \u201cBolsista CPV\/Gradua\u00e7\u00e3o&#8221; e anexar (em PDF):<\/span><\/p>\n<ul>\n<li style=\"font-weight: 400;\" aria-level=\"1\"><span style=\"font-weight: 400;\">Hist\u00f3rico Escolar;\u00a0<\/span><\/li>\n<li aria-level=\"1\">Comprovante de curso de Ingl\u00eas (n\u00edvel intermedi\u00e1rio);<\/li>\n<li><span style=\"font-weight: 400;\">V\u00eddeo de no m\u00e1ximo 1 minuto justificando o interesse em participar da equipe.\u00a0<\/span><\/li>\n<\/ul>\n<p><span style=\"font-weight: 400;\">O processo seletivo analisar\u00e1 hist\u00f3rico escolar e v\u00eddeo de interesse.\u00a0<\/span><\/p>\n<p><span style=\"font-weight: 400;\">Os alunos selecionados cumprir\u00e3o uma jornada de 20 horas semanais.<\/span><\/p>\n<p><span style=\"font-weight: 400;\">As demais informa\u00e7\u00f5es, como demais requisitos e plano de trabalho do bolsista, devem ser consultadas no <a href=\"https:\/\/www.icb.ufmg.br\/images\/CENEX\/2024_Editais\/edital-PBEXT-CPV-2024.pdf\" target=\"_blank\" rel=\"noopener\">e<\/a><\/span><a href=\"https:\/\/www.icb.ufmg.br\/images\/CENEX\/2024_Editais\/edital-PBEXT-CPV-2024.pdf\" target=\"_blank\" rel=\"noopener\"><span style=\"font-weight: 400;\">dital de sele\u00e7\u00e3o<\/span><span style=\"font-weight: 400;\">.\u00a0<\/span><\/a><\/p>\n<p>&nbsp;<\/p>\n<p>&nbsp;<\/p>\n","protected":false},"excerpt":{"rendered":"<p>Est\u00e3o abertas, at\u00e9 23 de fevereiro de 2024, as inscri\u00e7\u00f5es [&hellip;]<\/p>\n","protected":false},"author":1,"featured_media":0,"parent":0,"menu_order":0,"comment_status":"closed","ping_status":"closed","template":"","meta":[],"tags":[191,23],"_links":{"self":[{"href":"https:\/\/www.ufmg.br\/proex\/wp-json\/wp\/v2\/pages\/5456"}],"collection":[{"href":"https:\/\/www.ufmg.br\/proex\/wp-json\/wp\/v2\/pages"}],"about":[{"href":"https:\/\/www.ufmg.br\/proex\/wp-json\/wp\/v2\/types\/page"}],"author":[{"embeddable":true,"href":"https:\/\/www.ufmg.br\/proex\/wp-json\/wp\/v2\/users\/1"}],"replies":[{"embeddable":true,"href":"https:\/\/www.ufmg.br\/proex\/wp-json\/wp\/v2\/comments?post=5456"}],"version-history":[{"count":14,"href":"https:\/\/www.ufmg.br\/proex\/wp-json\/wp\/v2\/pages\/5456\/revisions"}],"predecessor-version":[{"id":11631,"href":"https:\/\/www.ufmg.br\/proex\/wp-json\/wp\/v2\/pages\/5456\/revisions\/11631"}],"wp:attachment":[{"href":"https:\/\/www.ufmg.br\/proex\/wp-json\/wp\/v2\/media?parent=5456"}],"wp:term":[{"taxonomy":"post_tag","embeddable":true,"href":"https:\/\/www.ufmg.br\/proex\/wp-json\/wp\/v2\/tags?post=5456"}],"curies":[{"name":"wp","href":"https:\/\/api.w.org\/{rel}","templated":true}]}}