{"id":5457,"date":"2022-06-03T14:13:06","date_gmt":"2022-06-03T17:13:06","guid":{"rendered":"https:\/\/www.ufmg.br\/proex\/?page_id=5457"},"modified":"2025-04-03T14:57:07","modified_gmt":"2025-04-03T17:57:07","slug":"interagir","status":"publish","type":"page","link":"https:\/\/www.ufmg.br\/proex\/interagir\/","title":{"rendered":"Interagir UFMG"},"content":{"rendered":"<p class=\"\" data-start=\"187\" data-end=\"339\">Aberta inscri\u00e7\u00e3o,<strong> at\u00e9 6 de abril de 2025<\/strong>, para vagas de <strong>extensionista volunt\u00e1rio(a)<\/strong> no <em>projeto Interagir: Ensino B\u00e1sico\/T\u00e9cnico e UFMG para Educa\u00e7\u00e3o em Sa\u00fade.<\/em><\/p>\n<p class=\"\" data-start=\"341\" data-end=\"471\">S\u00e3o seis vagas dispon\u00edveis para estudantes de Ci\u00eancias Biol\u00f3gicas ou \u00e1reas da Sa\u00fade da UFMG. O (a) estudante deve dedicar 20 horas semanais \u00e0s atividades.<\/p>\n<p class=\"\" data-start=\"473\" data-end=\"636\">Para se inscrever, basta preencher o <a href=\"https:\/\/docs.google.com\/forms\/d\/e\/1FAIpQLSen_S9NdYgh6ijXZ8WlQy7Gc5utSY960yCx2KFrxu-Oae6IXQ\/viewform\" target=\"_blank\" rel=\"noopener\">formul\u00e1rio eletr\u00f4nico<\/a>\u00a0com seus dados (nome completo, curso, matr\u00edcula, contatos) e anexar o hist\u00f3rico atualizado da gradua\u00e7\u00e3o.<\/p>\n<p class=\"\" data-start=\"638\" data-end=\"828\">O projeto visa integrar a universidade ao ensino b\u00e1sico e t\u00e9cnico, abordando Ci\u00eancias da Vida e promovendo a\u00e7\u00f5es de educa\u00e7\u00e3o em sa\u00fade nas escolas, com foco no autoconhecimento e autocuidado.<\/p>\n<p data-start=\"638\" data-end=\"828\">Coordenado pela professora Tana Mara Segatelli, do ICB\/UFMG, a iniciativa de extens\u00e3o \u00e9 vinculada ao Programa Neducom &#8211; N\u00facleo de educa\u00e7\u00e3o e Comunica\u00e7\u00e3o em Ci\u00eancias da Vida e da Sa\u00fade.<\/p>\n<p class=\"\" data-start=\"935\" data-end=\"996\">Mais informa\u00e7\u00f5es no perfil do projeto no <a href=\"https:\/\/www.instagram.com\/interagirufmg\/\" target=\"_blank\" rel=\"noopener\">Instagram<\/a><\/p>\n","protected":false},"excerpt":{"rendered":"<p>Aberta inscri\u00e7\u00e3o, at\u00e9 6 de abril de 2025, para vagas [&hellip;]<\/p>\n","protected":false},"author":2,"featured_media":0,"parent":0,"menu_order":0,"comment_status":"closed","ping_status":"closed","template":"","meta":[],"tags":[23,25],"_links":{"self":[{"href":"https:\/\/www.ufmg.br\/proex\/wp-json\/wp\/v2\/pages\/5457"}],"collection":[{"href":"https:\/\/www.ufmg.br\/proex\/wp-json\/wp\/v2\/pages"}],"about":[{"href":"https:\/\/www.ufmg.br\/proex\/wp-json\/wp\/v2\/types\/page"}],"author":[{"embeddable":true,"href":"https:\/\/www.ufmg.br\/proex\/wp-json\/wp\/v2\/users\/2"}],"replies":[{"embeddable":true,"href":"https:\/\/www.ufmg.br\/proex\/wp-json\/wp\/v2\/comments?post=5457"}],"version-history":[{"count":30,"href":"https:\/\/www.ufmg.br\/proex\/wp-json\/wp\/v2\/pages\/5457\/revisions"}],"predecessor-version":[{"id":15055,"href":"https:\/\/www.ufmg.br\/proex\/wp-json\/wp\/v2\/pages\/5457\/revisions\/15055"}],"wp:attachment":[{"href":"https:\/\/www.ufmg.br\/proex\/wp-json\/wp\/v2\/media?parent=5457"}],"wp:term":[{"taxonomy":"post_tag","embeddable":true,"href":"https:\/\/www.ufmg.br\/proex\/wp-json\/wp\/v2\/tags?post=5457"}],"curies":[{"name":"wp","href":"https:\/\/api.w.org\/{rel}","templated":true}]}}

<p class="" data-start="187" data-end="339">Aberta inscrição,<strong> até 6 de abril de 2025</strong>, para vagas de <strong>extensionista voluntário(a)</strong> no <em>projeto Interagir: Ensino Básico/Técnico e UFMG para Educação em Saúde.</em></p>
<p class="" data-start="341" data-end="471">São seis vagas disponíveis para estudantes de Ciências Biológicas ou áreas da Saúde da UFMG. O (a) estudante deve dedicar 20 horas semanais às atividades.</p>
<p class="" data-start="473" data-end="636">Para se inscrever, basta preencher o <a href="https://docs.google.com/forms/d/e/1FAIpQLSen_S9NdYgh6ijXZ8WlQy7Gc5utSY960yCx2KFrxu-Oae6IXQ/viewform" target="_blank" rel="noopener">formulário eletrônico</a> com seus dados (nome completo, curso, matrícula, contatos) e anexar o histórico atualizado da graduação.</p>
<p class="" data-start="638" data-end="828">O projeto visa integrar a universidade ao ensino básico e técnico, abordando Ciências da Vida e promovendo ações de educação em saúde nas escolas, com foco no autoconhecimento e autocuidado.</p>
<p data-start="638" data-end="828">Coordenado pela professora Tana Mara Segatelli, do ICB/UFMG, a iniciativa de extensão é vinculada ao Programa Neducom &#8211; Núcleo de educação e Comunicação em Ciências da Vida e da Saúde.</p>
<p class="" data-start="935" data-end="996">Mais informações no perfil do projeto no <a href="https://www.instagram.com/interagirufmg/" target="_blank" rel="noopener">Instagram</a></p>

<p>Aberta inscrição, até 6 de abril de 2025, para vagas [&hellip;]</p>
