{"id":5580,"date":"2022-06-22T11:09:42","date_gmt":"2022-06-22T14:09:42","guid":{"rendered":"https:\/\/www.ufmg.br\/proex\/?page_id=5580"},"modified":"2024-07-19T13:31:58","modified_gmt":"2024-07-19T16:31:58","slug":"culthis","status":"publish","type":"page","link":"https:\/\/www.ufmg.br\/proex\/culthis\/","title":{"rendered":"Culthis UFMG"},"content":{"rendered":"<p>Inscri\u00e7\u00f5es abertas para sele\u00e7\u00e3o de bolsista (PBEXT A\u00e7\u00e3o Afirmativa) do <em>Culthis: espa\u00e7o de aten\u00e7\u00e3o psicossocial \u00e0 pessoas presa, ao sobrevivente do c\u00e1rcere e familiares.<\/em><\/p>\n<p>S\u00e3o oferecidas 2 vagas. O (a) interessado (a) deve preencher <a href=\"https:\/\/docs.google.com\/forms\/d\/1yzpPe9-mBcES-aKdG2iXUO3uvQNhQV30wrLOZv3YR4k\/viewform?edit_requested=true\" target=\"_blank\" rel=\"noopener\">formul\u00e1rio de inscri\u00e7\u00e3o<\/a><strong> at\u00e9 28 de julho de 2024.<\/strong><\/p>\n<p dir=\"ltr\">Requisitos para participar da sele\u00e7\u00e3o:<br \/>\n1. Ser aluno da UFMG;<br \/>\n2. Fazer parte de um dos grupos abaixo (conforme Edital PROEX n\u00ba 04\/2024 Democratizar):<br \/>\n&#8211; Ser m\u00e3e com crian\u00e7a em idade escolar;<br \/>\n&#8211; Ser uma pessoa trans ou travesti;<br \/>\n&#8211; Ser uma pessoa com defici\u00eancia;<br \/>\n&#8211; Ser uma pessoa ind\u00edgena ou quilombola;<br \/>\n-Ter ingressado na UFMG pelo sistema de cotas;<br \/>\n&#8211; Ter sido classificado socioeconomicamente pela FUMP no n\u00edvel I, II ou III.<br \/>\n3. Disponibilidade para dedica\u00e7\u00e3o de 20 horas semanais;<br \/>\n4. Disponibilidade para participa\u00e7\u00e3o das reuni\u00f5es todas segundas-feiras \u00e0s 13h;<br \/>\n5. Disponibilidade para participa\u00e7\u00e3o de reuni\u00f5es quinzenais \u00e0s 17h;<br \/>\n6. Afinidade com a tem\u00e1tica prisional a partir da perspectiva abolicionista penal.<\/p>\n<p dir=\"ltr\"><strong>Sobre o\u00a0<span style=\"font-weight: 400;\"><strong>Culthis<\/strong> <\/span><\/strong><\/p>\n<p dir=\"ltr\">O <span style=\"font-weight: 400;\"><a href=\"https:\/\/www.instagram.com\/culthis_ufmg\/\" target=\"_blank\" rel=\"noopener\">Culthis<\/a> <\/span>\u00e9 um espa\u00e7o de acolhimento, orienta\u00e7\u00e3o e encaminhamento destinado \u00e0 pessoas que est\u00e3o ou j\u00e1 estiveram encarceradas e tamb\u00e9m \u00e0quelas que possuem familiar(es) e amigos(as) que est\u00e3o ou j\u00e1 estiveram presos(as). As a\u00e7\u00f5es s\u00e3o oferecidas de forma gratuita. O programa de extens\u00e3o da UFMG \u00e9 <span style=\"font-weight: 400;\">vinculado ao Laborat\u00f3rio de Estudos sobre Trabalho, C\u00e1rcere e Direitos Humanos (LabTrab), do Departamento de Psicologia (Fafich). <\/span><\/p>\n<div>\n<p>&nbsp;<\/p>\n<\/div>\n","protected":false},"excerpt":{"rendered":"<p>Inscri\u00e7\u00f5es abertas para sele\u00e7\u00e3o de bolsista (PBEXT A\u00e7\u00e3o Afirmativa) do [&hellip;]<\/p>\n","protected":false},"author":2,"featured_media":0,"parent":0,"menu_order":0,"comment_status":"closed","ping_status":"closed","template":"","meta":[],"tags":[23,25,29],"_links":{"self":[{"href":"https:\/\/www.ufmg.br\/proex\/wp-json\/wp\/v2\/pages\/5580"}],"collection":[{"href":"https:\/\/www.ufmg.br\/proex\/wp-json\/wp\/v2\/pages"}],"about":[{"href":"https:\/\/www.ufmg.br\/proex\/wp-json\/wp\/v2\/types\/page"}],"author":[{"embeddable":true,"href":"https:\/\/www.ufmg.br\/proex\/wp-json\/wp\/v2\/users\/2"}],"replies":[{"embeddable":true,"href":"https:\/\/www.ufmg.br\/proex\/wp-json\/wp\/v2\/comments?post=5580"}],"version-history":[{"count":29,"href":"https:\/\/www.ufmg.br\/proex\/wp-json\/wp\/v2\/pages\/5580\/revisions"}],"predecessor-version":[{"id":13234,"href":"https:\/\/www.ufmg.br\/proex\/wp-json\/wp\/v2\/pages\/5580\/revisions\/13234"}],"wp:attachment":[{"href":"https:\/\/www.ufmg.br\/proex\/wp-json\/wp\/v2\/media?parent=5580"}],"wp:term":[{"taxonomy":"post_tag","embeddable":true,"href":"https:\/\/www.ufmg.br\/proex\/wp-json\/wp\/v2\/tags?post=5580"}],"curies":[{"name":"wp","href":"https:\/\/api.w.org\/{rel}","templated":true}]}}

<p>Inscrições abertas para seleção de bolsista (PBEXT Ação Afirmativa) do <em>Culthis: espaço de atenção psicossocial à pessoas presa, ao sobrevivente do cárcere e familiares.</em></p>
<p>São oferecidas 2 vagas. O (a) interessado (a) deve preencher <a href="https://docs.google.com/forms/d/1yzpPe9-mBcES-aKdG2iXUO3uvQNhQV30wrLOZv3YR4k/viewform?edit_requested=true" target="_blank" rel="noopener">formulário de inscrição</a><strong> até 28 de julho de 2024.</strong></p>
<p dir="ltr">Requisitos para participar da seleção:<br />
1. Ser aluno da UFMG;<br />
2. Fazer parte de um dos grupos abaixo (conforme Edital PROEX nº 04/2024 Democratizar):<br />
&#8211; Ser mãe com criança em idade escolar;<br />
&#8211; Ser uma pessoa trans ou travesti;<br />
&#8211; Ser uma pessoa com deficiência;<br />
&#8211; Ser uma pessoa indígena ou quilombola;<br />
-Ter ingressado na UFMG pelo sistema de cotas;<br />
&#8211; Ter sido classificado socioeconomicamente pela FUMP no nível I, II ou III.<br />
3. Disponibilidade para dedicação de 20 horas semanais;<br />
4. Disponibilidade para participação das reuniões todas segundas-feiras às 13h;<br />
5. Disponibilidade para participação de reuniões quinzenais às 17h;<br />
6. Afinidade com a temática prisional a partir da perspectiva abolicionista penal.</p>
<p dir="ltr"><strong>Sobre o <span style="font-weight: 400;"><strong>Culthis</strong> </span></strong></p>
<p dir="ltr">O <span style="font-weight: 400;"><a href="https://www.instagram.com/culthis_ufmg/" target="_blank" rel="noopener">Culthis</a> </span>é um espaço de acolhimento, orientação e encaminhamento destinado à pessoas que estão ou já estiveram encarceradas e também àquelas que possuem familiar(es) e amigos(as) que estão ou já estiveram presos(as). As ações são oferecidas de forma gratuita. O programa de extensão da UFMG é <span style="font-weight: 400;">vinculado ao Laboratório de Estudos sobre Trabalho, Cárcere e Direitos Humanos (LabTrab), do Departamento de Psicologia (Fafich). </span></p>
<div>
<p>&nbsp;</p>
</div>

<p>Inscrições abertas para seleção de bolsista (PBEXT Ação Afirmativa) do [&hellip;]</p>
