{"id":5609,"date":"2022-06-27T13:33:28","date_gmt":"2022-06-27T16:33:28","guid":{"rendered":"https:\/\/www.ufmg.br\/proex\/?page_id=5609"},"modified":"2025-06-10T10:43:52","modified_gmt":"2025-06-10T13:43:52","slug":"pro-imigrantes","status":"publish","type":"page","link":"https:\/\/www.ufmg.br\/proex\/pro-imigrantes\/","title":{"rendered":"Projeto Pr\u00f3-Imigrantes"},"content":{"rendered":"<p>O projeto de extens\u00e3o Pr\u00f3-Imigrantes, da Faculdade de Letras da UFMG, est\u00e1 com inscri\u00e7\u00f5es abertas para tr\u00eas bolsas, sendo duas na modalidade Pbext, e outra, na modalidade Pbext A\u00e7\u00e3o Afirmativa.<\/p>\n<p>O (a) bolsista vai atuar na monitoria de cursos de Portugu\u00eas como L\u00edngua de Acolhimento (PLAc), ofertados para crian\u00e7as migrantes de crise e retornadas da rede p\u00fablica de Belo Horizonte.<\/p>\n<p>Os (as) interessados (as) t\u00eam <strong>at\u00e9 9 de junho<\/strong> para se inscreverem (encerrado).<\/p>\n<p>Podem participar alunos (as) de gradua\u00e7\u00e3o da UFMG de <strong>cursos de licenciatura<\/strong> em Letras Portugu\u00eas (pode ser na licenciatura dupla, por exemplo Portugu\u00eas e Espanhol), com experi\u00eancia e\/ou interesse na a\u00e7\u00e3o, e que tenham disponibilidade de 20 horas semanais.<\/p>\n<p><strong>Valor da bolsa:<\/strong> 700\/mensal<br \/>\n<strong>Vig\u00eancia<\/strong>: julho a dezembro de 2025<\/p>\n<p><strong>Inscri\u00e7\u00f5es<br \/>\n<\/strong>Os (as) candidatos (as) devem enviar para o e-mail <a href=\"mailto:lucianeufmg@gmail.com\" target=\"_blank\" rel=\"noopener\">lucianeufmg@gmail.com<\/a>:<br \/>\n-Comprovante de matr\u00edcula 2025.1;<br \/>\n-Hist\u00f3rico escolar com RSG;<br \/>\n-Comprova\u00e7\u00e3o de que ingressou na UFMG pelo sistema de cotas e\/ou de \u00e9 assistido pela Fump (para bolsa Pbext A\u00e7\u00e3o Afirmativa);<br \/>\n-Carta de motiva\u00e7\u00e3o, contendo disponibilidade de hor\u00e1rio.<\/p>\n<p>As informa\u00e7\u00f5es completas est\u00e3o no <a href=\"https:\/\/www.ufmg.br\/proex\/wp-content\/uploads\/2025\/06\/EDITAL-068-2025-LICEX-PRO-IMIGRANTE.pdf\" target=\"_blank\" rel=\"noopener\">edital de sele\u00e7\u00e3o.<\/a><\/p>\n","protected":false},"excerpt":{"rendered":"<p>O projeto de extens\u00e3o Pr\u00f3-Imigrantes, da Faculdade de Letras da [&hellip;]<\/p>\n","protected":false},"author":2,"featured_media":0,"parent":0,"menu_order":0,"comment_status":"closed","ping_status":"closed","template":"","meta":[],"tags":[],"_links":{"self":[{"href":"https:\/\/www.ufmg.br\/proex\/wp-json\/wp\/v2\/pages\/5609"}],"collection":[{"href":"https:\/\/www.ufmg.br\/proex\/wp-json\/wp\/v2\/pages"}],"about":[{"href":"https:\/\/www.ufmg.br\/proex\/wp-json\/wp\/v2\/types\/page"}],"author":[{"embeddable":true,"href":"https:\/\/www.ufmg.br\/proex\/wp-json\/wp\/v2\/users\/2"}],"replies":[{"embeddable":true,"href":"https:\/\/www.ufmg.br\/proex\/wp-json\/wp\/v2\/comments?post=5609"}],"version-history":[{"count":15,"href":"https:\/\/www.ufmg.br\/proex\/wp-json\/wp\/v2\/pages\/5609\/revisions"}],"predecessor-version":[{"id":15652,"href":"https:\/\/www.ufmg.br\/proex\/wp-json\/wp\/v2\/pages\/5609\/revisions\/15652"}],"wp:attachment":[{"href":"https:\/\/www.ufmg.br\/proex\/wp-json\/wp\/v2\/media?parent=5609"}],"wp:term":[{"taxonomy":"post_tag","embeddable":true,"href":"https:\/\/www.ufmg.br\/proex\/wp-json\/wp\/v2\/tags?post=5609"}],"curies":[{"name":"wp","href":"https:\/\/api.w.org\/{rel}","templated":true}]}}

Projeto Pró-Imigrantes

<p>O projeto de extensão Pró-Imigrantes, da Faculdade de Letras da UFMG, está com inscrições abertas para três bolsas, sendo duas na modalidade Pbext, e outra, na modalidade Pbext Ação Afirmativa.</p>
<p>O (a) bolsista vai atuar na monitoria de cursos de Português como Língua de Acolhimento (PLAc), ofertados para crianças migrantes de crise e retornadas da rede pública de Belo Horizonte.</p>
<p>Os (as) interessados (as) têm <strong>até 9 de junho</strong> para se inscreverem (encerrado).</p>
<p>Podem participar alunos (as) de graduação da UFMG de <strong>cursos de licenciatura</strong> em Letras Português (pode ser na licenciatura dupla, por exemplo Português e Espanhol), com experiência e/ou interesse na ação, e que tenham disponibilidade de 20 horas semanais.</p>
<p><strong>Valor da bolsa:</strong> 700/mensal<br />
<strong>Vigência</strong>: julho a dezembro de 2025</p>
<p><strong>Inscrições<br />
</strong>Os (as) candidatos (as) devem enviar para o e-mail <a href="mailto:lucianeufmg@gmail.com" target="_blank" rel="noopener">lucianeufmg@gmail.com</a>:<br />
-Comprovante de matrícula 2025.1;<br />
-Histórico escolar com RSG;<br />
-Comprovação de que ingressou na UFMG pelo sistema de cotas e/ou de é assistido pela Fump (para bolsa Pbext Ação Afirmativa);<br />
-Carta de motivação, contendo disponibilidade de horário.</p>
<p>As informações completas estão no <a href="https://www.ufmg.br/proex/wp-content/uploads/2025/06/EDITAL-068-2025-LICEX-PRO-IMIGRANTE.pdf" target="_blank" rel="noopener">edital de seleção.</a></p>

<p>O projeto de extensão Pró-Imigrantes, da Faculdade de Letras da [&hellip;]</p>
