{"id":6046,"date":"2022-09-02T22:24:22","date_gmt":"2022-09-03T01:24:22","guid":{"rendered":"https:\/\/www.ufmg.br\/proex\/?page_id=6046"},"modified":"2025-02-19T09:25:25","modified_gmt":"2025-02-19T12:25:25","slug":"comviver","status":"publish","type":"page","link":"https:\/\/www.ufmg.br\/proex\/comviver\/","title":{"rendered":"Programa COMviver"},"content":{"rendered":"<p><span style=\"font-weight: 400;\">Est\u00e3o abertas, <strong>at\u00e9 20 de fevereiro de 2025<\/strong>, as inscri\u00e7\u00f5es para bolsa PBEXT no programa de extens\u00e3o <a href=\"https:\/\/sistemas.ufmg.br\/siex\/VerIdentificacao.do?id=89177&amp;tipo=Programa&amp;modo=abrir\" target=\"_blank\" rel=\"noopener\">COMviver: Conhecer, Ver, Investigar, Vivenciar, Elaborar, Refletir<\/a>.\u00a0<\/span><\/p>\n<p><span style=\"font-weight: 400;\">Podem se inscrever no processo seletivo alunos e alunas de cursos de gradua\u00e7\u00e3o da UFMG.<\/span><\/p>\n<p><strong>Valor da bolsa<\/strong>: 700,00\/mensal<br \/>\n<strong>Vig\u00eancia:<\/strong> mar\u00e7o de 2025 a fevereiro de 2026<\/p>\n<p>O (a) discente selecionado (a) realizar\u00e1 atividades interativas em institui\u00e7\u00f5es de cuidado \u00e0 sa\u00fade de Belo Horizonte.<\/p>\n<p><span style=\"font-weight: 400;\">Os candidatos (as) devem manifestar interessar enviando e-mail para <a href=\"mailto:selecaobiocoltec@gmail.com\" target=\"_blank\" rel=\"noopener\">selecaobiocoltec@gmail.com<\/a>\u00a0<\/span><\/p>\n<p>Vinculado ao Col\u00e9gio T\u00e9cnico (Coltec UFMG), o programa COMviver integra estudantes do ensino profissional e estudantes da gradua\u00e7\u00e3o para compartilharem saberes e vivenciarem pr\u00e1ticas multidisciplinares de apoio a crian\u00e7as, adultos e idosos. As atividades s\u00e3o realizadas em institui\u00e7\u00f5es parceiras, como Hospital da Baleia e Lar das Idosas Santa Gema Galgani.<\/p>\n<p>Outras informa\u00e7\u00f5es devem ser solicitadas pelo e-mail ou <a href=\"https:\/\/www.instagram.com\/pro.comviver\/\" target=\"_blank\" rel=\"noopener\">Instagram<\/a> do programa.<\/p>\n<p>&nbsp;<\/p>\n","protected":false},"excerpt":{"rendered":"<p>Est\u00e3o abertas, at\u00e9 20 de fevereiro de 2025, as inscri\u00e7\u00f5es [&hellip;]<\/p>\n","protected":false},"author":1,"featured_media":0,"parent":0,"menu_order":0,"comment_status":"closed","ping_status":"closed","template":"","meta":[],"tags":[191,23,29],"_links":{"self":[{"href":"https:\/\/www.ufmg.br\/proex\/wp-json\/wp\/v2\/pages\/6046"}],"collection":[{"href":"https:\/\/www.ufmg.br\/proex\/wp-json\/wp\/v2\/pages"}],"about":[{"href":"https:\/\/www.ufmg.br\/proex\/wp-json\/wp\/v2\/types\/page"}],"author":[{"embeddable":true,"href":"https:\/\/www.ufmg.br\/proex\/wp-json\/wp\/v2\/users\/1"}],"replies":[{"embeddable":true,"href":"https:\/\/www.ufmg.br\/proex\/wp-json\/wp\/v2\/comments?post=6046"}],"version-history":[{"count":19,"href":"https:\/\/www.ufmg.br\/proex\/wp-json\/wp\/v2\/pages\/6046\/revisions"}],"predecessor-version":[{"id":14647,"href":"https:\/\/www.ufmg.br\/proex\/wp-json\/wp\/v2\/pages\/6046\/revisions\/14647"}],"wp:attachment":[{"href":"https:\/\/www.ufmg.br\/proex\/wp-json\/wp\/v2\/media?parent=6046"}],"wp:term":[{"taxonomy":"post_tag","embeddable":true,"href":"https:\/\/www.ufmg.br\/proex\/wp-json\/wp\/v2\/tags?post=6046"}],"curies":[{"name":"wp","href":"https:\/\/api.w.org\/{rel}","templated":true}]}}