{"id":6060,"date":"2022-09-27T10:11:44","date_gmt":"2022-09-27T13:11:44","guid":{"rendered":"https:\/\/www.ufmg.br\/proex\/?page_id=6060"},"modified":"2025-04-23T17:19:07","modified_gmt":"2025-04-23T20:19:07","slug":"interfaces","status":"publish","type":"page","link":"https:\/\/www.ufmg.br\/proex\/interfaces\/","title":{"rendered":"Revista Interfaces &#8211; resultado final"},"content":{"rendered":"<p>Informamos o resultado final do processo seletivo de bolsistas para a\u00a0<a href=\"https:\/\/periodicos.ufmg.br\/index.php\/revistainterfaces\" target=\"_blank\" rel=\"noopener\">Interfaces &#8211; Revista de Extens\u00e3o da UFMG:<\/a><\/p>\n<div class=\"gmail_default\">\n<div>\n<p><strong>Edital revisor<\/strong><br \/>\n1. Barbara Gomes Franco<br \/>\n2. Thaissa Vitoria Neves de Zbreu<\/p>\n<p><strong>Edital pesquisa<\/strong><br \/>\n1. N\u00fabia Vit\u00f3ria Moreira Diniz<br \/>\n2. Bianca Maria Vieira<br \/>\n3. Leonardo Pereira Carvalho Felix<\/p>\n<p><strong>Edital design gr\u00e1fico<\/strong><br \/>\n1. Bernardo Silva Rabelo<br \/>\n2. Lucas Prota Crippa<br \/>\n3. Yasmin Carolli de Carvalho Silveira<br \/>\n4. Joelle Soares de Carvalho<\/p>\n<p>Foram disponibilizadas <strong>cinco vagas<\/strong> de bolsa na modalidade Apoio \u00e0 Pol\u00edtica de Extens\u00e3o (APEX):<br \/>\n&#8211; 2 bolsas para revisor: estudantes do curso de Letras<br \/>\n&#8211; 1 bolsa para pesquisa: estudantes dos cursos de Letras ou Biblioteconomia<br \/>\n&#8211; 2 bolsas para design gr\u00e1fico: estudantes dos cursos de Design ou Artes Visuais<\/p>\n<p><strong>Vig\u00eancia da bolsa<\/strong>: maio de 2025 e abril de 2026<br \/>\n<strong>Valor<\/strong>: 700\/mensal<\/p>\n<\/div>\n<\/div>\n<div>\n<p>As informa\u00e7\u00f5es completas est\u00e3o nos respectivos editais:<br \/>\n<a href=\"https:\/\/www.ufmg.br\/proex\/wp-content\/uploads\/2025\/03\/edital_deisgn_interfaces.pdf\" target=\"_blank\" rel=\"noopener\">Edital design gr\u00e1fico<\/a><br \/>\n<a href=\"https:\/\/www.ufmg.br\/proex\/wp-content\/uploads\/2025\/03\/edital_revisao_interfaces.pdf\" target=\"_blank\" rel=\"noopener\">Edital revisor<\/a><br \/>\n<a href=\"https:\/\/www.ufmg.br\/proex\/wp-content\/uploads\/2025\/03\/edital_pesquisa_interfaces-1.pdf\" target=\"_blank\" rel=\"noopener\">Edital pesquisa<\/a><\/p>\n<\/div>\n<p><strong>Peri\u00f3dico da extens\u00e3o da UFMG<br \/>\n<\/strong>Vinculada \u00e0 Pr\u00f3-reitoria de Extens\u00e3o (Proex) da UFMG, a Revista Interfaces re\u00fane artigos com an\u00e1lises e reflex\u00f5es sobre os fundamentos, os conceitos, as experi\u00eancias extensionistas e suas repercuss\u00f5es nos contextos nacional e internacional. O objetivo \u00e9 fortalecer o di\u00e1logo da universidade com a sociedade e os processos de forma\u00e7\u00e3o acad\u00eamica e cidad\u00e3.<\/p>\n<p>A revista tem fluxo cont\u00ednuo de publica\u00e7\u00e3o, sendo disponibilizada, gratuitamente, de forma on-line. Siga o perfil da Interfaces no <a href=\"https:\/\/www.instagram.com\/revistainterfaces_ufmg\/\" target=\"_blank\" rel=\"noopener\">Instagram<\/a>.<\/p>\n","protected":false},"excerpt":{"rendered":"<p>Informamos o resultado final do processo seletivo de bolsistas para [&hellip;]<\/p>\n","protected":false},"author":1,"featured_media":0,"parent":0,"menu_order":0,"comment_status":"closed","ping_status":"closed","template":"","meta":[],"tags":[191,23,575],"_links":{"self":[{"href":"https:\/\/www.ufmg.br\/proex\/wp-json\/wp\/v2\/pages\/6060"}],"collection":[{"href":"https:\/\/www.ufmg.br\/proex\/wp-json\/wp\/v2\/pages"}],"about":[{"href":"https:\/\/www.ufmg.br\/proex\/wp-json\/wp\/v2\/types\/page"}],"author":[{"embeddable":true,"href":"https:\/\/www.ufmg.br\/proex\/wp-json\/wp\/v2\/users\/1"}],"replies":[{"embeddable":true,"href":"https:\/\/www.ufmg.br\/proex\/wp-json\/wp\/v2\/comments?post=6060"}],"version-history":[{"count":79,"href":"https:\/\/www.ufmg.br\/proex\/wp-json\/wp\/v2\/pages\/6060\/revisions"}],"predecessor-version":[{"id":15197,"href":"https:\/\/www.ufmg.br\/proex\/wp-json\/wp\/v2\/pages\/6060\/revisions\/15197"}],"wp:attachment":[{"href":"https:\/\/www.ufmg.br\/proex\/wp-json\/wp\/v2\/media?parent=6060"}],"wp:term":[{"taxonomy":"post_tag","embeddable":true,"href":"https:\/\/www.ufmg.br\/proex\/wp-json\/wp\/v2\/tags?post=6060"}],"curies":[{"name":"wp","href":"https:\/\/api.w.org\/{rel}","templated":true}]}}

<p>Informamos o resultado final do processo seletivo de bolsistas para a <a href="https://periodicos.ufmg.br/index.php/revistainterfaces" target="_blank" rel="noopener">Interfaces &#8211; Revista de Extensão da UFMG:</a></p>
<div class="gmail_default">
<div>
<p><strong>Edital revisor</strong><br />
1. Barbara Gomes Franco<br />
2. Thaissa Vitoria Neves de Zbreu</p>
<p><strong>Edital pesquisa</strong><br />
1. Núbia Vitória Moreira Diniz<br />
2. Bianca Maria Vieira<br />
3. Leonardo Pereira Carvalho Felix</p>
<p><strong>Edital design gráfico</strong><br />
1. Bernardo Silva Rabelo<br />
2. Lucas Prota Crippa<br />
3. Yasmin Carolli de Carvalho Silveira<br />
4. Joelle Soares de Carvalho</p>
<p>Foram disponibilizadas <strong>cinco vagas</strong> de bolsa na modalidade Apoio à Política de Extensão (APEX):<br />
&#8211; 2 bolsas para revisor: estudantes do curso de Letras<br />
&#8211; 1 bolsa para pesquisa: estudantes dos cursos de Letras ou Biblioteconomia<br />
&#8211; 2 bolsas para design gráfico: estudantes dos cursos de Design ou Artes Visuais</p>
<p><strong>Vigência da bolsa</strong>: maio de 2025 e abril de 2026<br />
<strong>Valor</strong>: 700/mensal</p>
</div>
</div>
<div>
<p>As informações completas estão nos respectivos editais:<br />
<a href="https://www.ufmg.br/proex/wp-content/uploads/2025/03/edital_deisgn_interfaces.pdf" target="_blank" rel="noopener">Edital design gráfico</a><br />
<a href="https://www.ufmg.br/proex/wp-content/uploads/2025/03/edital_revisao_interfaces.pdf" target="_blank" rel="noopener">Edital revisor</a><br />
<a href="https://www.ufmg.br/proex/wp-content/uploads/2025/03/edital_pesquisa_interfaces-1.pdf" target="_blank" rel="noopener">Edital pesquisa</a></p>
</div>
<p><strong>Periódico da extensão da UFMG<br />
</strong>Vinculada à Pró-reitoria de Extensão (Proex) da UFMG, a Revista Interfaces reúne artigos com análises e reflexões sobre os fundamentos, os conceitos, as experiências extensionistas e suas repercussões nos contextos nacional e internacional. O objetivo é fortalecer o diálogo da universidade com a sociedade e os processos de formação acadêmica e cidadã.</p>
<p>A revista tem fluxo contínuo de publicação, sendo disponibilizada, gratuitamente, de forma on-line. Siga o perfil da Interfaces no <a href="https://www.instagram.com/revistainterfaces_ufmg/" target="_blank" rel="noopener">Instagram</a>.</p>
