{"id":6629,"date":"2022-11-24T14:52:15","date_gmt":"2022-11-24T17:52:15","guid":{"rendered":"https:\/\/www.ufmg.br\/proex\/?page_id=6629"},"modified":"2022-12-02T08:49:07","modified_gmt":"2022-12-02T11:49:07","slug":"afixacaodefaixas","status":"publish","type":"page","link":"https:\/\/www.ufmg.br\/proex\/compras\/afixacaodefaixas\/","title":{"rendered":"Afixa\u00e7\u00e3o de faixas"},"content":{"rendered":"<p>A coloca\u00e7\u00e3o de faixas nos <em>campi<\/em> da UFMG dever\u00e1 ser previamente aprovada pelo DLO, conforme as Portarias 03215 da Reitoria, de 14\/10\/04 e 03615 da Pr\u00f3-Reitoria de Administra\u00e7\u00e3o, de 15\/09\/04.<\/p>\n<p>A autoriza\u00e7\u00e3o obedecer\u00e1 a uma s\u00e9rie de crit\u00e9rios, como a vincula\u00e7\u00e3o a atividades de ensino, pesquisa ou extens\u00e3o da Universidade e n\u00e3o exist\u00eancia de erros gramaticais ou ortogr\u00e1ficos.<\/p>\n<p>Para pleitear a reservar do espa\u00e7o no qual se pretende afixar a faixa, devem ser enviadas para o e-mail <a href=\"mailto:scompras@proex.ufmg.br\">scompras@proex.ufmg.br<\/a> as seguintes informa\u00e7\u00f5es:<\/p>\n<ol>\n<li>Pontos pretendidos para a instala\u00e7\u00e3o (<a href=\"https:\/\/www.ufmg.br\/proex\/wp-content\/uploads\/2022\/11\/Mapa-Campus-Pampulha-UFMG-Afixacao-de-Faixa.gif\" target=\"_blank\" rel=\"noopener\">c<\/a><a href=\"https:\/\/www.ufmg.br\/proex\/wp-content\/uploads\/2022\/11\/Mapa-Campus-Pampulha-UFMG-Afixacao-de-Faixa.gif\" target=\"_blank\" rel=\"noopener\">onforme mapa<\/a>);<\/li>\n<li>Per\u00edodo pretendido; 05 cinco dias, podendo ser prorrogado por mais 05 dias, caso o ponto esteja dispon\u00edvel;<\/li>\n<li>Dizeres da faixa;<\/li>\n<li>Nome, telefone e e-mail do solicitante;<\/li>\n<li>Dados do fornecedor escolhido para a afixa\u00e7\u00e3o das faixas (Nome, CNPJ, endere\u00e7o, e-mail e telefone).<\/li>\n<\/ol>\n<p>&nbsp;<\/p>\n","protected":false},"excerpt":{"rendered":"<p>A coloca\u00e7\u00e3o de faixas nos campi da UFMG dever\u00e1 ser [&hellip;]<\/p>\n","protected":false},"author":2,"featured_media":0,"parent":6516,"menu_order":0,"comment_status":"closed","ping_status":"closed","template":"","meta":[],"tags":[],"_links":{"self":[{"href":"https:\/\/www.ufmg.br\/proex\/wp-json\/wp\/v2\/pages\/6629"}],"collection":[{"href":"https:\/\/www.ufmg.br\/proex\/wp-json\/wp\/v2\/pages"}],"about":[{"href":"https:\/\/www.ufmg.br\/proex\/wp-json\/wp\/v2\/types\/page"}],"author":[{"embeddable":true,"href":"https:\/\/www.ufmg.br\/proex\/wp-json\/wp\/v2\/users\/2"}],"replies":[{"embeddable":true,"href":"https:\/\/www.ufmg.br\/proex\/wp-json\/wp\/v2\/comments?post=6629"}],"version-history":[{"count":9,"href":"https:\/\/www.ufmg.br\/proex\/wp-json\/wp\/v2\/pages\/6629\/revisions"}],"predecessor-version":[{"id":6731,"href":"https:\/\/www.ufmg.br\/proex\/wp-json\/wp\/v2\/pages\/6629\/revisions\/6731"}],"up":[{"embeddable":true,"href":"https:\/\/www.ufmg.br\/proex\/wp-json\/wp\/v2\/pages\/6516"}],"wp:attachment":[{"href":"https:\/\/www.ufmg.br\/proex\/wp-json\/wp\/v2\/media?parent=6629"}],"wp:term":[{"taxonomy":"post_tag","embeddable":true,"href":"https:\/\/www.ufmg.br\/proex\/wp-json\/wp\/v2\/tags?post=6629"}],"curies":[{"name":"wp","href":"https:\/\/api.w.org\/{rel}","templated":true}]}}