{"id":665,"date":"2021-08-04T18:02:27","date_gmt":"2021-08-04T21:02:27","guid":{"rendered":"https:\/\/www.ufmg.br\/proex\/?page_id=665"},"modified":"2026-04-02T12:00:00","modified_gmt":"2026-04-02T15:00:00","slug":"cursos-de-aperfeicoamento","status":"publish","type":"page","link":"https:\/\/www.ufmg.br\/proex\/cursos-de-aperfeicoamento\/","title":{"rendered":"Cursos de Aperfei\u00e7oamento"},"content":{"rendered":"<p>Os <strong>Cursos de Aperfei\u00e7oamento<\/strong> s\u00e3o atividades pedag\u00f3gicas de car\u00e1ter te\u00f3rico e\/ou pr\u00e1tico, oferecidas nas modalidades <strong>presencial, semipresencial ou a dist\u00e2ncia<\/strong>, com carga hor\u00e1ria m\u00ednima de 180 horas. Destinam-se \u00e0 educa\u00e7\u00e3o continuada de profissionais com titula\u00e7\u00e3o de n\u00edvel superior, visando aprimorar habilidades t\u00e9cnicas, cient\u00edficas, art\u00edsticas e culturais.<\/p>\n<p>Esses cursos s\u00e3o regulamentados pela <a href=\"https:\/\/www.ufmg.br\/proex\/wp-content\/uploads\/2026\/03\/SEI-UFMG-Resolucao-CEPE-01_2026-CURSO-APERFEICOAMENTO.pdf\" target=\"_blank\" rel=\"noopener\">Resolu\u00e7\u00e3o CEPE n\u00ba 01\/2026<\/a>, que atualizou as diretrizes anteriormente estabelecidas pela Resolu\u00e7\u00e3o n\u00ba 04\/2021 (revogada). A nova norma simplificou processos, ampliou as modalidades de oferta e fortaleceu o papel da C\u00e2mara de Extens\u00e3o e dos Centros de Extens\u00e3o (CENEX) na gest\u00e3o dessas atividades.<\/p>\n<p>O <a href=\"https:\/\/www.ufmg.br\/proex\/wp-content\/uploads\/2026\/04\/Regulamento-Cursos-Aperfeicoamento-Revisado-2.docx\" target=\"_blank\" rel=\"noopener\">regulamento do curso<\/a> \u00e9 o documento que formaliza as regras da rela\u00e7\u00e3o entre a unidade proponente e os cursistas. Ele deve refletir as especificidades de cada curso e ser elaborado com base no modelo atualizado disponibilizado pela PROEX. Recomendamos que a coordena\u00e7\u00e3o conhe\u00e7a o novo modelo para garantir alinhamento com as exig\u00eancias vigentes.<\/p>\n<h3><strong>Fique atento ao que mudou!<\/strong><\/h3>\n<p>&nbsp;<\/p>\n<p>Para ajudar na transi\u00e7\u00e3o, preparamos um<a href=\"https:\/\/www.ufmg.br\/proex\/wp-content\/uploads\/2026\/04\/QUADRO-COMPARATIVO-Regimento-Atualizado.pdf\" target=\"_blank\" rel=\"noopener\"> material comparativo entre as resolu\u00e7\u00f5es 04\/2021 e 01\/2026<\/a>. Vale a pena conferir as principais novidades antes de elaborar sua proposta.<\/p>\n<p>Ap\u00f3s a conclus\u00e3o de cada turma, a coordena\u00e7\u00e3o dever\u00e1 preencher o <strong>Relat\u00f3rio de Conclus\u00e3o de Turma<\/strong> e encaminh\u00e1-lo ao CENEX de sua unidade. A <strong>certifica\u00e7\u00e3o<\/strong> dos participantes ser\u00e1 realizada por meio do <a href=\"https:\/\/sistemas.ufmg.br\/cediex\/home.seam\" target=\"_blank\" rel=\"noopener\">CEDIEX<\/a>, seguindo os fluxos definidos pela C\u00e2mara de Extens\u00e3o.<\/p>\n<p>Qualquer d\u00favida, o <a href=\"https:\/\/www.ufmg.br\/proex\/centros-de-extensao\/\" target=\"_blank\" rel=\"noopener\">CENEX da sua unidade<\/a> est\u00e1 \u00e0 disposi\u00e7\u00e3o para apoiar a elabora\u00e7\u00e3o das propostas!<\/p>\n<p>&nbsp;<\/p>\n<p>&nbsp;<\/p>\n","protected":false},"excerpt":{"rendered":"<p>Os Cursos de Aperfei\u00e7oamento s\u00e3o atividades pedag\u00f3gicas de car\u00e1ter te\u00f3rico [&hellip;]<\/p>\n","protected":false},"author":2,"featured_media":0,"parent":0,"menu_order":0,"comment_status":"closed","ping_status":"closed","template":"","meta":[],"tags":[51,709,23,4],"_links":{"self":[{"href":"https:\/\/www.ufmg.br\/proex\/wp-json\/wp\/v2\/pages\/665"}],"collection":[{"href":"https:\/\/www.ufmg.br\/proex\/wp-json\/wp\/v2\/pages"}],"about":[{"href":"https:\/\/www.ufmg.br\/proex\/wp-json\/wp\/v2\/types\/page"}],"author":[{"embeddable":true,"href":"https:\/\/www.ufmg.br\/proex\/wp-json\/wp\/v2\/users\/2"}],"replies":[{"embeddable":true,"href":"https:\/\/www.ufmg.br\/proex\/wp-json\/wp\/v2\/comments?post=665"}],"version-history":[{"count":51,"href":"https:\/\/www.ufmg.br\/proex\/wp-json\/wp\/v2\/pages\/665\/revisions"}],"predecessor-version":[{"id":17562,"href":"https:\/\/www.ufmg.br\/proex\/wp-json\/wp\/v2\/pages\/665\/revisions\/17562"}],"wp:attachment":[{"href":"https:\/\/www.ufmg.br\/proex\/wp-json\/wp\/v2\/media?parent=665"}],"wp:term":[{"taxonomy":"post_tag","embeddable":true,"href":"https:\/\/www.ufmg.br\/proex\/wp-json\/wp\/v2\/tags?post=665"}],"curies":[{"name":"wp","href":"https:\/\/api.w.org\/{rel}","templated":true}]}}

Cursos de Aperfeiçoamento

<p>Os <strong>Cursos de Aperfeiçoamento</strong> são atividades pedagógicas de caráter teórico e/ou prático, oferecidas nas modalidades <strong>presencial, semipresencial ou a distância</strong>, com carga horária mínima de 180 horas. Destinam-se à educação continuada de profissionais com titulação de nível superior, visando aprimorar habilidades técnicas, científicas, artísticas e culturais.</p>
<p>Esses cursos são regulamentados pela <a href="https://www.ufmg.br/proex/wp-content/uploads/2026/03/SEI-UFMG-Resolucao-CEPE-01_2026-CURSO-APERFEICOAMENTO.pdf" target="_blank" rel="noopener">Resolução CEPE nº 01/2026</a>, que atualizou as diretrizes anteriormente estabelecidas pela Resolução nº 04/2021 (revogada). A nova norma simplificou processos, ampliou as modalidades de oferta e fortaleceu o papel da Câmara de Extensão e dos Centros de Extensão (CENEX) na gestão dessas atividades.</p>
<p>O <a href="https://www.ufmg.br/proex/wp-content/uploads/2026/04/Regulamento-Cursos-Aperfeicoamento-Revisado-2.docx" target="_blank" rel="noopener">regulamento do curso</a> é o documento que formaliza as regras da relação entre a unidade proponente e os cursistas. Ele deve refletir as especificidades de cada curso e ser elaborado com base no modelo atualizado disponibilizado pela PROEX. Recomendamos que a coordenação conheça o novo modelo para garantir alinhamento com as exigências vigentes.</p>
<h3><strong>Fique atento ao que mudou!</strong></h3>
<p>&nbsp;</p>
<p>Para ajudar na transição, preparamos um<a href="https://www.ufmg.br/proex/wp-content/uploads/2026/04/QUADRO-COMPARATIVO-Regimento-Atualizado.pdf" target="_blank" rel="noopener"> material comparativo entre as resoluções 04/2021 e 01/2026</a>. Vale a pena conferir as principais novidades antes de elaborar sua proposta.</p>
<p>Após a conclusão de cada turma, a coordenação deverá preencher o <strong>Relatório de Conclusão de Turma</strong> e encaminhá-lo ao CENEX de sua unidade. A <strong>certificação</strong> dos participantes será realizada por meio do <a href="https://sistemas.ufmg.br/cediex/home.seam" target="_blank" rel="noopener">CEDIEX</a>, seguindo os fluxos definidos pela Câmara de Extensão.</p>
<p>Qualquer dúvida, o <a href="https://www.ufmg.br/proex/centros-de-extensao/" target="_blank" rel="noopener">CENEX da sua unidade</a> está à disposição para apoiar a elaboração das propostas!</p>
<p>&nbsp;</p>
<p>&nbsp;</p>

<p>Os Cursos de Aperfeiçoamento são atividades pedagógicas de caráter teórico [&hellip;]</p>
