{"id":6992,"date":"2025-01-23T09:44:04","date_gmt":"2025-01-23T12:44:04","guid":{"rendered":"https:\/\/www.ufmg.br\/proex\/?page_id=6992"},"modified":"2026-01-19T13:47:18","modified_gmt":"2026-01-19T16:47:18","slug":"aproxime-se","status":"publish","type":"page","link":"https:\/\/www.ufmg.br\/proex\/aproxime-se\/","title":{"rendered":"Programa Aproxime-se"},"content":{"rendered":"<p>O <a href=\"https:\/\/www.ufmg.br\/dedd\/extensao\/programa-aproxime-se\/\" target=\"_blank\" rel=\"noopener\">Aproxime-se<\/a>, programa de extens\u00e3o da Diretoria de Educa\u00e7\u00e3o a Dist\u00e2ncia e Educa\u00e7\u00e3o Digital (DEDD\/UFMG), est\u00e1 com inscri\u00e7\u00f5es para sele\u00e7\u00e3o de estudantes interessados em atuar na iniciativa em 2026.<\/p>\n<p>As inscri\u00e7\u00f5es v\u00e3o <strong>at\u00e9 as 17h do dia 23\/01\/2026<\/strong>, via <a href=\"https:\/\/gpi.caed.ufmg.br\/index.php\/845118?lang=pt-BR\" target=\"_blank\" rel=\"noopener\">formul\u00e1rio eletr\u00f4nico<\/a>. A participa\u00e7\u00e3o \u00e9 aberta a graduandos da UFMG, regularmente matriculados entre o 3\u00ba e o 5\u00ba per\u00edodo no segundo semestre de 2025, com disponibilidade para dedicar 20 horas semanais \u00e0s atividades.<\/p>\n<p>As atividades desenvolvidas envolvem reuni\u00f5es, encontros com a coordena\u00e7\u00e3o do programa e viagens para a promo\u00e7\u00e3o dos eventos propostos pela iniciativa, realizados geralmente, aos s\u00e1bados.<\/p>\n<p>Uma das vagas ser\u00e1 destinada a candidatos de ampla concorr\u00eancia (Pbext) e, a outra, para p\u00fablicos contempladas por a\u00e7\u00f5es afirmativas (Pbext Afirmativa).<\/p>\n<p>A sele\u00e7\u00e3o incluir\u00e1 as seguintes etapas:<br \/>\nAn\u00e1lise da documenta\u00e7\u00e3o apresentada pelo candidato;<br \/>\nProva virtual de conhecimentos sobre extens\u00e3o e o Programa Aproxime-se; e<br \/>\nEntrevista, realizada por videoconfer\u00eancia.<\/p>\n<p>Os selecionados contar\u00e3o com bolsa de R$ 700 mensais, vigente de mar\u00e7o de 2026 a fevereiro de 2027.<\/p>\n<p>O resultado final ser\u00e1 divulgado a partir do dia 25 de fevereiro.<\/p>\n<p><b>O programa\u00a0<\/b><\/p>\n<p>Criado em 2013, o\u00a0Aproxime-se \u00e9 um programa de extens\u00e3o\u00a0da DEDD\/UFMG que visa aproximar a Universidade, o polo de apoio presencial e a comunidade (acad\u00eamica e local), por meio da promo\u00e7\u00e3o de atividades como sess\u00f5es de cinema comentado, palestras, minicursos e apresenta\u00e7\u00f5es culturais nos munic\u00edpios contemplados a cada edi\u00e7\u00e3o.<\/p>\n<p>A iniciativa tem como objetivos ampliar a forma\u00e7\u00e3o de alunos dos cursos de gradua\u00e7\u00e3o da UFMG, oferecendo uma experi\u00eancia \u00fanica de extens\u00e3o e pesquisa universit\u00e1rias a partir da intera\u00e7\u00e3o com os moradores das cidades que sediam polos que ofertam cursos de gradua\u00e7\u00e3o e de especializa\u00e7\u00e3o da UAB na UFMG. O programa oportuniza, ainda, o cumprimento de exig\u00eancias curriculares, como as atividades complementares.<\/p>\n<p>&nbsp;<\/p>\n","protected":false},"excerpt":{"rendered":"<p>O Aproxime-se, programa de extens\u00e3o da Diretoria de Educa\u00e7\u00e3o a [&hellip;]<\/p>\n","protected":false},"author":2,"featured_media":0,"parent":0,"menu_order":0,"comment_status":"closed","ping_status":"closed","template":"","meta":[],"tags":[191,23,29],"_links":{"self":[{"href":"https:\/\/www.ufmg.br\/proex\/wp-json\/wp\/v2\/pages\/6992"}],"collection":[{"href":"https:\/\/www.ufmg.br\/proex\/wp-json\/wp\/v2\/pages"}],"about":[{"href":"https:\/\/www.ufmg.br\/proex\/wp-json\/wp\/v2\/types\/page"}],"author":[{"embeddable":true,"href":"https:\/\/www.ufmg.br\/proex\/wp-json\/wp\/v2\/users\/2"}],"replies":[{"embeddable":true,"href":"https:\/\/www.ufmg.br\/proex\/wp-json\/wp\/v2\/comments?post=6992"}],"version-history":[{"count":20,"href":"https:\/\/www.ufmg.br\/proex\/wp-json\/wp\/v2\/pages\/6992\/revisions"}],"predecessor-version":[{"id":16983,"href":"https:\/\/www.ufmg.br\/proex\/wp-json\/wp\/v2\/pages\/6992\/revisions\/16983"}],"wp:attachment":[{"href":"https:\/\/www.ufmg.br\/proex\/wp-json\/wp\/v2\/media?parent=6992"}],"wp:term":[{"taxonomy":"post_tag","embeddable":true,"href":"https:\/\/www.ufmg.br\/proex\/wp-json\/wp\/v2\/tags?post=6992"}],"curies":[{"name":"wp","href":"https:\/\/api.w.org\/{rel}","templated":true}]}}

<p>O <a href="https://www.ufmg.br/dedd/extensao/programa-aproxime-se/" target="_blank" rel="noopener">Aproxime-se</a>, programa de extensão da Diretoria de Educação a Distância e Educação Digital (DEDD/UFMG), está com inscrições para seleção de estudantes interessados em atuar na iniciativa em 2026.</p>
<p>As inscrições vão <strong>até as 17h do dia 23/01/2026</strong>, via <a href="https://gpi.caed.ufmg.br/index.php/845118?lang=pt-BR" target="_blank" rel="noopener">formulário eletrônico</a>. A participação é aberta a graduandos da UFMG, regularmente matriculados entre o 3º e o 5º período no segundo semestre de 2025, com disponibilidade para dedicar 20 horas semanais às atividades.</p>
<p>As atividades desenvolvidas envolvem reuniões, encontros com a coordenação do programa e viagens para a promoção dos eventos propostos pela iniciativa, realizados geralmente, aos sábados.</p>
<p>Uma das vagas será destinada a candidatos de ampla concorrência (Pbext) e, a outra, para públicos contempladas por ações afirmativas (Pbext Afirmativa).</p>
<p>A seleção incluirá as seguintes etapas:<br />
Análise da documentação apresentada pelo candidato;<br />
Prova virtual de conhecimentos sobre extensão e o Programa Aproxime-se; e<br />
Entrevista, realizada por videoconferência.</p>
<p>Os selecionados contarão com bolsa de R$ 700 mensais, vigente de março de 2026 a fevereiro de 2027.</p>
<p>O resultado final será divulgado a partir do dia 25 de fevereiro.</p>
<p><b>O programa </b></p>
<p>Criado em 2013, o Aproxime-se é um programa de extensão da DEDD/UFMG que visa aproximar a Universidade, o polo de apoio presencial e a comunidade (acadêmica e local), por meio da promoção de atividades como sessões de cinema comentado, palestras, minicursos e apresentações culturais nos municípios contemplados a cada edição.</p>
<p>A iniciativa tem como objetivos ampliar a formação de alunos dos cursos de graduação da UFMG, oferecendo uma experiência única de extensão e pesquisa universitárias a partir da interação com os moradores das cidades que sediam polos que ofertam cursos de graduação e de especialização da UAB na UFMG. O programa oportuniza, ainda, o cumprimento de exigências curriculares, como as atividades complementares.</p>
<p>&nbsp;</p>

<p>O Aproxime-se, programa de extensão da Diretoria de Educação a [&hellip;]</p>
