{"id":7024,"date":"2023-01-25T11:32:38","date_gmt":"2023-01-25T14:32:38","guid":{"rendered":"https:\/\/www.ufmg.br\/proex\/?page_id=7024"},"modified":"2023-01-25T11:36:45","modified_gmt":"2023-01-25T14:36:45","slug":"programa-de-gastropediatria-da-faculdade-de-medicina","status":"publish","type":"page","link":"https:\/\/www.ufmg.br\/proex\/programa-de-gastropediatria-da-faculdade-de-medicina\/","title":{"rendered":"Programa de gastropediatria da Medicina"},"content":{"rendered":"<div>\n<p>A Faculdade de Medicina da UFMG abriu inscri\u00e7\u00f5es para 02 (duas) vagas para atua\u00e7\u00e3o no Programa \u2013 Aten\u00e7\u00e3o Integral \u00e0 Sa\u00fade de Crian\u00e7as e Adolescentes com Dist\u00farbios Gastrointestinais: 01 (uma) bolsa de extens\u00e3o na modalidade PBEXT e 01 (uma) na modalidade PBEXT A\u00c7\u00c3O AFIRMATIVA.<\/p>\n<p>O aluno selecionado cumprir\u00e1 uma\u00a0jornada de 12 horas semanais, com disponibilidade para\u00a0atividades presenciais no ambulat\u00f3rio S\u00e3o Vicente do Hospital das Cl\u00ednicas. O per\u00edodo de vig\u00eancia da bolsa ser\u00e1 de mar\u00e7o de 2023 a fevereiro de 2024.<\/p>\n<p>As inscri\u00e7\u00f5es v\u00e3o <strong>at\u00e9 10 de fevereiro de 2023<\/strong> e podem participar da sele\u00e7\u00e3o alunos regularmente matriculados no curso de gradua\u00e7\u00e3o em Medicina (do 5\u00ba ao 7\u00b0 per\u00edodo no primeiro semestre letivo de 2023) e Nutri\u00e7\u00e3o (do 5\u00b0 ao 6\u00b0 per\u00edodo) da UFMG e que tenham disponibilidade para atividades no ambulat\u00f3rio na segunda-feira \u00e0 tarde, na quarta-feira pela manh\u00e3 e\/ou quinta-feira \u00e0 tarde.<\/p>\n<p><strong>Inscri\u00e7\u00f5es<\/strong><\/p>\n<p>As inscri\u00e7\u00f5es ser\u00e3o efetuadas por meio do envio de Curriculum Vitae (modelo Lattes CNPq), hist\u00f3rico escolar e carta de inten\u00e7\u00e3o para o endere\u00e7o eletr\u00f4nico <a href=\"mailto:eleonoradruve@gmail.com\" target=\"_blank\" rel=\"noopener\">eleonoradruve@gmail.com<\/a>.<\/p>\n<p>Na carta de inten\u00e7\u00e3o, deve constar uma breve descri\u00e7\u00e3o sobre o interesse do aluno no projeto e proposi\u00e7\u00e3o de novas ideias para serem incorporadas (m\u00e1ximo 1 lauda). Caso haja experi\u00eancia anterior com v\u00eddeos educativos anexar o link.<\/p>\n<p>O e-mail dever\u00e1 conter ainda os seguintes dados:<br \/>\n&#8211; Nome completo:<br \/>\n&#8211; Inscri\u00e7\u00e3o na UFMG:<br \/>\n&#8211; Per\u00edodo em curso no primeiro semestre letivo de 2023:<br \/>\n&#8211; Telefones\/e-mail para contato:<br \/>\n&#8211; Para a bolsa PBEXT A\u00c7\u00c3O AFIRMATIVA, anexar comprovante de modalidade de ingresso por a\u00e7\u00f5es afirmativas ou de ser aluno FUMP I, II ou III<\/p>\n<p>O resultado geral ser\u00e1 divulgado at\u00e9 o dia 28 de fevereiro de 2023, podendo sair antes, por e-mail ou no site do CENEX da Faculdade de Medicina.<\/p>\n<p>As informa\u00e7\u00f5es completas est\u00e3o no <a href=\"https:\/\/www.medicina.ufmg.br\/cenex\/wp-content\/uploads\/sites\/52\/2023\/01\/Edital-bolsistas-GastroPed-2023.pdf\" target=\"_blank\" rel=\"noopener\">edital 01\/2023<\/a>.<\/p>\n<\/div>\n<p>&nbsp;<\/p>\n<p>&nbsp;<\/p>\n<p>&nbsp;<\/p>\n<p>&nbsp;<\/p>\n","protected":false},"excerpt":{"rendered":"<p>A Faculdade de Medicina da UFMG abriu inscri\u00e7\u00f5es para 02 [&hellip;]<\/p>\n","protected":false},"author":2,"featured_media":0,"parent":0,"menu_order":0,"comment_status":"closed","ping_status":"closed","template":"","meta":[],"tags":[23,735],"_links":{"self":[{"href":"https:\/\/www.ufmg.br\/proex\/wp-json\/wp\/v2\/pages\/7024"}],"collection":[{"href":"https:\/\/www.ufmg.br\/proex\/wp-json\/wp\/v2\/pages"}],"about":[{"href":"https:\/\/www.ufmg.br\/proex\/wp-json\/wp\/v2\/types\/page"}],"author":[{"embeddable":true,"href":"https:\/\/www.ufmg.br\/proex\/wp-json\/wp\/v2\/users\/2"}],"replies":[{"embeddable":true,"href":"https:\/\/www.ufmg.br\/proex\/wp-json\/wp\/v2\/comments?post=7024"}],"version-history":[{"count":9,"href":"https:\/\/www.ufmg.br\/proex\/wp-json\/wp\/v2\/pages\/7024\/revisions"}],"predecessor-version":[{"id":7047,"href":"https:\/\/www.ufmg.br\/proex\/wp-json\/wp\/v2\/pages\/7024\/revisions\/7047"}],"wp:attachment":[{"href":"https:\/\/www.ufmg.br\/proex\/wp-json\/wp\/v2\/media?parent=7024"}],"wp:term":[{"taxonomy":"post_tag","embeddable":true,"href":"https:\/\/www.ufmg.br\/proex\/wp-json\/wp\/v2\/tags?post=7024"}],"curies":[{"name":"wp","href":"https:\/\/api.w.org\/{rel}","templated":true}]}}