{"id":7663,"date":"2023-03-03T14:13:38","date_gmt":"2023-03-03T17:13:38","guid":{"rendered":"https:\/\/www.ufmg.br\/proex\/?page_id=7663"},"modified":"2023-08-24T16:27:00","modified_gmt":"2023-08-24T19:27:00","slug":"conviver","status":"publish","type":"page","link":"https:\/\/www.ufmg.br\/proex\/conviver\/","title":{"rendered":"Projeto Conviver &#8211; C\u00e1tedra Sergio Vieira de Mello"},"content":{"rendered":"<p>Est\u00e3o abertas as inscri\u00e7\u00f5es para sele\u00e7\u00e3o de candidatos para duas vagas e forma\u00e7\u00e3o de cadastro de reservas no projeto de extens\u00e3o <em>Conviver: A UFMG e a Integra\u00e7\u00e3o de pessoas migrantes e refugiadas no Estado de Minas Gerais, <\/em>da Faculdade de Ci\u00eancias Econ\u00f4micas (Face\/UFMG).<\/p>\n<p>As inscri\u00e7\u00f5es v\u00e3o <strong>at\u00e9 31 de agosto de 2023<\/strong>, via <a href=\"https:\/\/docs.google.com\/forms\/d\/e\/1FAIpQLSc20nU6z3Z7wXZvYGsmGSU7DY1TrTDP4IYpiUpMrryB07IYoQ\/viewform\" target=\"_blank\" rel=\"noopener\">formul\u00e1rio on-line.<\/a><\/p>\n<p>\u00c9 oferecida uma vaga de bolsa na modalidade <em>Pbext A\u00e7\u00e3o Afirmativa<\/em> e uma vaga para extensionista volunt\u00e1rio.<\/p>\n<p>Poder\u00e3o inscrever-se alunos regularmente matriculados em cursos de gradua\u00e7\u00e3o da UFMG que possuam conhecimentos e habilidades adequadas para o bom exerc\u00edcio do plano de trabalho previsto nas atividades. Est\u00e1 vedada a participa\u00e7\u00e3o de alunos com previs\u00e3o de formatura menor que dois semestres.<\/p>\n<p>O(a) bolsista atuar\u00e1 nas tarefas associadas a elabora\u00e7\u00e3o de question\u00e1rios, entrevistas, reuni\u00f5es e apoio \u00e0s atividades da <a href=\"https:\/\/www.acnur.org\/portugues\/catedra-sergio-vieira-de-mello\/\" target=\"_blank\" rel=\"noopener\">C\u00e1tedra Sergio Vieira de Mello<\/a>, voltadas ao apoio e promo\u00e7\u00e3o dos direitos de pessoas migrantes e refugiadas. \u00c9 necess\u00e1rio ter perfil humanista, ter interesse em temas internacionais e sensibilidade para media\u00e7\u00e3o intercultural; conhecimento de outros idiomas (espanhol, \u00e1rabe, cerol, franc\u00eas ou ingl\u00eas, preferencialmente) \u00e9 recomend\u00e1vel.<\/p>\n<p><strong>Documentos<\/strong><\/p>\n<p>No ato da inscri\u00e7\u00e3o os candidatos dever\u00e3o apresentar os seguintes documentos:<br \/>\n&#8211; N\u00famero do documento de identidade (RG, CNRM, CPF, Carteira de Trabalho)<br \/>\n&#8211; Informar matr\u00edcula UFMG, telefone, e-mail e forma preferida de contato para agendamento de entrevista (se classificado entre os 5 primeiros colocados).<br \/>\n&#8211; Anexar Hist\u00f3rico Escolar em PDF;<br \/>\n&#8211; Anexar Curriculum Vitae em PDF;<br \/>\n&#8211; Anexar Carta de Apresenta\u00e7\u00e3o descrevendo o interesse do(a) aluno(a) pelo projeto e as iniciativas da C\u00e1tedra Sergio Vieira de Mello da UFMG, bem como sua trajet\u00f3ria pr\u00e9via de estudos e\/ou atua\u00e7\u00e3o no tema das migra\u00e7\u00f5es e do ref\u00fagio, se houver;<br \/>\n&#8211; Para candidatos concorrendo \u00e0 vaga PBEXT a\u00e7\u00e3o afirmativa, anexar documento comprobat\u00f3rio de aux\u00edlio da FUMP e\/ou comprovante de ingresso na gradua\u00e7\u00e3o pelo sistema de ac\u0327a\u0303o afirmativa da UFMG<\/p>\n<p>As demais informa\u00e7\u00f5es est\u00e3o dispon\u00edveis no <a href=\"https:\/\/www.ufmg.br\/proex\/wp-content\/uploads\/2023\/08\/2023_Edital_Conviver_-_estudantes_extensionistas.pdf\" target=\"_blank\" rel=\"noopener\">edital de sele\u00e7\u00e3o.<\/a><\/p>\n<p><strong>Sobre o projeto<\/strong><\/p>\n<p>Coordenado pela professora Carolina Moulin Aguiar, do Departamento de Ci\u00eancias Econ\u00f4micas\/Face\/UFMG, o projeto se insere no esfor\u00e7o de consolida\u00e7\u00e3o da C\u00e1tedra, parceria estabelecida em 2020 entre a UFMG e o Alto Comissariado das Na\u00e7\u00f5es Unidas para Refugiados (ACNUR).<\/p>\n<p>A iniciativa visa monitorar e apoiar alunos e alunas benefici\u00e1rias das pol\u00edticas afirmativas para migrantes e refugiados na UFMG e articular a Universidade com outros setores da sociedade para a prote\u00e7\u00e3o desses grupos.<\/p>\n<p>O objetivo \u00e9 melhorar a qualidade da informa\u00e7\u00e3o, ampliar a participa\u00e7\u00e3o discente nas atividades de articula\u00e7\u00e3o da UFMG com a rede e sistematizar informa\u00e7\u00f5es sobre o perfil do corpo docente em situa\u00e7\u00e3o migrat\u00f3ria e de ref\u00fagio e formar recursos humanos qualificados para atender diretamente essa popula\u00e7\u00e3o.<\/p>\n<p>O projeto se insere em um conjunto j\u00e1 consolidado de atividades da UFMG vinculadas ao tema dos direitos humanos e das migra\u00e7\u00f5es internacionais.<\/p>\n<p><a href=\"https:\/\/sistemas.ufmg.br\/siex\/VerIdentificacao.do?id=84139&amp;tipo=Projeto\" target=\"_blank\" rel=\"noopener\">Outras informa\u00e7\u00f5es do projeto Conviver.<\/a><\/p>\n<p>&nbsp;<\/p>\n<p>&nbsp;<\/p>\n<p>&nbsp;<\/p>\n<p>&nbsp;<\/p>\n<p>&nbsp;<\/p>\n<p>&nbsp;<\/p>\n","protected":false},"excerpt":{"rendered":"<p>Est\u00e3o abertas as inscri\u00e7\u00f5es para sele\u00e7\u00e3o de candidatos para duas [&hellip;]<\/p>\n","protected":false},"author":2,"featured_media":0,"parent":0,"menu_order":0,"comment_status":"closed","ping_status":"closed","template":"","meta":[],"tags":[129,23,457],"_links":{"self":[{"href":"https:\/\/www.ufmg.br\/proex\/wp-json\/wp\/v2\/pages\/7663"}],"collection":[{"href":"https:\/\/www.ufmg.br\/proex\/wp-json\/wp\/v2\/pages"}],"about":[{"href":"https:\/\/www.ufmg.br\/proex\/wp-json\/wp\/v2\/types\/page"}],"author":[{"embeddable":true,"href":"https:\/\/www.ufmg.br\/proex\/wp-json\/wp\/v2\/users\/2"}],"replies":[{"embeddable":true,"href":"https:\/\/www.ufmg.br\/proex\/wp-json\/wp\/v2\/comments?post=7663"}],"version-history":[{"count":18,"href":"https:\/\/www.ufmg.br\/proex\/wp-json\/wp\/v2\/pages\/7663\/revisions"}],"predecessor-version":[{"id":9797,"href":"https:\/\/www.ufmg.br\/proex\/wp-json\/wp\/v2\/pages\/7663\/revisions\/9797"}],"wp:attachment":[{"href":"https:\/\/www.ufmg.br\/proex\/wp-json\/wp\/v2\/media?parent=7663"}],"wp:term":[{"taxonomy":"post_tag","embeddable":true,"href":"https:\/\/www.ufmg.br\/proex\/wp-json\/wp\/v2\/tags?post=7663"}],"curies":[{"name":"wp","href":"https:\/\/api.w.org\/{rel}","templated":true}]}}

Projeto Conviver &#8211; Cátedra Sergio Vieira de Mello

<p>Estão abertas as inscrições para seleção de candidatos para duas vagas e formação de cadastro de reservas no projeto de extensão <em>Conviver: A UFMG e a Integração de pessoas migrantes e refugiadas no Estado de Minas Gerais, </em>da Faculdade de Ciências Econômicas (Face/UFMG).</p>
<p>As inscrições vão <strong>até 31 de agosto de 2023</strong>, via <a href="https://docs.google.com/forms/d/e/1FAIpQLSc20nU6z3Z7wXZvYGsmGSU7DY1TrTDP4IYpiUpMrryB07IYoQ/viewform" target="_blank" rel="noopener">formulário on-line.</a></p>
<p>É oferecida uma vaga de bolsa na modalidade <em>Pbext Ação Afirmativa</em> e uma vaga para extensionista voluntário.</p>
<p>Poderão inscrever-se alunos regularmente matriculados em cursos de graduação da UFMG que possuam conhecimentos e habilidades adequadas para o bom exercício do plano de trabalho previsto nas atividades. Está vedada a participação de alunos com previsão de formatura menor que dois semestres.</p>
<p>O(a) bolsista atuará nas tarefas associadas a elaboração de questionários, entrevistas, reuniões e apoio às atividades da <a href="https://www.acnur.org/portugues/catedra-sergio-vieira-de-mello/" target="_blank" rel="noopener">Cátedra Sergio Vieira de Mello</a>, voltadas ao apoio e promoção dos direitos de pessoas migrantes e refugiadas. É necessário ter perfil humanista, ter interesse em temas internacionais e sensibilidade para mediação intercultural; conhecimento de outros idiomas (espanhol, árabe, cerol, francês ou inglês, preferencialmente) é recomendável.</p>
<p><strong>Documentos</strong></p>
<p>No ato da inscrição os candidatos deverão apresentar os seguintes documentos:<br />
&#8211; Número do documento de identidade (RG, CNRM, CPF, Carteira de Trabalho)<br />
&#8211; Informar matrícula UFMG, telefone, e-mail e forma preferida de contato para agendamento de entrevista (se classificado entre os 5 primeiros colocados).<br />
&#8211; Anexar Histórico Escolar em PDF;<br />
&#8211; Anexar Curriculum Vitae em PDF;<br />
&#8211; Anexar Carta de Apresentação descrevendo o interesse do(a) aluno(a) pelo projeto e as iniciativas da Cátedra Sergio Vieira de Mello da UFMG, bem como sua trajetória prévia de estudos e/ou atuação no tema das migrações e do refúgio, se houver;<br />
&#8211; Para candidatos concorrendo à vaga PBEXT ação afirmativa, anexar documento comprobatório de auxílio da FUMP e/ou comprovante de ingresso na graduação pelo sistema de ação afirmativa da UFMG</p>
<p>As demais informações estão disponíveis no <a href="https://www.ufmg.br/proex/wp-content/uploads/2023/08/2023_Edital_Conviver_-_estudantes_extensionistas.pdf" target="_blank" rel="noopener">edital de seleção.</a></p>
<p><strong>Sobre o projeto</strong></p>
<p>Coordenado pela professora Carolina Moulin Aguiar, do Departamento de Ciências Econômicas/Face/UFMG, o projeto se insere no esforço de consolidação da Cátedra, parceria estabelecida em 2020 entre a UFMG e o Alto Comissariado das Nações Unidas para Refugiados (ACNUR).</p>
<p>A iniciativa visa monitorar e apoiar alunos e alunas beneficiárias das políticas afirmativas para migrantes e refugiados na UFMG e articular a Universidade com outros setores da sociedade para a proteção desses grupos.</p>
<p>O objetivo é melhorar a qualidade da informação, ampliar a participação discente nas atividades de articulação da UFMG com a rede e sistematizar informações sobre o perfil do corpo docente em situação migratória e de refúgio e formar recursos humanos qualificados para atender diretamente essa população.</p>
<p>O projeto se insere em um conjunto já consolidado de atividades da UFMG vinculadas ao tema dos direitos humanos e das migrações internacionais.</p>
<p><a href="https://sistemas.ufmg.br/siex/VerIdentificacao.do?id=84139&amp;tipo=Projeto" target="_blank" rel="noopener">Outras informações do projeto Conviver.</a></p>
<p>&nbsp;</p>
<p>&nbsp;</p>
<p>&nbsp;</p>
<p>&nbsp;</p>
<p>&nbsp;</p>
<p>&nbsp;</p>

<p>Estão abertas as inscrições para seleção de candidatos para duas [&hellip;]</p>
