{"id":7779,"date":"2023-03-09T09:57:27","date_gmt":"2023-03-09T12:57:27","guid":{"rendered":"https:\/\/www.ufmg.br\/proex\/?page_id=7779"},"modified":"2023-03-09T10:11:01","modified_gmt":"2023-03-09T13:11:01","slug":"projeto-udh-convida","status":"publish","type":"page","link":"https:\/\/www.ufmg.br\/proex\/projeto-udh-convida\/","title":{"rendered":"Projeto UDH Convida"},"content":{"rendered":"<p><strong>At\u00e9 13 de mar\u00e7o de 2023,<\/strong> est\u00e3o abertas as inscri\u00e7\u00f5es para uma vaga de bolsa PBEXT no <em>Projeto UDH Convida.<\/em><\/p>\n<p>Podem participar estudantes de gradua\u00e7\u00e3o da UFMG, preferencialmente dos cursos de Cinema de anima\u00e7\u00e3o e Artes digitais, Artes visuais, Comunica\u00e7\u00e3o Social, Jornalismo, Publicidade e Propaganda a partir do 3\u00b0 per\u00edodo.<\/p>\n<p>As inscri\u00e7\u00f5es ser\u00e3o feitas exclusivamente por meio do e-mail: <a href=\"mailto:udh@proex.ufmg.br\" target=\"_blank\" rel=\"noopener\">udh@proex.ufmg.br<\/a>, destacando em assunto &#8220;Inscri\u00e7\u00e3o Bolsa Pbext Projeto UDH Convida&#8221; e anexando os seguintes documentos digitalizados:<br \/>\na) Hist\u00f3rico escolar; (pode ser o que e alune possui acesso via SIGA)<br \/>\nb) Comprovante de matr\u00edcula no 1\u00ba semestre de 2023;<br \/>\nc) Curriculum Lattes (envio do link: obrigat\u00f3rio)<br \/>\nd) Portf\u00f3lio (opcional)<br \/>\ne) Carta de candidate relatando o interesse pelo Projeto UDH Convida<br \/>\nf) Dados pessoais: nome completo, telefone e e-mail.<\/p>\n<p>\u00c9 necess\u00e1rio disponibilidade de 12h\/semanais de dedica\u00e7\u00e3o. A bolsa vai durar at\u00e9 28 de fevereiro de 2024, com in\u00edcio das atividades previsto para 1\u00ba de abril de 2023.<\/p>\n<p>Consulte as demais informa\u00e7\u00f5es da bolsa no<a href=\"https:\/\/www.ufmg.br\/proex\/wp-content\/uploads\/2023\/03\/edital_Cenex_ECI_04_2023_UDH_convida.pdf\" target=\"_blank\" rel=\"noopener\"> edital 04\/\/2023.<\/a><\/p>\n<p><strong>Sobre o projeto<\/strong><\/p>\n<p>O projeto tem como objetivo promover o debate sobre a transversalidade dos direitos humanos em suas diferentes express\u00f5es.<\/p>\n<p>A proposta \u00e9, por meio de entrevistas, visibilizar, divulgar e dialogar com tem\u00e1ticas e desafios enfrentados na cotidianidade a partir de coletivos, docentes, discentes e profissionais que apresentem de forma sint\u00e9tica, as mobiliza\u00e7\u00f5es realizadas em diversas \u00e1reas na defesa e forma\u00e7\u00e3o em direitos humanos, incluindo quest\u00f5es socioambientais, territorialidade, LGBTfobia, povos origin\u00e1rios e tradicionais, g\u00eanero, sexualidade, pessoas em priva\u00e7\u00e3o de liberdade, situa\u00e7\u00f5es de rua, sa\u00fade mental, entre outros.<\/p>\n<p><a href=\"https:\/\/sistemas.ufmg.br\/siex\/VerDescricao.do?id=84578&amp;tipo=Projeto\" target=\"_blank\" rel=\"noopener\">Mais informa\u00e7\u00f5es do projeto.<\/a><\/p>\n<p>&nbsp;<\/p>\n<p>&nbsp;<\/p>\n<p>&nbsp;<\/p>\n<p>&nbsp;<\/p>\n<p>&nbsp;<\/p>\n<p>&nbsp;<\/p>\n","protected":false},"excerpt":{"rendered":"<p>At\u00e9 13 de mar\u00e7o de 2023, est\u00e3o abertas as inscri\u00e7\u00f5es [&hellip;]<\/p>\n","protected":false},"author":2,"featured_media":0,"parent":0,"menu_order":0,"comment_status":"closed","ping_status":"closed","template":"","meta":[],"tags":[23,109],"_links":{"self":[{"href":"https:\/\/www.ufmg.br\/proex\/wp-json\/wp\/v2\/pages\/7779"}],"collection":[{"href":"https:\/\/www.ufmg.br\/proex\/wp-json\/wp\/v2\/pages"}],"about":[{"href":"https:\/\/www.ufmg.br\/proex\/wp-json\/wp\/v2\/types\/page"}],"author":[{"embeddable":true,"href":"https:\/\/www.ufmg.br\/proex\/wp-json\/wp\/v2\/users\/2"}],"replies":[{"embeddable":true,"href":"https:\/\/www.ufmg.br\/proex\/wp-json\/wp\/v2\/comments?post=7779"}],"version-history":[{"count":12,"href":"https:\/\/www.ufmg.br\/proex\/wp-json\/wp\/v2\/pages\/7779\/revisions"}],"predecessor-version":[{"id":7793,"href":"https:\/\/www.ufmg.br\/proex\/wp-json\/wp\/v2\/pages\/7779\/revisions\/7793"}],"wp:attachment":[{"href":"https:\/\/www.ufmg.br\/proex\/wp-json\/wp\/v2\/media?parent=7779"}],"wp:term":[{"taxonomy":"post_tag","embeddable":true,"href":"https:\/\/www.ufmg.br\/proex\/wp-json\/wp\/v2\/tags?post=7779"}],"curies":[{"name":"wp","href":"https:\/\/api.w.org\/{rel}","templated":true}]}}

<p><strong>Até 13 de março de 2023,</strong> estão abertas as inscrições para uma vaga de bolsa PBEXT no <em>Projeto UDH Convida.</em></p>
<p>Podem participar estudantes de graduação da UFMG, preferencialmente dos cursos de Cinema de animação e Artes digitais, Artes visuais, Comunicação Social, Jornalismo, Publicidade e Propaganda a partir do 3° período.</p>
<p>As inscrições serão feitas exclusivamente por meio do e-mail: <a href="mailto:udh@proex.ufmg.br" target="_blank" rel="noopener">udh@proex.ufmg.br</a>, destacando em assunto &#8220;Inscrição Bolsa Pbext Projeto UDH Convida&#8221; e anexando os seguintes documentos digitalizados:<br />
a) Histórico escolar; (pode ser o que e alune possui acesso via SIGA)<br />
b) Comprovante de matrícula no 1º semestre de 2023;<br />
c) Curriculum Lattes (envio do link: obrigatório)<br />
d) Portfólio (opcional)<br />
e) Carta de candidate relatando o interesse pelo Projeto UDH Convida<br />
f) Dados pessoais: nome completo, telefone e e-mail.</p>
<p>É necessário disponibilidade de 12h/semanais de dedicação. A bolsa vai durar até 28 de fevereiro de 2024, com início das atividades previsto para 1º de abril de 2023.</p>
<p>Consulte as demais informações da bolsa no<a href="https://www.ufmg.br/proex/wp-content/uploads/2023/03/edital_Cenex_ECI_04_2023_UDH_convida.pdf" target="_blank" rel="noopener"> edital 04//2023.</a></p>
<p><strong>Sobre o projeto</strong></p>
<p>O projeto tem como objetivo promover o debate sobre a transversalidade dos direitos humanos em suas diferentes expressões.</p>
<p>A proposta é, por meio de entrevistas, visibilizar, divulgar e dialogar com temáticas e desafios enfrentados na cotidianidade a partir de coletivos, docentes, discentes e profissionais que apresentem de forma sintética, as mobilizações realizadas em diversas áreas na defesa e formação em direitos humanos, incluindo questões socioambientais, territorialidade, LGBTfobia, povos originários e tradicionais, gênero, sexualidade, pessoas em privação de liberdade, situações de rua, saúde mental, entre outros.</p>
<p><a href="https://sistemas.ufmg.br/siex/VerDescricao.do?id=84578&amp;tipo=Projeto" target="_blank" rel="noopener">Mais informações do projeto.</a></p>
<p>&nbsp;</p>
<p>&nbsp;</p>
<p>&nbsp;</p>
<p>&nbsp;</p>
<p>&nbsp;</p>
<p>&nbsp;</p>

<p>Até 13 de março de 2023, estão abertas as inscrições [&hellip;]</p>
