{"id":9394,"date":"2023-07-26T08:51:37","date_gmt":"2023-07-26T11:51:37","guid":{"rendered":"https:\/\/www.ufmg.br\/proex\/?page_id=9394"},"modified":"2024-02-27T09:20:35","modified_gmt":"2024-02-27T12:20:35","slug":"espaco-do-conhecimento","status":"publish","type":"page","link":"https:\/\/www.ufmg.br\/proex\/espaco-do-conhecimento\/","title":{"rendered":"Espa\u00e7o do Conhecimento UFMG"},"content":{"rendered":"<p><span class=\"css-1qaijid r-bcqeeo r-qvutc0 r-poiln3\">\u00c9 sua chance de se candidatar para as dezenas de bolsas de extens\u00e3o oferecidas pelo Espa\u00e7o do Conhecimento.<\/span><\/p>\n<p><span class=\"css-1qaijid r-bcqeeo r-qvutc0 r-poiln3\">O museu cient\u00edfico-cultural da UFMG est\u00e1 com editais abertos com oportunidades para estudantes de gradua\u00e7\u00e3o da Universidade.\u00a0<\/span><\/p>\n<p>Os (as) interessados (as) devem ficar atentos (as) aos prazos e requisitos de cada oportunidade.<\/p>\n<p><strong>N\u00facleos e \u00e1reas<\/strong><\/p>\n<p>Se voc\u00ea possui interesse por astronomia ou experi\u00eancia com atividades da \u00e1rea, se candidate para as seis vagas de <a href=\"http:\/\/bit.ly\/3OUzBmJ\" target=\"_blank\" rel=\"noopener\">bolsista no N\u00facleo de Astronomia<\/a>. Oportunidade \u00e9 para estudantes de qualquer curso de gradua\u00e7\u00e3o da UFMG, preferencialmente da \u00e1rea de Ci\u00eancias da Natureza (F\u00edsica, Biologia, Qu\u00edmica, Geologia e Geografia). As inscri\u00e7\u00f5es v\u00e3o <strong>at\u00e9 01 de mar\u00e7o de 2024.<\/strong><\/p>\n<p>Tamb\u00e9m est\u00e3o abertas as inscri\u00e7\u00f5es para bolsista de extens\u00e3o do <a href=\"https:\/\/www.ufmg.br\/espacodoconhecimento\/edital-de-selecao-nucleo-de-comunicacao-e-design-bolsa-de-extensao-2024\/\" target=\"_blank\" rel=\"noopener\">N\u00facleo de Comunica\u00e7\u00e3o e Design<\/a>. Nesse caso, s\u00e3o oferecidas tr\u00eas vagas preferencialmente para estudantes dos cursos de Jornalismo, Rela\u00e7\u00f5es P\u00fablicas ou Publicidade e Propaganda da UFMG. As inscri\u00e7\u00f5es v\u00e3o <strong>at\u00e9 29 de fevereiro.<\/strong><\/p>\n<p>O <a href=\"https:\/\/www.ufmg.br\/espacodoconhecimento\/edital-de-selecao-nucleo-de-audiovisual-bolsa-de-extensao-2024\/\" target=\"_blank\" rel=\"noopener\">N\u00facleo de Audiovisual<\/a> oferece uma vaga para estudantes da Universidade matriculados preferencialmente nos cursos de gradua\u00e7\u00e3o da \u00e1rea de Cinema de anima\u00e7\u00e3o, Design, Artes Visuais ou Comunica\u00e7\u00e3o Social. As inscri\u00e7\u00f5es v\u00e3o <strong>at\u00e9 3 de mar\u00e7o.<\/strong><\/p>\n<p>E n\u00e3o para por a\u00ed.<\/p>\n<p>Est\u00e3o ainda abertas, <strong>at\u00e9 3 de mar\u00e7o,<\/strong> as inscri\u00e7\u00f5es para duas vagas de bolsista do <a href=\"https:\/\/www.ufmg.br\/espacodoconhecimento\/edital-de-selecao-nucleo-de-expografia-e-setor-de-producao-bolsa-de-extensao-2024\/\" target=\"_blank\" rel=\"noopener\">N\u00facleo de Expografia e Setor de Produ\u00e7\u00e3o.<\/a> Essa oportunidade \u00e9 voltada preferencialmente para alunos e alunas de gradua\u00e7\u00e3o em Arquitetura e Urbanismo, Design, Comunica\u00e7\u00e3o, Artes visuais ou Museologia da UFMG.<\/p>\n<p>Por fim, o <a href=\"https:\/\/www.ufmg.br\/espacodoconhecimento\/edital-de-selecao-nucleo-de-acoes-educativas-e-acessibilidade-bolsa-de-extensao-2024\/\" target=\"_blank\" rel=\"noopener\">N\u00facleo de A\u00e7\u00f5es Educativas e Acessibilidade<\/a> disponibiliza 20 vagas para estudantes matriculados preferencialmente em cursos de licenciatura, mas s\u00e3o aceitas tamb\u00e9m inscri\u00e7\u00f5es de outros cursos de gradua\u00e7\u00e3o. Nesse caso, os (as) interessados (as) devem se inscrever <strong>at\u00e9 29 de fevereiro.<\/strong><\/p>\n<p>&nbsp;<\/p>\n<p>&nbsp;<\/p>\n","protected":false},"excerpt":{"rendered":"<p>\u00c9 sua chance de se candidatar para as dezenas de [&hellip;]<\/p>\n","protected":false},"author":2,"featured_media":0,"parent":0,"menu_order":0,"comment_status":"closed","ping_status":"closed","template":"","meta":[],"tags":[813,811,23],"_links":{"self":[{"href":"https:\/\/www.ufmg.br\/proex\/wp-json\/wp\/v2\/pages\/9394"}],"collection":[{"href":"https:\/\/www.ufmg.br\/proex\/wp-json\/wp\/v2\/pages"}],"about":[{"href":"https:\/\/www.ufmg.br\/proex\/wp-json\/wp\/v2\/types\/page"}],"author":[{"embeddable":true,"href":"https:\/\/www.ufmg.br\/proex\/wp-json\/wp\/v2\/users\/2"}],"replies":[{"embeddable":true,"href":"https:\/\/www.ufmg.br\/proex\/wp-json\/wp\/v2\/comments?post=9394"}],"version-history":[{"count":36,"href":"https:\/\/www.ufmg.br\/proex\/wp-json\/wp\/v2\/pages\/9394\/revisions"}],"predecessor-version":[{"id":11775,"href":"https:\/\/www.ufmg.br\/proex\/wp-json\/wp\/v2\/pages\/9394\/revisions\/11775"}],"wp:attachment":[{"href":"https:\/\/www.ufmg.br\/proex\/wp-json\/wp\/v2\/media?parent=9394"}],"wp:term":[{"taxonomy":"post_tag","embeddable":true,"href":"https:\/\/www.ufmg.br\/proex\/wp-json\/wp\/v2\/tags?post=9394"}],"curies":[{"name":"wp","href":"https:\/\/api.w.org\/{rel}","templated":true}]}}