{"id":940,"date":"2021-08-12T17:07:19","date_gmt":"2021-08-12T20:07:19","guid":{"rendered":"https:\/\/www.ufmg.br\/proex\/?page_id=940"},"modified":"2021-08-12T17:17:11","modified_gmt":"2021-08-12T20:17:11","slug":"ciclo-de-debates-pre-jornada-de-direitos-humanos-da-ufmg","status":"publish","type":"page","link":"https:\/\/www.ufmg.br\/proex\/ciclo-de-debates-pre-jornada-de-direitos-humanos-da-ufmg\/","title":{"rendered":"Ciclo de Debates Pr\u00e9-Jornada de Direitos Humanos da UFMG"},"content":{"rendered":"<p><strong>Roda de Conversa<\/strong>: A Popula\u00e7\u00e3o em situa\u00e7\u00e3o de rua na pandemia da COVID-19: (re)exist\u00eancias e redes constru\u00eddas entre o Movimento Social, a Sociedade Civil e a Universidade<br \/>\n<strong>Data<\/strong>: 27\/08\/2021<br \/>\n<strong>Hor\u00e1rio<\/strong>: 14h \u00e0s 16h<br \/>\nLocal: <a href=\"https:\/\/www.youtube.com\/channel\/UCEZPtbQgZV4_PutyP4ZEF2g\" target=\"_blank\" rel=\"noopener\">Youtube Extens\u00e3o UFMG<\/a><\/p>\n<p><strong>Participantes<\/strong>:<br \/>\nSamuel Rodrigues (Coordena\u00e7\u00e3o do Movimento Nacional da Popula\u00e7\u00e3o em Situa\u00e7\u00e3o de Rua);<br \/>\n<span style=\"font-weight: 400;\">Cristina Bove (Equipe de Coordena\u00e7\u00e3o da Pastoral Nacional do Povo da Rua);<br \/>\n<\/span><span style=\"font-weight: 400;\">Prof. Andr\u00e9 Luiz Freitas Dias (Polos-UFMG).<br \/>\n<strong>Media\u00e7\u00e3o<\/strong>: Profa. Marcella Furtado de Magalh\u00e3es Gomes (Polos-UFMG) e Profa. Maria Fernanda Salcedo Repol\u00eas (Polos-UFMG)<br \/>\n<\/span><\/p>\n<p>&nbsp;<\/p>\n<p>&nbsp;<\/p>\n<p>&nbsp;<\/p>\n<p>&nbsp;<\/p>\n<p><span style=\"font-weight: 400;\">\u00a0<\/span><\/p>\n","protected":false},"excerpt":{"rendered":"<p>Roda de Conversa: A Popula\u00e7\u00e3o em situa\u00e7\u00e3o de rua na [&hellip;]<\/p>\n","protected":false},"author":2,"featured_media":0,"parent":0,"menu_order":0,"comment_status":"closed","ping_status":"closed","template":"","meta":[],"tags":[49,51,409,23,25,411,29,365,4,95],"_links":{"self":[{"href":"https:\/\/www.ufmg.br\/proex\/wp-json\/wp\/v2\/pages\/940"}],"collection":[{"href":"https:\/\/www.ufmg.br\/proex\/wp-json\/wp\/v2\/pages"}],"about":[{"href":"https:\/\/www.ufmg.br\/proex\/wp-json\/wp\/v2\/types\/page"}],"author":[{"embeddable":true,"href":"https:\/\/www.ufmg.br\/proex\/wp-json\/wp\/v2\/users\/2"}],"replies":[{"embeddable":true,"href":"https:\/\/www.ufmg.br\/proex\/wp-json\/wp\/v2\/comments?post=940"}],"version-history":[{"count":5,"href":"https:\/\/www.ufmg.br\/proex\/wp-json\/wp\/v2\/pages\/940\/revisions"}],"predecessor-version":[{"id":945,"href":"https:\/\/www.ufmg.br\/proex\/wp-json\/wp\/v2\/pages\/940\/revisions\/945"}],"wp:attachment":[{"href":"https:\/\/www.ufmg.br\/proex\/wp-json\/wp\/v2\/media?parent=940"}],"wp:term":[{"taxonomy":"post_tag","embeddable":true,"href":"https:\/\/www.ufmg.br\/proex\/wp-json\/wp\/v2\/tags?post=940"}],"curies":[{"name":"wp","href":"https:\/\/api.w.org\/{rel}","templated":true}]}}

Ciclo de Debates Pré-Jornada de Direitos Humanos da UFMG

<p><strong>Roda de Conversa</strong>: A População em situação de rua na pandemia da COVID-19: (re)existências e redes construídas entre o Movimento Social, a Sociedade Civil e a Universidade<br />
<strong>Data</strong>: 27/08/2021<br />
<strong>Horário</strong>: 14h às 16h<br />
Local: <a href="https://www.youtube.com/channel/UCEZPtbQgZV4_PutyP4ZEF2g" target="_blank" rel="noopener">Youtube Extensão UFMG</a></p>
<p><strong>Participantes</strong>:<br />
Samuel Rodrigues (Coordenação do Movimento Nacional da População em Situação de Rua);<br />
<span style="font-weight: 400;">Cristina Bove (Equipe de Coordenação da Pastoral Nacional do Povo da Rua);<br />
</span><span style="font-weight: 400;">Prof. André Luiz Freitas Dias (Polos-UFMG).<br />
<strong>Mediação</strong>: Profa. Marcella Furtado de Magalhães Gomes (Polos-UFMG) e Profa. Maria Fernanda Salcedo Repolês (Polos-UFMG)<br />
</span></p>
<p>&nbsp;</p>
<p>&nbsp;</p>
<p>&nbsp;</p>
<p>&nbsp;</p>
<p><span style="font-weight: 400;"> </span></p>

<p>Roda de Conversa: A População em situação de rua na [&hellip;]</p>
