{"id":9463,"date":"2023-08-03T13:57:28","date_gmt":"2023-08-03T16:57:28","guid":{"rendered":"https:\/\/www.ufmg.br\/proex\/?page_id=9463"},"modified":"2026-02-26T16:11:53","modified_gmt":"2026-02-26T19:11:53","slug":"edumite","status":"publish","type":"page","link":"https:\/\/www.ufmg.br\/proex\/edumite\/","title":{"rendered":"Projeto EduMiTe \u2013 Educa\u00e7\u00e3o, Minera\u00e7\u00e3o e Territ\u00f3rio"},"content":{"rendered":"<p>De <strong>26 de fevereiro a 9 de mar\u00e7o de 2026<\/strong>, est\u00e3o abertas as inscri\u00e7\u00f5es para a sele\u00e7\u00e3o de candidatos (as) a <strong>duas bolsas de extens\u00e3o (PBEXT)<\/strong> para atua\u00e7\u00e3o no projeto EduMiTe \u2013 Educa\u00e7\u00e3o, Minera\u00e7\u00e3o e Territ\u00f3rio, vinculado ao Departamento de Geografia do Instituto de Geoci\u00eancias (IGC) da UFMG.<\/p>\n<p>Poder\u00e3o se inscrever alunos (as) da UFMG dos cursos de gradua\u00e7\u00e3o em <strong>Geografia, Comunica\u00e7\u00e3o Social, Jornalismo ou Publicidade e Propaganda e afins. <\/strong>\u00c9 necess\u00e1rio que o(a) estudante esteja cursando do 3\u00ba ao pen\u00faltimo per\u00edodo.<\/p>\n<div class=\"flex flex-col text-sm pb-25\">\n<article class=\"text-token-text-primary w-full focus:outline-none [--shadow-height:45px] has-data-writing-block:pointer-events-none has-data-writing-block:-mt-(--shadow-height) has-data-writing-block:pt-(--shadow-height) [&amp;:has([data-writing-block])&gt;*]:pointer-events-auto scroll-mt-[calc(var(--header-height)+min(200px,max(70px,20svh)))]\" dir=\"auto\" tabindex=\"-1\" data-turn-id=\"request-6998975b-493c-8333-a079-fb78b566cc8a-6\" data-testid=\"conversation-turn-16\" data-scroll-anchor=\"true\" data-turn=\"assistant\">\n<div class=\"text-base my-auto mx-auto pb-10 [--thread-content-margin:--spacing(4)] @w-sm\/main:[--thread-content-margin:--spacing(6)] @w-lg\/main:[--thread-content-margin:--spacing(16)] px-(--thread-content-margin)\">\n<div class=\"[--thread-content-max-width:40rem] @w-lg\/main:[--thread-content-max-width:48rem] mx-auto max-w-(--thread-content-max-width) flex-1 group\/turn-messages focus-visible:outline-hidden relative flex w-full min-w-0 flex-col agent-turn\" tabindex=\"-1\">\n<div class=\"z-0 flex min-h-[46px] justify-start\">Uma das vagas \u00e9 oferecida na modalidade PBEXT A\u00e7\u00e3o Afirmativa, voltada exclusivamente para discentes classificados socioeconomicamente nos n\u00edveis I, II ou III pela Fump ou que tenham ingressado na UFMG pelo sistema de cotas. A outra vaga \u00e9 destinada \u00e0 ampla concorr\u00eancia.<\/div>\n<\/div>\n<\/div>\n<\/article>\n<\/div>\n<div><\/div>\n<div>\n<p><strong><br \/>\nValor da bolsa<\/strong>: 700,00\/mensal<\/p>\n<\/div>\n<div><strong>Como se inscrever<\/strong><\/div>\n<div>As inscri\u00e7\u00f5es s\u00e3o recebidas pelo e-mail <a href=\"mailto:cenex@igc.ufmg.br\" target=\"_blank\" rel=\"noopener\">cenex@igc.ufmg.br<\/a>.<\/p>\n<p>Os (as) interessados (as) devem enviar os seguintes documentos digitalizados em pdf:<br \/>\na) Hist\u00f3rico Escolar da gradua\u00e7\u00e3o;<br \/>\nb) Texto contendo uma exposi\u00e7\u00e3o dos motivos que levaram o(a) estudante a pleitear sua participa\u00e7\u00e3o no projeto e na bolsa desejada, no m\u00ednimo de 1 p\u00e1gina;<br \/>\nc) Documenta\u00e7\u00e3o comprobat\u00f3ria de estudante de a\u00e7\u00f5es afirmativas, se for o caso.<\/p><\/div>\n<p>As informa\u00e7\u00f5es completas est\u00e3o no <a href=\"https:\/\/www.ufmg.br\/proex\/wp-content\/uploads\/2026\/02\/SEI_UFMG-4980590-Lussandra-Edital.pdf\" target=\"_blank\" rel=\"noopener\">edital de sele\u00e7\u00e3o 430\/2026.<\/a><\/p>\n<p><strong>Sobre o projeto<\/strong><\/p>\n<p>O projeto <a href=\"https:\/\/www.edumite.net\/\" target=\"_blank\" rel=\"noopener\">EduMiTe \u2013 Educa\u00e7\u00e3o, Minera\u00e7\u00e3o e Territ\u00f3rio<\/a>, coordenado pela professora Lussandra Gianasi, \u00e9 um grupo de pesquisa dedicado \u00e0 constru\u00e7\u00e3o conjunta de saberes sobre impactos da minera\u00e7\u00e3o no Brasil, principalmente em Minas Gerais.<\/p>\n<p>O grupo desenvolve cursos, palestras, eventos e materiais diversos para auxiliar a produ\u00e7\u00e3o de informa\u00e7\u00e3o qualificada, pesquisas e forma\u00e7\u00e3o do p\u00fablico interessado nessa tem\u00e1tica, visando o empoderamento das comunidades afetadas de diferentes formas pela atividade miner\u00e1ria.<\/p>\n<p>&nbsp;<\/p>\n","protected":false},"excerpt":{"rendered":"<p>De 26 de fevereiro a 9 de mar\u00e7o de 2026, [&hellip;]<\/p>\n","protected":false},"author":2,"featured_media":0,"parent":0,"menu_order":0,"comment_status":"closed","ping_status":"closed","template":"","meta":[],"tags":[23,25,29],"_links":{"self":[{"href":"https:\/\/www.ufmg.br\/proex\/wp-json\/wp\/v2\/pages\/9463"}],"collection":[{"href":"https:\/\/www.ufmg.br\/proex\/wp-json\/wp\/v2\/pages"}],"about":[{"href":"https:\/\/www.ufmg.br\/proex\/wp-json\/wp\/v2\/types\/page"}],"author":[{"embeddable":true,"href":"https:\/\/www.ufmg.br\/proex\/wp-json\/wp\/v2\/users\/2"}],"replies":[{"embeddable":true,"href":"https:\/\/www.ufmg.br\/proex\/wp-json\/wp\/v2\/comments?post=9463"}],"version-history":[{"count":40,"href":"https:\/\/www.ufmg.br\/proex\/wp-json\/wp\/v2\/pages\/9463\/revisions"}],"predecessor-version":[{"id":17155,"href":"https:\/\/www.ufmg.br\/proex\/wp-json\/wp\/v2\/pages\/9463\/revisions\/17155"}],"wp:attachment":[{"href":"https:\/\/www.ufmg.br\/proex\/wp-json\/wp\/v2\/media?parent=9463"}],"wp:term":[{"taxonomy":"post_tag","embeddable":true,"href":"https:\/\/www.ufmg.br\/proex\/wp-json\/wp\/v2\/tags?post=9463"}],"curies":[{"name":"wp","href":"https:\/\/api.w.org\/{rel}","templated":true}]}}