{"id":953,"date":"2021-11-30T11:05:43","date_gmt":"2021-11-30T14:05:43","guid":{"rendered":"https:\/\/www.ufmg.br\/proex\/?page_id=953"},"modified":"2025-12-17T12:05:58","modified_gmt":"2025-12-17T15:05:58","slug":"pbext","status":"publish","type":"page","link":"https:\/\/www.ufmg.br\/proex\/pbext\/","title":{"rendered":"PBEXT &#8211; Edital 01\/2025"},"content":{"rendered":"<div>\n<p>Confira o <a href=\"https:\/\/www.ufmg.br\/proex\/wp-content\/uploads\/2025\/12\/Resultado-Final-Edital-01_2025-PBEXT.pdf\" target=\"_blank\" rel=\"noopener\">resultado final<\/a> \u2014 \u00a0publicado em 17\/12\/2025.<\/p>\n<p>Propostas contempladas sob condicionamento devem consultar parecer no Sistema de Fomento.<\/p>\n<p>A resposta ao condicionamento deve ser encaminhada at\u00e9 <strong>28\/02\/2026<\/strong> para o e-mail <a href=\"mailto:fomento@proex.ufmg.br\" target=\"_blank\" rel=\"noopener\">fomento@proex.ufmg.br<\/a><\/p>\n<p><strong>Outras publica\u00e7\u00f5es<br \/>\n<\/strong><a href=\"https:\/\/www.ufmg.br\/proex\/wp-content\/uploads\/2025\/11\/Resultado-Preliminar-Edital-01_2025-PBEXT.pdf\" target=\"_blank\" rel=\"noopener\">Resultado preliminar<\/a> (25\/11\/2025)<br \/>\n<a href=\"https:\/\/www.ufmg.br\/proex\/wp-content\/uploads\/2025\/11\/SEI_4746112_Aviso_de_Retificacao.pdf\" target=\"_blank\" rel=\"noopener\">Aviso de retifica\u00e7\u00e3o<\/a> (17\/11\/2025)<br \/>\n<a href=\"https:\/\/www.ufmg.br\/proex\/wp-content\/uploads\/2025\/08\/Lista-de-Propostas-Submetidas-Pbext-01_2025.pdf\" target=\"_blank\" rel=\"noopener\">Lista das propostas submetidas<\/a> (11\/08\/2025)<\/p>\n<p>O <a href=\"https:\/\/www.ufmg.br\/proex\/wp-content\/uploads\/2025\/06\/EDITAL-PROEX-no-01.2025_FINAL_11.06.pdf\" target=\"_blank\" rel=\"noopener\">edital Pbext 01\/2025<\/a> registrou 411 propostas inscritas, um recorde de participa\u00e7\u00e3o!<\/p>\n<p>O edital foi lan\u00e7ado em 9 de junho pela Pr\u00f3-reitoria de Extens\u00e3o da UFMG.<\/p>\n<div>\n<p><strong>Vig\u00eancia das bolsas<\/strong>: mar\u00e7o de 2026 a fevereiro de 2027 (12 meses)<br \/>\n<strong>Valor<\/strong>: 700\/mensal<\/p>\n<\/div>\n<p><strong>Modalidades<br \/>\n<\/strong>Pbext &#8211; destinada a estudantes de gradua\u00e7\u00e3o da UFMG<br \/>\nPbext A\u00e7\u00e3o Afirmativa &#8211; destinada exclusivamente a graduandos classificados socioeconomicamente nos n\u00edveis I, II e III da Funda\u00e7\u00e3o Universit\u00e1ria Mendes Pimentel (Fump) ou que ingressaram na UFMG pelo sistema de cotas.<\/p>\n<p><a href=\"https:\/\/www.youtube.com\/live\/7S9Kbjyp38M\" target=\"_blank\" rel=\"noopener\">Leitura p\u00fablica<\/a> do edital<br \/>\n<a href=\"https:\/\/www.ufmg.br\/proex\/wp-content\/uploads\/2025\/06\/Tutoriais-Sistema-de-fomento-da-PROEX_2024.V2_COORDENADOR.pdf\" target=\"_blank\" rel=\"noopener\">Orienta\u00e7\u00f5es de inscri\u00e7\u00e3o<\/a><\/p>\n<p>O objetivo do Pbext \u00e9 estimular a participa\u00e7\u00e3o dos discentes nas atividades de extens\u00e3o, contribuir para a forma\u00e7\u00e3o acad\u00eamica, estimular o pensamento cr\u00edtico e interdisciplinar e a atua\u00e7\u00e3o estudantil comprometida com a promo\u00e7\u00e3o da cidadania, em conson\u00e2ncia com a fun\u00e7\u00e3o social da universidade p\u00fablica.<\/p>\n<\/div>\n<p><strong>Edi\u00e7\u00e3o de 2024<br \/>\n<\/strong><a href=\"https:\/\/www.ufmg.br\/proex\/wp-content\/uploads\/2024\/07\/EDITAL-PROEX-no-01.2024_.pdf\" target=\"_blank\" rel=\"noopener\">Edital 01\/2024<\/a><br \/>\n<a href=\"https:\/\/www.ufmg.br\/proex\/wp-content\/uploads\/2024\/12\/Resultado-Final-Pbext-01_2024.pdf\" target=\"_blank\" rel=\"noopener\">Resultado final<\/a><br \/>\n<a href=\"https:\/\/www.ufmg.br\/proex\/wp-content\/uploads\/2024\/12\/Resultado-Preliminar_Edital-PROEX-01.2024.pdf\" target=\"_blank\" rel=\"noopener\">Resultado preliminar\u00a0<\/a><br \/>\n<a href=\"https:\/\/www.ufmg.br\/proex\/wp-content\/uploads\/2024\/08\/Inscricoes-Efetivadas.pdf\" target=\"_blank\" rel=\"noopener\">Inscri\u00e7\u00f5es efetivadas\u00a0<\/a><br \/>\n<a href=\"https:\/\/www.ufmg.br\/proex\/wp-content\/uploads\/2024\/08\/EDITAL-PROEX-no-01.2024_Retificacao-no-01.pdf\" target=\"_blank\" rel=\"noopener\">Retifica\u00e7\u00e3o 01\u00a0<\/a><\/p>\n<div>\n<div>\n<p data-start=\"259\" data-end=\"341\">Para esclarecimentos e informa\u00e7\u00f5es adicionais, fale conosco pelo e-mail <a href=\"fomento@proex.ufmg.br\" target=\"_blank\" rel=\"noopener\">fomento@proex.ufmg.br<\/a> ou\u00a0telefone 3409-3928.<\/p>\n<p data-start=\"259\" data-end=\"341\">\n<\/div>\n<\/div>\n","protected":false},"excerpt":{"rendered":"<p>Confira o resultado final \u2014 \u00a0publicado em 17\/12\/2025. Propostas contempladas [&hellip;]<\/p>\n","protected":false},"author":2,"featured_media":0,"parent":0,"menu_order":0,"comment_status":"closed","ping_status":"closed","template":"","meta":[],"tags":[519,23,413,29,171],"_links":{"self":[{"href":"https:\/\/www.ufmg.br\/proex\/wp-json\/wp\/v2\/pages\/953"}],"collection":[{"href":"https:\/\/www.ufmg.br\/proex\/wp-json\/wp\/v2\/pages"}],"about":[{"href":"https:\/\/www.ufmg.br\/proex\/wp-json\/wp\/v2\/types\/page"}],"author":[{"embeddable":true,"href":"https:\/\/www.ufmg.br\/proex\/wp-json\/wp\/v2\/users\/2"}],"replies":[{"embeddable":true,"href":"https:\/\/www.ufmg.br\/proex\/wp-json\/wp\/v2\/comments?post=953"}],"version-history":[{"count":262,"href":"https:\/\/www.ufmg.br\/proex\/wp-json\/wp\/v2\/pages\/953\/revisions"}],"predecessor-version":[{"id":16912,"href":"https:\/\/www.ufmg.br\/proex\/wp-json\/wp\/v2\/pages\/953\/revisions\/16912"}],"wp:attachment":[{"href":"https:\/\/www.ufmg.br\/proex\/wp-json\/wp\/v2\/media?parent=953"}],"wp:term":[{"taxonomy":"post_tag","embeddable":true,"href":"https:\/\/www.ufmg.br\/proex\/wp-json\/wp\/v2\/tags?post=953"}],"curies":[{"name":"wp","href":"https:\/\/api.w.org\/{rel}","templated":true}]}}