{"id":9925,"date":"2023-08-30T13:58:39","date_gmt":"2023-08-30T16:58:39","guid":{"rendered":"https:\/\/www.ufmg.br\/proex\/?page_id=9925"},"modified":"2023-08-30T13:58:39","modified_gmt":"2023-08-30T16:58:39","slug":"projeto-nam","status":"publish","type":"page","link":"https:\/\/www.ufmg.br\/proex\/projeto-nam\/","title":{"rendered":"Projeto NAM"},"content":{"rendered":"<p>Os projetos NAM &#8211; Naso-Alveolar Modelador e Aten\u00e7\u00e3o Odontol\u00f3gica \u00e0 Pacientes com Fissuras L\u00e1bio-Palatais, da Faculdade de Odontologia\u00a0 da UFMG, est\u00e3o com inscri\u00e7\u00f5es abertas para sele\u00e7\u00e3o de extensionistas volunt\u00e1rios (as).<\/p>\n<p><span data-offset-key=\"2nd7-0-0\">S\u00e3o oferecidas 2 vagas por projeto para alunos de gradua\u00e7\u00e3o em odontologia e 1 vaga para alunos de p\u00f3s gradua\u00e7\u00e3o. \u00c9 necess\u00e1rio ter cursado a disciplina de Aten\u00e7\u00e3o \u00e0 Crian\u00e7a I.<\/span><\/p>\n<p>As inscri\u00e7\u00f5es s\u00e3o at\u00e9 o dia<strong> 06 de setembro de 2023.<\/strong><\/p>\n<p>Os candidatos ao projeto <a href=\"https:\/\/www.ufmg.br\/proex\/wp-content\/uploads\/2023\/08\/Atencao-Odontologica-a-Pacientes-com-Fissuras-Labio-Palatais.pdf\" target=\"_blank\" rel=\"noopener\">Aten\u00e7\u00e3o Odontol\u00f3gica \u00e0 Pacientes com Fissuras L\u00e1bio-Palatais<\/a> far\u00e3o atendimento odontopedi\u00e1trico e ortod\u00f4ntico de crian\u00e7as e adolescentes fissurados que j\u00e1 passaram pelo Projeto NAM. As inscri\u00e7\u00f5es s\u00e3o por meio do <a href=\"https:\/\/docs.google.com\/forms\/d\/e\/1FAIpQLSfA4GkWeXfFlpclK3gZ3G5FhUKlgK2fKjnxWKv5QaFBEKGC6g\/viewform\" target=\"_blank\" rel=\"noopener\">formul\u00e1rio.<\/a><\/p>\n<p>J\u00e1 candidatos ao projeto <a href=\"https:\/\/www.ufmg.br\/proex\/wp-content\/uploads\/2023\/08\/Atencao-Odontologica-a-Pacientes-com-Fissuras-Labio-Palatais.pdf\" target=\"_blank\" rel=\"noopener\">NAM &#8211; Naso-Alveolar Modelador<\/a> ir\u00e3o realizar o atendimento de beb\u00eas nascidos com fissura labiopalatina para uso do protocolo NAM. As inscri\u00e7\u00f5es tamb\u00e9m s\u00e3o por meio de <a href=\"https:\/\/docs.google.com\/forms\/d\/e\/1FAIpQLSf12jfihgSbYXT2Lzot2jbTjb5wsQ7SWm4wA5UwbI8FrgS5OA\/viewform\" target=\"_blank\" rel=\"noopener\">formul\u00e1rio.<\/a><\/p>\n<p>Ambos os editais exigem os documentos: Hist\u00f3rico escolar e Rendimento semestral global &#8211; RSG.<\/p>\n<p>O resultado ser\u00e1 divulgado no dia 13 de setembro.<\/p>\n<div class=\"\" data-block=\"true\" data-editor=\"9b7r6\" data-offset-key=\"a8rv8-0-0\"><\/div>\n","protected":false},"excerpt":{"rendered":"<p>Os projetos NAM &#8211; Naso-Alveolar Modelador e Aten\u00e7\u00e3o Odontol\u00f3gica \u00e0 [&hellip;]<\/p>\n","protected":false},"author":2,"featured_media":0,"parent":0,"menu_order":0,"comment_status":"closed","ping_status":"closed","template":"","meta":[],"tags":[],"_links":{"self":[{"href":"https:\/\/www.ufmg.br\/proex\/wp-json\/wp\/v2\/pages\/9925"}],"collection":[{"href":"https:\/\/www.ufmg.br\/proex\/wp-json\/wp\/v2\/pages"}],"about":[{"href":"https:\/\/www.ufmg.br\/proex\/wp-json\/wp\/v2\/types\/page"}],"author":[{"embeddable":true,"href":"https:\/\/www.ufmg.br\/proex\/wp-json\/wp\/v2\/users\/2"}],"replies":[{"embeddable":true,"href":"https:\/\/www.ufmg.br\/proex\/wp-json\/wp\/v2\/comments?post=9925"}],"version-history":[{"count":1,"href":"https:\/\/www.ufmg.br\/proex\/wp-json\/wp\/v2\/pages\/9925\/revisions"}],"predecessor-version":[{"id":9928,"href":"https:\/\/www.ufmg.br\/proex\/wp-json\/wp\/v2\/pages\/9925\/revisions\/9928"}],"wp:attachment":[{"href":"https:\/\/www.ufmg.br\/proex\/wp-json\/wp\/v2\/media?parent=9925"}],"wp:term":[{"taxonomy":"post_tag","embeddable":true,"href":"https:\/\/www.ufmg.br\/proex\/wp-json\/wp\/v2\/tags?post=9925"}],"curies":[{"name":"wp","href":"https:\/\/api.w.org\/{rel}","templated":true}]}}