{"id":1183,"date":"2021-10-07T14:22:58","date_gmt":"2021-10-07T17:22:58","guid":{"rendered":"https:\/\/www.ufmg.br\/prograd\/?page_id=1183"},"modified":"2021-10-07T14:22:58","modified_gmt":"2021-10-07T17:22:58","slug":"orientacoes-sobre-patrimonio","status":"publish","type":"page","link":"https:\/\/www.ufmg.br\/prograd\/orientacoes-sobre-patrimonio\/","title":{"rendered":"Orienta\u00e7\u00f5es sobre Patrim\u00f4nio"},"content":{"rendered":"<div class=\"attribute-header\"><\/div>\n<div class=\"attribute-byline\">\n<p class=\"date\"><a href=\"https:\/\/www2.ufmg.br\/prograd\/content\/download\/29101\/194950\/file\/Patr.pdf\" target=\"_blank\" rel=\"noopener\">Manual de Patrim\u00f4nio da Prograd<\/a>\u00a0 &#8211; apresenta o compilado vigente do Manual de Patrim\u00f4nio elaborado pela Divis\u00e3o de Material do DSG da Pr\u00f3-Reitoria de Administra\u00e7\u00e3o da UFMG \u2013 que orienta as aplica\u00e7\u00f5es dos procedimentos do controle patrimonial na Prograd.<\/p>\n<\/div>\n<div class=\"attribute-long\">\n<p class=\" text-justify\"><a href=\"http:\/\/www.comprasnet.gov.br\/legislacao\/in\/in205_88.htm\" target=\"_blank\" rel=\"noopener\">Instru\u00e7\u00e3o Normativa n\u00b0 205, de 8 de abril de 1988<\/a>-Esse material tem o objetivo de racionalizar com minimiza\u00e7\u00e3o de custos o uso de material no \u00e2mbito do Sistema de Servi\u00e7os Gerais (SISG) atrav\u00e9s de t\u00e9cnicas modernas que atualizam e enriquecem essa gest\u00e3o com as desej\u00e1veis condi\u00e7\u00f5es de operacionalidade, no emprego do material nas diversas atividades.<\/p>\n<p class=\" text-justify\">Os dois documentos foram disponibilizados como refer\u00eancia para consulta de d\u00favidas relacionadas ao patrim\u00f4nio.<\/p>\n<p class=\" text-justify\">Outras informa\u00e7\u00f5es e esclarecimentos podem ser solicitados encaminhando email para: spatri@prograd.ufmg.br<\/p>\n<\/div>\n","protected":false},"excerpt":{"rendered":"<p>Manual de Patrim\u00f4nio da Prograd\u00a0 &#8211; apresenta o compilado vigente [&hellip;]<\/p>\n","protected":false},"author":1,"featured_media":0,"parent":0,"menu_order":0,"comment_status":"closed","ping_status":"closed","template":"","meta":{"_acf_changed":false,"footnotes":""},"tags":[],"class_list":["post-1183","page","type-page","status-publish","hentry"],"acf":[],"_links":{"self":[{"href":"https:\/\/www.ufmg.br\/prograd\/wp-json\/wp\/v2\/pages\/1183","targetHints":{"allow":["GET"]}}],"collection":[{"href":"https:\/\/www.ufmg.br\/prograd\/wp-json\/wp\/v2\/pages"}],"about":[{"href":"https:\/\/www.ufmg.br\/prograd\/wp-json\/wp\/v2\/types\/page"}],"author":[{"embeddable":true,"href":"https:\/\/www.ufmg.br\/prograd\/wp-json\/wp\/v2\/users\/1"}],"replies":[{"embeddable":true,"href":"https:\/\/www.ufmg.br\/prograd\/wp-json\/wp\/v2\/comments?post=1183"}],"version-history":[{"count":1,"href":"https:\/\/www.ufmg.br\/prograd\/wp-json\/wp\/v2\/pages\/1183\/revisions"}],"predecessor-version":[{"id":1184,"href":"https:\/\/www.ufmg.br\/prograd\/wp-json\/wp\/v2\/pages\/1183\/revisions\/1184"}],"wp:attachment":[{"href":"https:\/\/www.ufmg.br\/prograd\/wp-json\/wp\/v2\/media?parent=1183"}],"wp:term":[{"taxonomy":"post_tag","embeddable":true,"href":"https:\/\/www.ufmg.br\/prograd\/wp-json\/wp\/v2\/tags?post=1183"}],"curies":[{"name":"wp","href":"https:\/\/api.w.org\/{rel}","templated":true}]}}