{"id":1221,"date":"2021-10-18T14:09:06","date_gmt":"2021-10-18T17:09:06","guid":{"rendered":"https:\/\/www.ufmg.br\/prograd\/?page_id=1221"},"modified":"2025-11-17T10:02:35","modified_gmt":"2025-11-17T13:02:35","slug":"onde-estamos","status":"publish","type":"page","link":"https:\/\/www.ufmg.br\/prograd\/onde-estamos\/","title":{"rendered":"Onde estamos"},"content":{"rendered":"<p>A localiza\u00e7\u00e3o dos setores da Pr\u00f3-reitoria de Gradua\u00e7\u00e3o est\u00e1 listada abaixo:<\/p>\n<p><strong>Reitoria da UFMG:<\/strong><\/p>\n<p><strong><em>6\u00b0 andar<\/em><\/strong><\/p>\n<p><a href=\"https:\/\/www.ufmg.br\/prograd\/prograd\/\">Gabinete da Pr\u00f3-reitoria de Gradua\u00e7\u00e3o<\/a><\/p>\n<ul>\n<li>Pr\u00f3-reitora de Gradua\u00e7\u00e3o<\/li>\n<li>Pr\u00f3-reitor adjunto de Gradua\u00e7\u00e3o<\/li>\n<\/ul>\n<p>Sala: 6032<\/p>\n<p><a href=\"https:\/\/www.ufmg.br\/prograd\/setores\/\">Secretaria Geral<\/a><\/p>\n<p>Compras<\/p>\n<p>Comunica\u00e7\u00e3o<\/p>\n<p>Geral<\/p>\n<p>Pessoal<\/p>\n<p>Secretaria da C\u00e2mara de Gradua\u00e7\u00e3o<\/p>\n<p>Revalida\u00e7\u00e3o de Diplomas<\/p>\n<p>Sala: 6013<\/p>\n<p><a href=\"https:\/\/www.ufmg.br\/prograd\/academica\/\">Diretoria Acad\u00eamica<\/a><\/p>\n<ul>\n<li>Setor Acad\u00eamico<\/li>\n<\/ul>\n<p>Salas: 6026 e 6028<\/p>\n<p><a href=\"https:\/\/www.ufmg.br\/prograd\/setores\/\">Setor de Arquivos e Patrim\u00f4nio<\/a><\/p>\n<p>Sala: 6015<\/p>\n<p><a href=\"https:\/\/www.ufmg.br\/prograd\/setores\/\">Setor de Estat\u00edstica<\/a><\/p>\n<p>Sala: 6030<\/p>\n<p><a href=\"https:\/\/www.ufmg.br\/prograd\/setores\/\">Setor Financeiro<\/a><\/p>\n<p>Sala: 6011<\/p>\n<p><strong><em>Anexo do pr\u00e9dio da Reitoria &#8211; 2\u00ba andar<\/em><\/strong><\/p>\n<p><a href=\"https:\/\/www.ufmg.br\/prograd\/pense\/\">Diretoria de Programas Acad\u00eamicos para Desenvolvimento do Ensino (Pense)<\/a><\/p>\n<ul>\n<li>Setor de Bolsas &#8211; Sala: 03<\/li>\n<li>Setor de Est\u00e1gios e Mobilidade Acad\u00eamica &#8211; Sala: 02<\/li>\n<\/ul>\n<p><strong>Biblioteca Central (entrada pela porta lateral):<\/strong><\/p>\n<p><a href=\"https:\/\/www.ufmg.br\/prograd\/inovacao-e-metodologias-de-ensino\/\">Diretoria de Inova\u00e7\u00e3o e Metodologias de Ensino (GIZ)<\/a><\/p>\n<p>Sala: 15<\/p>\n<p><strong>Centro de Atividades Did\u00e1ticas (Cad) 3:<\/strong><\/p>\n<p><a href=\"https:\/\/www.ufmg.br\/prograd\/setores\/\">Secretaria dos Colegiados Especiais<\/a><\/p>\n<p>Sala: A105<\/p>\n<p><strong>Unidade Administrativa 3:<\/strong><\/p>\n<p><a href=\"https:\/\/www.ufmg.br\/prograd\/comissao-permanente-do-vestibular\/\">Diretoria de Processos Seletivos (Copeve)<\/a><\/p>\n<p>&nbsp;<\/p>\n<p>&nbsp;<\/p>\n<p>&nbsp;<\/p>\n<p>&nbsp;<\/p>\n","protected":false},"excerpt":{"rendered":"<p>A localiza\u00e7\u00e3o dos setores da Pr\u00f3-reitoria de Gradua\u00e7\u00e3o est\u00e1 listada [&hellip;]<\/p>\n","protected":false},"author":1,"featured_media":0,"parent":0,"menu_order":0,"comment_status":"closed","ping_status":"closed","template":"","meta":{"_acf_changed":false,"footnotes":""},"tags":[],"class_list":["post-1221","page","type-page","status-publish","hentry"],"acf":[],"_links":{"self":[{"href":"https:\/\/www.ufmg.br\/prograd\/wp-json\/wp\/v2\/pages\/1221","targetHints":{"allow":["GET"]}}],"collection":[{"href":"https:\/\/www.ufmg.br\/prograd\/wp-json\/wp\/v2\/pages"}],"about":[{"href":"https:\/\/www.ufmg.br\/prograd\/wp-json\/wp\/v2\/types\/page"}],"author":[{"embeddable":true,"href":"https:\/\/www.ufmg.br\/prograd\/wp-json\/wp\/v2\/users\/1"}],"replies":[{"embeddable":true,"href":"https:\/\/www.ufmg.br\/prograd\/wp-json\/wp\/v2\/comments?post=1221"}],"version-history":[{"count":19,"href":"https:\/\/www.ufmg.br\/prograd\/wp-json\/wp\/v2\/pages\/1221\/revisions"}],"predecessor-version":[{"id":5340,"href":"https:\/\/www.ufmg.br\/prograd\/wp-json\/wp\/v2\/pages\/1221\/revisions\/5340"}],"wp:attachment":[{"href":"https:\/\/www.ufmg.br\/prograd\/wp-json\/wp\/v2\/media?parent=1221"}],"wp:term":[{"taxonomy":"post_tag","embeddable":true,"href":"https:\/\/www.ufmg.br\/prograd\/wp-json\/wp\/v2\/tags?post=1221"}],"curies":[{"name":"wp","href":"https:\/\/api.w.org\/{rel}","templated":true}]}}