{"id":1250,"date":"2021-10-20T14:19:20","date_gmt":"2021-10-20T17:19:20","guid":{"rendered":"https:\/\/www.ufmg.br\/prograd\/?page_id=1250"},"modified":"2023-04-12T15:53:52","modified_gmt":"2023-04-12T18:53:52","slug":"estagio-2","status":"publish","type":"page","link":"https:\/\/www.ufmg.br\/prograd\/estagio-2\/","title":{"rendered":"Est\u00e1gio"},"content":{"rendered":"<p><b>1) Os estudantes da Gradua\u00e7\u00e3o podem realizar quais modalidades de est\u00e1gio?<\/b><\/p>\n<p>Os estudantes dos cursos de gradua\u00e7\u00e3o da UFMG podem realizar est\u00e1gios curriculares obrigat\u00f3rio e n\u00e3o obrigat\u00f3rio.\u00a0Essas modalidade s\u00e3o estabelecidas pela lei 11788\/2008.<\/p>\n<p>O est\u00e1gio Obrigat\u00f3rio deve estar previsto no Projeto Pedag\u00f3gico do Curso no qual \u00e9 exigido o cumprimento de carga hor\u00e1ria como requisito para conclus\u00e3o do curso de gradua\u00e7\u00e3o. Nesta modalidade de est\u00e1gio o pagamento de bolsa (ou outra forma de contrapresta\u00e7\u00e3o) e o auxilio transporte s\u00e3o facultativos.<\/p>\n<p>O est\u00e1gio N\u00e3o Obrigat\u00f3rio \u00e9 uma atividade curricular opcional, cuja carga hor\u00e1ria \u00e9 acrescentada a carga regular prevista no Projeto Pedag\u00f3gico. Neste caso \u00e9 compuls\u00f3ria o pagamento de bolsa (ou outra forma de contrapresta\u00e7\u00e3o acordada) e o aux\u00edlio transporte.<\/p>\n<p>Para fazer est\u00e1gio, seja ele obrigat\u00f3rio ou n\u00e3o obrigat\u00f3rio, o estudante deve consultar o Colegiado ou Centrais de Est\u00e1gio, pois h\u00e1 cursos que possuem resolu\u00e7\u00f5es espec\u00edficas que estabelecem\u00a0 crit\u00e9rios para realizar as duas modalidades de est\u00e1gio. \u00c9 o caso por exemplo da Engenharia, com a Resolu\u00e7\u00e3o 01\/2018 e do curso de Gest\u00e3o P\u00fablica cuja Resolu\u00e7\u00e3o \u00e9 a 01\/2019.<\/p>\n<p><strong>2) Onde busco est\u00e1gio na UFMG?<\/strong><\/p>\n<p>Na UFMG, as vagas s\u00e3o divulgadas pelos colegiados ou centros de est\u00e1gios. Tamb\u00e9m \u00e9 possivel fazer est\u00e1gio na pr\u00f3pria UFMG. Algumas vagas s\u00e3o anunciadas no <a href=\"http:\/\/www.ufmg.br\">Portal da UFMG<\/a>, em &#8220;Fique atento&#8221; e, para quem \u00e9 atendido pela Funda\u00e7\u00e3o Universit\u00e1ria Mendes Pimentel, as vagas s\u00e3o anunciadas <a href=\"http:\/\/www.fump.ufmg.br\/conteudo.aspx?pagina=67\">nesse link<\/a>.<\/p>\n<p><strong>3) E se eu encontrar est\u00e1gio fora das vagas anunciadas dentro da UFMG?<\/strong><\/p>\n<p>N\u00e3o tem problema, desde que siga o que a legisla\u00e7\u00e3o determina e que os documentos relacionados ao est\u00e1gio sejam encaminhados e aprovados via <a href=\"https:\/\/ufmg.br\/cursos\/colegiados\">colegiados de cursos<\/a> e <a href=\"https:\/\/www.ufmg.br\/prograd\/wp-content\/uploads\/2023\/04\/Lista-das-Centrais-de-Estagio-UFMG-atual_10042023.odt\">centrais de oportunidades <\/a>das Unidades Acad\u00eamicas da UFMG.<\/p>\n<p><strong>4) Como os estudante de gradua\u00e7\u00e3o podem se informar sobre a legisla\u00e7\u00e3o e documentos necess\u00e1rios?<\/strong><\/p>\n<p>Os respons\u00e1veis pelas informa\u00e7\u00f5es e orienta\u00e7\u00e3o sobre a documenta\u00e7\u00e3o s\u00e3o os colegiados de cursos e centrais de oportunidades da UFMG. Mas, uma dica importante \u00e9 ler a <a href=\"http:\/\/www.planalto.gov.br\/ccivil_03\/_Ato2007-2010\/2008\/Lei\/L11788.htm\">Lei N\u00b0 11.788, de 25 de setembro de 2008<\/a>, a <a href=\"https:\/\/www.ufmg.br\/prograd\/wp-content\/uploads\/2022\/01\/Cartilha.pdf\">Nova Cartilha Esclarecedora sobre a Lei de Est\u00e1gio, elaborada pelo MTE<\/a> e a <a href=\"https:\/\/www2.ufmg.br\/sods\/content\/download\/1497\/12053\/version\/2\/file\/02rescepe2009+est%C3%A1gio.pdf\">Resolu\u00e7\u00e3o 02\/2009 do CEPE<\/a>.<\/p>\n<p><strong>5) O que \u00e9 necess\u00e1rio para come\u00e7ar o est\u00e1gio?<\/strong><\/p>\n<p>Para come\u00e7ar o est\u00e1gio \u00e9 necess\u00e1rio que o\/a estudante esteja matriculado(a) no curso \u00a0e cumpra os crit\u00e9rios estabelecidos pelas normas do seu curso. \u00c9 fundamental\u00a0 tamb\u00e9m que o\/ a estudante assine, junto ao Colegiado ou Central de Est\u00e1gio e o Campo de est\u00e1gio os documentos chamados Termo de Compromisso e o Plano de atividades. Estes documentos n\u00e3o podem ser assinados de forma retroativa, eles t\u00eam que ser assinados antes do in\u00edcio das atividades referentes ao est\u00e1gio.<\/p>\n<p><strong>6) Qual \u00e9 a fun\u00e7\u00e3o do Setor de Est\u00e1gios e Mobilidade Acad\u00eamica (SEMA) da Prograd?<\/strong><\/p>\n<p>O Setor de Est\u00e1gios e Mobilidade Acad\u00eamica (Sema), tem como fun\u00e7\u00e3o coordenar a execu\u00e7\u00e3o da Pol\u00edtica de Est\u00e1gio para os cursos de gradua\u00e7\u00e3o da UFMG. Para isso, realiza orienta\u00e7\u00e3o a comunidade interna e externa sobre a Pol\u00edtica de Est\u00e1gio da UFMG. Al\u00e9m de ser\u00a0 respons\u00e1vel por celebrar Conv\u00eanios de Est\u00e1gio, com institui\u00e7\u00f5es p\u00fablicas e privadas, que tem interesse em contratar estagi\u00e1rios de todos os cursos de gradua\u00e7\u00e3o da UFMG e firmar Termo de Coopera\u00e7\u00e3o com agentes de integra\u00e7\u00e3o, que selecionaram estudantes de gradua\u00e7\u00e3o da UFMG.<\/p>\n<p><strong>7) O que \u00e9 o sistema Perfil UFMG?<\/strong><\/p>\n<p>\u00c9 uma rede de oportunidades desenvolvida para auxiliar a inser\u00e7\u00e3o dos (as) alunos (as) e ex-alunos (as) da UFMG no mundo do trabalho, ao mesmo tempo que permite \u00e0s organiza\u00e7\u00f5es (empresas, institui\u00e7\u00f5es p\u00fablicas e organiza\u00e7\u00f5es do 3\u00ba setor\/ONG\u00b4s \/organiza\u00e7\u00f5es de a\u00e7\u00e3o social) o acesso aos\/\u00e0s profissionais formados pela institui\u00e7\u00e3o. Voc\u00ea pode obter mais informa\u00e7\u00f5es por meio <a href=\"https:\/\/sistemas.ufmg.br\/perfil\/home.faces\">desse link<\/a>.<\/p>\n<p>&nbsp;<\/p>\n","protected":false},"excerpt":{"rendered":"<p>1) Os estudantes da Gradua\u00e7\u00e3o podem realizar quais modalidades de [&hellip;]<\/p>\n","protected":false},"author":1,"featured_media":0,"parent":0,"menu_order":0,"comment_status":"closed","ping_status":"closed","template":"","meta":{"_acf_changed":false,"footnotes":""},"tags":[],"class_list":["post-1250","page","type-page","status-publish","hentry"],"acf":[],"_links":{"self":[{"href":"https:\/\/www.ufmg.br\/prograd\/wp-json\/wp\/v2\/pages\/1250","targetHints":{"allow":["GET"]}}],"collection":[{"href":"https:\/\/www.ufmg.br\/prograd\/wp-json\/wp\/v2\/pages"}],"about":[{"href":"https:\/\/www.ufmg.br\/prograd\/wp-json\/wp\/v2\/types\/page"}],"author":[{"embeddable":true,"href":"https:\/\/www.ufmg.br\/prograd\/wp-json\/wp\/v2\/users\/1"}],"replies":[{"embeddable":true,"href":"https:\/\/www.ufmg.br\/prograd\/wp-json\/wp\/v2\/comments?post=1250"}],"version-history":[{"count":17,"href":"https:\/\/www.ufmg.br\/prograd\/wp-json\/wp\/v2\/pages\/1250\/revisions"}],"predecessor-version":[{"id":3053,"href":"https:\/\/www.ufmg.br\/prograd\/wp-json\/wp\/v2\/pages\/1250\/revisions\/3053"}],"wp:attachment":[{"href":"https:\/\/www.ufmg.br\/prograd\/wp-json\/wp\/v2\/media?parent=1250"}],"wp:term":[{"taxonomy":"post_tag","embeddable":true,"href":"https:\/\/www.ufmg.br\/prograd\/wp-json\/wp\/v2\/tags?post=1250"}],"curies":[{"name":"wp","href":"https:\/\/api.w.org\/{rel}","templated":true}]}}