{"id":1522,"date":"2021-12-03T16:26:56","date_gmt":"2021-12-03T19:26:56","guid":{"rendered":"https:\/\/www.ufmg.br\/prograd\/?page_id=1522"},"modified":"2021-12-03T16:32:59","modified_gmt":"2021-12-03T19:32:59","slug":"resolucoes-do-conselho-de-ensino-pesquisa-e-extensao-cepe","status":"publish","type":"page","link":"https:\/\/www.ufmg.br\/prograd\/resolucoes-do-conselho-de-ensino-pesquisa-e-extensao-cepe\/","title":{"rendered":"Resolu\u00e7\u00f5es do Conselho de Ensino, Pesquisa e Extens\u00e3o (CEPE)"},"content":{"rendered":"<style>#sp-ea-1525 .spcollapsing { height: 0; overflow: hidden; transition-property: height;transition-duration: 500ms;}#sp-ea-1525.sp-easy-accordion>.sp-ea-single {margin-bottom: 10px; border: 1px solid #e2e2e2; }#sp-ea-1525.sp-easy-accordion>.sp-ea-single>.ea-header a {color: #444;}#sp-ea-1525.sp-easy-accordion>.sp-ea-single>.sp-collapse>.ea-body {background: #fff; color: #444;}#sp-ea-1525.sp-easy-accordion>.sp-ea-single {background: #eee;}#sp-ea-1525.sp-easy-accordion>.sp-ea-single>.ea-header a .ea-expand-icon { float: left; color: #444;font-size: 16px;}<\/style><div id=\"sp_easy_accordion-1778729446\"><div id=\"sp-ea-1525\" class=\"sp-ea-one sp-easy-accordion\" data-ea-active=\"ea-click\" data-ea-mode=\"vertical\" data-preloader=\"\" data-scroll-active-item=\"\" data-offset-to-scroll=\"0\"><div class=\"ea-card ea-expand sp-ea-single\"><h3 class=\"ea-header\"><a class=\"collapsed\" id=\"ea-header-15250\" role=\"button\" data-sptoggle=\"spcollapse\" data-sptarget=\"#collapse15250\" aria-controls=\"collapse15250\" href=\"#\" aria-expanded=\"true\" tabindex=\"0\"><i aria-hidden=\"true\" role=\"presentation\" class=\"ea-expand-icon eap-icon-ea-expand-minus\"><\/i> 2022<\/a><\/h3><div class=\"sp-collapse spcollapse collapsed show\" id=\"collapse15250\" data-parent=\"#sp-ea-1525\" role=\"region\" aria-labelledby=\"ea-header-15250\"> <div class=\"ea-body\"><p><a href=\"https:\/\/www2.ufmg.br\/sods\/content\/download\/2556\/16985\/version\/1\/file\/01rescepe2022.pdf\">Resolu\u00e7\u00e3o 01\/2022, de 13 de janeiro de 2022 -\u00a0Disp\u00f5e sobre o planejamento e a realiza\u00e7\u00e3o de atividades acad\u00eamicas de forma presencial durante a pandemia de COVID-19 e revoga as Resolu\u00e7\u00f5es do CEPE 06\/2020, de 10 de setembro de 2020, 05\/2021, de 19 de agosto de 2021, 06\/2021, de 9 de setembro de 2021, e 07\/2021, de 9 de setembro de 2021.<\/a><\/p><\/div><\/div><\/div><div class=\"ea-card sp-ea-single\"><h3 class=\"ea-header\"><a class=\"collapsed\" id=\"ea-header-15251\" role=\"button\" data-sptoggle=\"spcollapse\" data-sptarget=\"#collapse15251\" aria-controls=\"collapse15251\" href=\"#\" aria-expanded=\"false\" tabindex=\"0\"><i aria-hidden=\"true\" role=\"presentation\" class=\"ea-expand-icon eap-icon-ea-expand-plus\"><\/i> 2021<\/a><\/h3><div class=\"sp-collapse spcollapse \" id=\"collapse15251\" data-parent=\"#sp-ea-1525\" role=\"region\" aria-labelledby=\"ea-header-15251\"> <div class=\"ea-body\"><p><a href=\"https:\/\/www2.ufmg.br\/sods\/content\/download\/2540\/16915\/version\/1\/file\/05rescepe2021+-+EHE+assinada.pdf\">Resolu\u00e7\u00e3o 05\/2021, de 19 de agosto de 2021 -\u00a0Disp\u00f5e sobre a regulamenta\u00e7\u00e3o do Ensino H\u00edbrido Emergencial\u00a0(EHE) para os cursos de gradua\u00e7\u00e3o da UFMG e revoga a Resolu\u00e7\u00e3o CEPE 02\/2020, de 9 de julho de 2020.<\/a><\/p><p>\u00a0<\/p><\/div><\/div><\/div><div class=\"ea-card sp-ea-single\"><h3 class=\"ea-header\"><a class=\"collapsed\" id=\"ea-header-15252\" role=\"button\" data-sptoggle=\"spcollapse\" data-sptarget=\"#collapse15252\" aria-controls=\"collapse15252\" href=\"#\" aria-expanded=\"false\" tabindex=\"0\"><i aria-hidden=\"true\" role=\"presentation\" class=\"ea-expand-icon eap-icon-ea-expand-plus\"><\/i> 2020<\/a><\/h3><div class=\"sp-collapse spcollapse \" id=\"collapse15252\" data-parent=\"#sp-ea-1525\" role=\"region\" aria-labelledby=\"ea-header-15252\"> <div class=\"ea-body\"><p><a href=\"https:\/\/www2.ufmg.br\/sods\/content\/download\/2491\/16674\/version\/2\/file\/01rescompcepe2020.pdf\">Resolu\u00e7\u00e3o Complementar 01\/2020, de 8 de outubro de 2020 -\u00a0Regulamenta a oferta das Forma\u00e7\u00f5es Transversais na gradua\u00e7\u00e3o e estabelece a composi\u00e7\u00e3o e as atribui\u00e7\u00f5es do Colegiado Especial das Forma\u00e7\u00f5es Transversais da UFMG e revoga a Resolu\u00e7\u00e3o do CEPE 19\/2014, de 7 de outubro de 2014. (Publicada\u00a0na Edi\u00e7\u00e3o Especial do Boletim Informativo da UFMG\u00a0N. 2.097, de 30 de outubro de 2020.)<\/a><\/p><\/div><\/div><\/div><div class=\"ea-card sp-ea-single\"><h3 class=\"ea-header\"><a class=\"collapsed\" id=\"ea-header-15253\" role=\"button\" data-sptoggle=\"spcollapse\" data-sptarget=\"#collapse15253\" aria-controls=\"collapse15253\" href=\"#\" aria-expanded=\"false\" tabindex=\"0\"><i aria-hidden=\"true\" role=\"presentation\" class=\"ea-expand-icon eap-icon-ea-expand-plus\"><\/i> 2019<\/a><\/h3><div class=\"sp-collapse spcollapse \" id=\"collapse15253\" data-parent=\"#sp-ea-1525\" role=\"region\" aria-labelledby=\"ea-header-15253\"> <div class=\"ea-body\"><p><a href=\"https:\/\/www2.ufmg.br\/sods\/content\/download\/2432\/16411\/version\/1\/file\/14rescepe2019.pdf\">Resolu\u00e7\u00e3o 14\/2019, de 14 de novembro de 2019 -\u00a0Regulamenta o regime especial para estudantes de gradua\u00e7\u00e3o da UFMG.<\/a><\/p><p><a href=\"https:\/\/www2.ufmg.br\/sods\/content\/download\/2420\/16360\/version\/3\/file\/10rescepe2019.pdf\">Resolu\u00e7\u00e3o 10\/2019, de 10 de outubro de 2019 -\u00a0Estabelece diretrizes curriculares para a integraliza\u00e7\u00e3o de atividades acad\u00eamicas curriculares de Forma\u00e7\u00e3o em Extens\u00e3o Universit\u00e1ria nos cursos de gradua\u00e7\u00e3o da UFMG e revoga a Resolu\u00e7\u00e3o CEPE 12\/2015, de 22 de setembro de 2015.<\/a><\/p><p><a href=\"https:\/\/www2.ufmg.br\/sods\/content\/download\/2389\/16201\/version\/1\/file\/07rescepe2019.pdf\">Resolu\u00e7\u00e3o 07\/2019, de 11 de junho de 2019 -\u00a0Regulamenta o ingresso, como estudantes nos Cursos de Gradua\u00e7\u00e3o da UFMG, de refugiados, asilados pol\u00edticos, ap\u00e1tridas, portadores de visto tempor\u00e1rio de acolhida humanit\u00e1ria, portadores de autoriza\u00e7\u00e3o de resid\u00eancia para fins de acolhida humanit\u00e1ria e outros imigrantes benefici\u00e1rios de pol\u00edticas humanit\u00e1rias do Governo Brasileiro, e revoga a Resolu\u00e7\u00e3o do CEPE 03\/2004, de 19 de agosto de 2004.<\/a><\/p><p><a href=\"https:\/\/www2.ufmg.br\/sods\/content\/download\/2393\/16220\/version\/2\/file\/01rescompCEPE2019.pdf\">Resolu\u00e7\u00e3o Complementar 01\/2019, de 11 de junho de 2019 -\u00a0Redefine o prazo-limite para encaminhamento pela C\u00e2mara de Gradua\u00e7\u00e3o da UFMG dos anteprojetos de Resolu\u00e7\u00f5es previstos nas Normas Gerais de Gradua\u00e7\u00e3o e o prazo-limite para revis\u00e3o dos Projetos Pedag\u00f3gicos e seu encaminhamento pelos Colegiados dos Cursos de Gradua\u00e7\u00e3o. (Publicada no Boletim Informativo da UFMG N. 2.064, de 24 de junho de 2019).<\/a><\/p><p><a href=\"https:\/\/www2.ufmg.br\/sods\/content\/download\/2388\/16197\/version\/1\/file\/06rescepe2019.pdf\">Resolu\u00e7\u00e3o 06\/2019, de 11 de junho de 2019 -\u00a0Regulamenta, na UFMG, o aproveitamento de estudos realizados por estudantes de gradua\u00e7\u00e3o em outras institui\u00e7\u00f5es de ensino superior, inclusive aqueles realizados em mobilidade acad\u00eamica nacional e internacional, e revoga as Resolu\u00e7\u00f5es do CEPE 04\/2014, de 22 de abril de 2014, e 07\/2016, de 10 de maio de 2016.<\/a><\/p><p><a href=\"https:\/\/www2.ufmg.br\/sods\/content\/download\/2387\/16193\/version\/1\/file\/05rescepe2019+COMFIC.pdf\">Resolu\u00e7\u00e3o 05\/2019, de 14 de maio de 2019 -\u00a0Cria e regulamenta a Comiss\u00e3o para Discuss\u00e3o e Elabora\u00e7\u00e3o das Pol\u00edticas de Forma\u00e7\u00e3o Inicial e Continuada de Professores da Educa\u00e7\u00e3o B\u00e1sica.<\/a><\/p><p><a href=\"https:\/\/www2.ufmg.br\/sods\/content\/download\/2386\/16189\/version\/1\/file\/04rescepe2019.pdf\">Resolu\u00e7\u00e3o 04\/2019, de 14 de maio de 2019 -\u00a0Regulamenta a realiza\u00e7\u00e3o de exame de comprova\u00e7\u00e3o de conhecimentos por estudantes de gradua\u00e7\u00e3o da UFMG e revoga a Resolu\u00e7\u00e3o do CEPE 17\/2014, de 7 de outubro de 2014.<\/a><\/p><p><a href=\"https:\/\/www2.ufmg.br\/sods\/content\/download\/2382\/16173\/version\/2\/file\/01rescepe2019.pdf\">Resolu\u00e7\u00e3o 01\/2019, de 9 de abril de 2019 - Regulamenta a cria\u00e7\u00e3o e o registro de atividades acad\u00eamicas curriculares, conforme previsto no art. 8\u00ba\u00a0das Normas Gerais de Gradua\u00e7\u00e3o da UFMG.<\/a><\/p><\/div><\/div><\/div><div class=\"ea-card sp-ea-single\"><h3 class=\"ea-header\"><a class=\"collapsed\" id=\"ea-header-15254\" role=\"button\" data-sptoggle=\"spcollapse\" data-sptarget=\"#collapse15254\" aria-controls=\"collapse15254\" href=\"#\" aria-expanded=\"false\" tabindex=\"0\"><i aria-hidden=\"true\" role=\"presentation\" class=\"ea-expand-icon eap-icon-ea-expand-plus\"><\/i> 2018<\/a><\/h3><div class=\"sp-collapse spcollapse \" id=\"collapse15254\" data-parent=\"#sp-ea-1525\" role=\"region\" aria-labelledby=\"ea-header-15254\"> <div class=\"ea-body\"><p><a href=\"https:\/\/www2.ufmg.br\/sods\/content\/download\/2337\/15933\/version\/1\/file\/20rescepe2018.pdf\">Resolu\u00e7\u00e3o 20\/2018, de 6 de dezembro de 2018 -\u00a0Estabelece per\u00edodos para protocolo de propostas de ajustes e reformas curriculares de cursos de gradua\u00e7\u00e3o e de ajustes de estruturas formativas junto \u00e0 Pr\u00f3-Reitoria de Gradua\u00e7\u00e3o.<\/a><\/p><p><a href=\"https:\/\/www2.ufmg.br\/sods\/content\/download\/2329\/15901\/version\/1\/file\/14rescepe2018.pdf\">Resolu\u00e7\u00e3o 14\/2018, de 9 de outubro de 2018 -\u00a0Disp\u00f5e sobre o provimento de vagas remanescentes nos cursos de gradua\u00e7\u00e3o da UFMG e revoga a Resolu\u00e7\u00e3o 13\/2014, de 23 de setembro de 2014.<\/a><\/p><p><a href=\"https:\/\/www2.ufmg.br\/sods\/content\/download\/2323\/15877\/version\/1\/file\/13rescepe+2018.pdf\">Resolu\u00e7\u00e3o 13\/2018, de 11 de setembro de 2018 -\u00a0Regulamenta a oferta de atividades acad\u00eamicas curriculares com carga hor\u00e1ria a dist\u00e2ncia nos cursos de gradua\u00e7\u00e3o presenciais e a dist\u00e2ncia e revoga a Resolu\u00e7\u00e3o do CEPE 06\/2016, de 10 de maio de 2016.<\/a><\/p><p><a href=\"https:\/\/www2.ufmg.br\/sods\/content\/download\/2309\/15812\/version\/1\/file\/11rescepe+2018+regras+transicao+NGG.pdf\">Resolu\u00e7\u00e3o 11\/2018, de 7 de agosto de 2018 -\u00a0Define, conforme previsto no art. 106 da Resolu\u00e7\u00e3o Complementar 01\/2018, de 20 de fevereiro de 2018, que aprova as Normas Gerais de Gradua\u00e7\u00e3o, as regras de transi\u00e7\u00e3o para in\u00edcio da aplica\u00e7\u00e3o dos artigos que disp\u00f5em sobre desligamento, trancamento de matr\u00edcula e registro do desempenho acad\u00eamico.<\/a><\/p><p><a href=\"https:\/\/www2.ufmg.br\/sods\/content\/download\/2301\/15780\/version\/1\/file\/10rescepe2018+NDE.pdf\">Resolu\u00e7\u00e3o 10\/2018, de 19 de junho de 2018 -\u00a0Reedita com altera\u00e7\u00f5es a Resolu\u00e7\u00e3o 15\/2011, de 31 de maio de 2011, que cria o N\u00facleo Docente Estruturante\u00a0(NDE) dos Cursos de Gradua\u00e7\u00e3o da UFMG.<\/a><\/p><dl class=\"clearfix\"><dt><a href=\"https:\/\/www2.ufmg.br\/sods\/content\/download\/2312\/15824\/version\/1\/file\/02rescepe2018+periodicidade+oferta+ativ+acad%C3%AAmicas.pdf\">Resolu\u00e7\u00e3o 02\/2018, de 20 de fevereiro de 2018 - Regulamenta a periodicidade da oferta e a defini\u00e7\u00e3o do n\u00famero de vagas ofertadas nas atividades acad\u00eamicas curriculares, conforme previsto nas Normas Gerais de Gradua\u00e7\u00e3o da UFMG.<\/a><\/dt><\/dl><dl class=\"clearfix\"><dt><a href=\"https:\/\/www2.ufmg.br\/sods\/content\/download\/2311\/15820\/version\/1\/file\/01rescepe2018+regulamenta+processo+matr%C3%ADcula.pdf\">Resolu\u00e7\u00e3o 01\/2018, de 20 de fevereiro de 2018 - Regulamenta o processo de matr\u00edcula em atividades acad\u00eamicas curriculares, conforme previsto nas Normas Gerais de Gradua\u00e7\u00e3o da UFMG.<\/a><\/dt><\/dl><p><a href=\"https:\/\/www2.ufmg.br\/sods\/content\/download\/2319\/15861\/version\/1\/file\/01+Resolucao+Complementar+01-2018+Normas+Gerais+de+Gradua%C3%A7%C3%A3o.PDF\">Resolu\u00e7\u00e3o Complementar 01\/2018, de 20 de fevereiro de 2018 -\u00a0Aprova as Normas Gerais de Gradua\u00e7\u00e3o da Universidade Federal de Minas Gerais (UFMG). (Publicada no Boletim Informativo da UFMG N. 2.029, de 27 de agosto de 2018).<\/a><\/p><\/div><\/div><\/div><div class=\"ea-card sp-ea-single\"><h3 class=\"ea-header\"><a class=\"collapsed\" id=\"ea-header-15255\" role=\"button\" data-sptoggle=\"spcollapse\" data-sptarget=\"#collapse15255\" aria-controls=\"collapse15255\" href=\"#\" aria-expanded=\"false\" tabindex=\"0\"><i aria-hidden=\"true\" role=\"presentation\" class=\"ea-expand-icon eap-icon-ea-expand-plus\"><\/i> 2017<\/a><\/h3><div class=\"sp-collapse spcollapse \" id=\"collapse15255\" data-parent=\"#sp-ea-1525\" role=\"region\" aria-labelledby=\"ea-header-15255\"> <div class=\"ea-body\"><p><a href=\"https:\/\/www2.ufmg.br\/sods\/content\/download\/2210\/15370\/version\/2\/file\/06rescepe2017.pdf\">Resolu\u00e7\u00e3o 06\/2017, de 02 de maio de 2017 -\u00a0Regulamenta o Colegiado Especial do Programa de Vagas Suplementares para Estudantes Ind\u00edgenas na UFMG. (Publicada no Boletim Informativo da UFMG N. 1.979, de 29 de maio de 2017).<\/a><\/p><p><a href=\"https:\/\/www2.ufmg.br\/sods\/content\/download\/2228\/15445\/version\/2\/file\/03rescompcepe2017.pdf\">Resolu\u00e7\u00e3o Complementar 03\/2017, de 08 de agosto de 2017 -\u00a0Disp\u00f5e sobre a revalida\u00e7\u00e3o, pela Universidade Federal de Minas Gerais (UFMG), de diplomas de gradua\u00e7\u00e3o expedidos por estabelecimentos estrangeiros de ensino superior, revogando a Resolu\u00e7\u00e3o Complementar 01\/2010, de 30\/11\/2010. (Publicada no Boletim Informativo da UFMG N. 1.988, de 28 de agosto de 2017).<\/a><\/p><\/div><\/div><\/div><div class=\"ea-card sp-ea-single\"><h3 class=\"ea-header\"><a class=\"collapsed\" id=\"ea-header-15256\" role=\"button\" data-sptoggle=\"spcollapse\" data-sptarget=\"#collapse15256\" aria-controls=\"collapse15256\" href=\"#\" aria-expanded=\"false\" tabindex=\"0\"><i aria-hidden=\"true\" role=\"presentation\" class=\"ea-expand-icon eap-icon-ea-expand-plus\"><\/i> 2016<\/a><\/h3><div class=\"sp-collapse spcollapse \" id=\"collapse15256\" data-parent=\"#sp-ea-1525\" role=\"region\" aria-labelledby=\"ea-header-15256\"> <div class=\"ea-body\"><p><a href=\"https:\/\/www2.ufmg.br\/sods\/content\/download\/2155\/15100\/version\/1\/file\/09rescepe2016.pdf\">Resolu\u00e7\u00e3o 09\/2016, de 21 de junho de 2016 -\u00a0Estabelece par\u00e2metros para a participa\u00e7\u00e3o discente na avalia\u00e7\u00e3o de desempenho did\u00e1tico dos docentes da UFMG.<\/a><\/p><\/div><\/div><\/div><div class=\"ea-card sp-ea-single\"><h3 class=\"ea-header\"><a class=\"collapsed\" id=\"ea-header-15257\" role=\"button\" data-sptoggle=\"spcollapse\" data-sptarget=\"#collapse15257\" aria-controls=\"collapse15257\" href=\"#\" aria-expanded=\"false\" tabindex=\"0\"><i aria-hidden=\"true\" role=\"presentation\" class=\"ea-expand-icon eap-icon-ea-expand-plus\"><\/i> 2014<\/a><\/h3><div class=\"sp-collapse spcollapse \" id=\"collapse15257\" data-parent=\"#sp-ea-1525\" role=\"region\" aria-labelledby=\"ea-header-15257\"> <div class=\"ea-body\"><p><a href=\"https:\/\/www2.ufmg.br\/sods\/content\/download\/1992\/14391\/version\/1\/file\/20rescepe2014.pdf\">Resolu\u00e7\u00e3o 20\/2014, de 07 de outubro de 2014 -\u00a0Regulamenta a atribui\u00e7\u00e3o de parcela de vagas docentes, em virtude da oferta de disciplinas integrantes de \u201cForma\u00e7\u00f5es Transversais\u201d.<\/a><\/p><p><a href=\"https:\/\/www2.ufmg.br\/sods\/content\/download\/1991\/14387\/version\/1\/file\/18rescepe2014.pdf\">Resolu\u00e7\u00e3o 18\/2014, de 07 de outubro de 2014 -\u00a0Regulamenta os Grupos de Disciplinas de Forma\u00e7\u00e3o Avan\u00e7ada.<\/a><\/p><p>\u00a0<\/p><\/div><\/div><\/div><div class=\"ea-card sp-ea-single\"><h3 class=\"ea-header\"><a class=\"collapsed\" id=\"ea-header-15258\" role=\"button\" data-sptoggle=\"spcollapse\" data-sptarget=\"#collapse15258\" aria-controls=\"collapse15258\" href=\"#\" aria-expanded=\"false\" tabindex=\"0\"><i aria-hidden=\"true\" role=\"presentation\" class=\"ea-expand-icon eap-icon-ea-expand-plus\"><\/i> 2012<\/a><\/h3><div class=\"sp-collapse spcollapse \" id=\"collapse15258\" data-parent=\"#sp-ea-1525\" role=\"region\" aria-labelledby=\"ea-header-15258\"> <div class=\"ea-body\"><p><a href=\"http:\/\/Resolu\u00e7\u00e3o 04\/2012, de 04 de dezembro de 2012 Reedita, com altera\u00e7\u00f5es, a Resolu\u00e7\u00e3o 10\/2011, de 22\/03\/2011, que estabelece o Regimento Interno da Comiss\u00e3o Permanente do Vestibular-COPEVE.\">Resolu\u00e7\u00e3o 04\/2012, de 04 de dezembro de 2012 -\u00a0Reedita, com altera\u00e7\u00f5es, a Resolu\u00e7\u00e3o 10\/2011, de 22\/03\/2011, que estabelece o Regimento Interno da Comiss\u00e3o Permanente do Vestibular-COPEVE.<\/a><\/p><\/div><\/div><\/div><div class=\"ea-card sp-ea-single\"><h3 class=\"ea-header\"><a class=\"collapsed\" id=\"ea-header-15259\" role=\"button\" data-sptoggle=\"spcollapse\" data-sptarget=\"#collapse15259\" aria-controls=\"collapse15259\" href=\"#\" aria-expanded=\"false\" tabindex=\"0\"><i aria-hidden=\"true\" role=\"presentation\" class=\"ea-expand-icon eap-icon-ea-expand-plus\"><\/i> 2010<\/a><\/h3><div class=\"sp-collapse spcollapse \" id=\"collapse15259\" data-parent=\"#sp-ea-1525\" role=\"region\" aria-labelledby=\"ea-header-15259\"> <div class=\"ea-body\"><p><a href=\"https:\/\/www2.ufmg.br\/sods\/content\/download\/1187\/10334\/version\/2\/file\/Resolu%C3%A7%C3%A3o+21-2010.PDF\">Resolu\u00e7\u00e3o 21\/2010, de 30 de novembro de 2010 - Normatiza a concess\u00e3o de bolsas de P\u00f3s-Gradua\u00e7\u00e3o para apoio ao ensino de gradua\u00e7\u00e3o na UFMG e disp\u00f5e sobre a natureza das equipes pedag\u00f3gicas e sobre as atividades a serem desenvolvidas pelos bolsistas, no \u00e2mbito do Programa REUNI.<\/a><\/p><p><a href=\"https:\/\/www2.ufmg.br\/sods\/content\/download\/1181\/10310\/version\/2\/file\/Resolu%C3%A7%C3%A3o+15-2010.PDF\">Resolu\u00e7\u00e3o 15\/2010, de 26 de outubro de 2010 -\u00a0Reedita, com altera\u00e7\u00f5es, a Resolu\u00e7\u00e3o 02\/2006, de 22\/06\/2006, que criou o Programa Especial de Bolsas Acad\u00eamicas para Estudantes dos Cursos Noturnos de Gradua\u00e7\u00e3o-PRONOTURNO.<\/a><\/p><p>\u00a0<\/p><\/div><\/div><\/div><div class=\"ea-card sp-ea-single\"><h3 class=\"ea-header\"><a class=\"collapsed\" id=\"ea-header-152510\" role=\"button\" data-sptoggle=\"spcollapse\" data-sptarget=\"#collapse152510\" aria-controls=\"collapse152510\" href=\"#\" aria-expanded=\"false\" tabindex=\"0\"><i aria-hidden=\"true\" role=\"presentation\" class=\"ea-expand-icon eap-icon-ea-expand-plus\"><\/i> 2009<\/a><\/h3><div class=\"sp-collapse spcollapse \" id=\"collapse152510\" data-parent=\"#sp-ea-1525\" role=\"region\" aria-labelledby=\"ea-header-152510\"> <div class=\"ea-body\"><p><a href=\"https:\/\/www2.ufmg.br\/sods\/content\/download\/1511\/12109\/version\/1\/file\/16rescepe2009+composi%C3%A7%C3%A3o+colegiado+especial+licenciatura.pdf\">Resolu\u00e7\u00e3o 16\/2009, de 24 de novembro de 2009 -\u00a0Aprova a composi\u00e7\u00e3o e as compet\u00eancias do Colegiado Especial de Licenciatura.<\/a><\/p><p><a href=\"https:\/\/www2.ufmg.br\/sods\/content\/download\/1499\/12061\/version\/1\/file\/04rescepe2009+Colegiado+Especial+EAD.pdf\">Resolu\u00e7\u00e3o 04\/2009, de 25 de agosto de 2009 -\u00a0Regulamenta o Colegiado Especial de Educa\u00e7\u00e3o a Dist\u00e2ncia.<\/a><\/p><p><a href=\"https:\/\/www2.ufmg.br\/sods\/content\/download\/1497\/12053\/version\/2\/file\/02rescepe2009+est%C3%A1gio.pdf\">Resolu\u00e7\u00e3o 02\/2009, de 10 de mar\u00e7o de 2009 -\u00a0Regulamenta o Est\u00e1gio em cursos de Gradua\u00e7\u00e3o da UFMG e revoga a Resolu\u00e7\u00e3o 03\/2006 do Conselho de Ensino, Pesquisa e Extens\u00e3o.<\/a><\/p><\/div><\/div><\/div><div class=\"ea-card sp-ea-single\"><h3 class=\"ea-header\"><a class=\"collapsed\" id=\"ea-header-152511\" role=\"button\" data-sptoggle=\"spcollapse\" data-sptarget=\"#collapse152511\" aria-controls=\"collapse152511\" href=\"#\" aria-expanded=\"false\" tabindex=\"0\"><i aria-hidden=\"true\" role=\"presentation\" class=\"ea-expand-icon eap-icon-ea-expand-plus\"><\/i> 2008<\/a><\/h3><div class=\"sp-collapse spcollapse \" id=\"collapse152511\" data-parent=\"#sp-ea-1525\" role=\"region\" aria-labelledby=\"ea-header-152511\"> <div class=\"ea-body\"><p><a href=\"https:\/\/www2.ufmg.br\/sods\/content\/download\/1523\/12157\/version\/1\/file\/09rescepe2008+avalia%C3%A7%C3%A3o+suplementar.pdf\">Resolu\u00e7\u00e3o 09\/2008, de 28 de outubro de 2008 -\u00a0Estabelece crit\u00e9rios para a aplica\u00e7\u00e3o de avalia\u00e7\u00e3o suplementar.<\/a><\/p><p>\u00a0<\/p><\/div><\/div><\/div><\/div><\/div>\n","protected":false},"excerpt":{"rendered":"","protected":false},"author":1,"featured_media":0,"parent":0,"menu_order":0,"comment_status":"closed","ping_status":"closed","template":"","meta":{"_acf_changed":false,"footnotes":""},"tags":[],"class_list":["post-1522","page","type-page","status-publish","hentry"],"acf":[],"_links":{"self":[{"href":"https:\/\/www.ufmg.br\/prograd\/wp-json\/wp\/v2\/pages\/1522","targetHints":{"allow":["GET"]}}],"collection":[{"href":"https:\/\/www.ufmg.br\/prograd\/wp-json\/wp\/v2\/pages"}],"about":[{"href":"https:\/\/www.ufmg.br\/prograd\/wp-json\/wp\/v2\/types\/page"}],"author":[{"embeddable":true,"href":"https:\/\/www.ufmg.br\/prograd\/wp-json\/wp\/v2\/users\/1"}],"replies":[{"embeddable":true,"href":"https:\/\/www.ufmg.br\/prograd\/wp-json\/wp\/v2\/comments?post=1522"}],"version-history":[{"count":2,"href":"https:\/\/www.ufmg.br\/prograd\/wp-json\/wp\/v2\/pages\/1522\/revisions"}],"predecessor-version":[{"id":1526,"href":"https:\/\/www.ufmg.br\/prograd\/wp-json\/wp\/v2\/pages\/1522\/revisions\/1526"}],"wp:attachment":[{"href":"https:\/\/www.ufmg.br\/prograd\/wp-json\/wp\/v2\/media?parent=1522"}],"wp:term":[{"taxonomy":"post_tag","embeddable":true,"href":"https:\/\/www.ufmg.br\/prograd\/wp-json\/wp\/v2\/tags?post=1522"}],"curies":[{"name":"wp","href":"https:\/\/api.w.org\/{rel}","templated":true}]}}