{"id":2831,"date":"2022-12-23T08:59:01","date_gmt":"2022-12-23T11:59:01","guid":{"rendered":"https:\/\/www.ufmg.br\/prograd\/?page_id=2831"},"modified":"2026-01-21T14:17:57","modified_gmt":"2026-01-21T17:17:57","slug":"manuais","status":"publish","type":"page","link":"https:\/\/www.ufmg.br\/prograd\/manuais\/","title":{"rendered":"Manuais com perguntas e respostas"},"content":{"rendered":"<p><a href=\"https:\/\/www.ufmg.br\/prograd\/arquivos\/docs\/PerguntasFreqExt\">Forma\u00e7\u00e3o em Extens\u00e3o Universit\u00e1ria \u2013 Perguntas frequentes<\/a><\/p>\n<p><a href=\"https:\/\/www3.ufmg.br\/vida-academica\/regras-academicas\">Normas Gerais da Gradua\u00e7\u00e3o<\/a><\/p>\n<p><a href=\"https:\/\/www.ufmg.br\/prograd\/arquivos\/docs\/ManualRaep\">Regime Acad\u00eamico Especial para Perman\u00eancia \u2013 Perguntas frequentes<\/a><\/p>\n","protected":false},"excerpt":{"rendered":"<p>Forma\u00e7\u00e3o em Extens\u00e3o Universit\u00e1ria \u2013 Perguntas frequentes Normas Gerais da [&hellip;]<\/p>\n","protected":false},"author":2,"featured_media":0,"parent":0,"menu_order":0,"comment_status":"closed","ping_status":"closed","template":"","meta":{"_acf_changed":false,"footnotes":""},"tags":[],"class_list":["post-2831","page","type-page","status-publish","hentry"],"acf":[],"_links":{"self":[{"href":"https:\/\/www.ufmg.br\/prograd\/wp-json\/wp\/v2\/pages\/2831","targetHints":{"allow":["GET"]}}],"collection":[{"href":"https:\/\/www.ufmg.br\/prograd\/wp-json\/wp\/v2\/pages"}],"about":[{"href":"https:\/\/www.ufmg.br\/prograd\/wp-json\/wp\/v2\/types\/page"}],"author":[{"embeddable":true,"href":"https:\/\/www.ufmg.br\/prograd\/wp-json\/wp\/v2\/users\/2"}],"replies":[{"embeddable":true,"href":"https:\/\/www.ufmg.br\/prograd\/wp-json\/wp\/v2\/comments?post=2831"}],"version-history":[{"count":3,"href":"https:\/\/www.ufmg.br\/prograd\/wp-json\/wp\/v2\/pages\/2831\/revisions"}],"predecessor-version":[{"id":5481,"href":"https:\/\/www.ufmg.br\/prograd\/wp-json\/wp\/v2\/pages\/2831\/revisions\/5481"}],"wp:attachment":[{"href":"https:\/\/www.ufmg.br\/prograd\/wp-json\/wp\/v2\/media?parent=2831"}],"wp:term":[{"taxonomy":"post_tag","embeddable":true,"href":"https:\/\/www.ufmg.br\/prograd\/wp-json\/wp\/v2\/tags?post=2831"}],"curies":[{"name":"wp","href":"https:\/\/api.w.org\/{rel}","templated":true}]}}

<p><a href="https://www.ufmg.br/prograd/arquivos/docs/PerguntasFreqExt">Formação em Extensão Universitária – Perguntas frequentes</a></p>
<p><a href="https://www3.ufmg.br/vida-academica/regras-academicas">Normas Gerais da Graduação</a></p>
<p><a href="https://www.ufmg.br/prograd/arquivos/docs/ManualRaep">Regime Acadêmico Especial para Permanência – Perguntas frequentes</a></p>

<p>Formação em Extensão Universitária – Perguntas frequentes Normas Gerais da [&hellip;]</p>
