{"id":4451,"date":"2024-12-05T16:06:21","date_gmt":"2024-12-05T19:06:21","guid":{"rendered":"https:\/\/www.ufmg.br\/prograd\/?page_id=4451"},"modified":"2025-11-17T09:52:30","modified_gmt":"2025-11-17T12:52:30","slug":"diretoriaueb","status":"publish","type":"page","link":"https:\/\/www.ufmg.br\/prograd\/diretoriaueb\/","title":{"rendered":"Diretoria Universidade e Educa\u00e7\u00e3o B\u00e1sica (Dueb)"},"content":{"rendered":"<p>A Diretoria Universidade e Educa\u00e7\u00e3o B\u00e1sica (Dueb) foi criada em dezembro de 2024 com objetivo de fomentar e cuidar da rela\u00e7\u00e3o entre Universidade e Educa\u00e7\u00e3o B\u00e1sica, com foco na forma\u00e7\u00e3o inicial e continuada de professores para a Educa\u00e7\u00e3o B\u00e1sica em articula\u00e7\u00e3o com as demandas das redes de ensino. A Diretoria \u00e9 vinculada \u00e0 Pr\u00f3-Reitoria de Gradua\u00e7\u00e3o (Prograd) e articulada com as Pr\u00f3-Reitorias de Extens\u00e3o (Proex), P\u00f3s-Gradua\u00e7\u00e3o (PRPG) e Pesquisa (PRPq). Ela tem a Comfic como inst\u00e2ncia de discuss\u00e3o e proposi\u00e7\u00e3o de a\u00e7\u00f5es, eventos e estudos voltados \u00e0 forma\u00e7\u00e3o de professores e as escolas de Educa\u00e7\u00e3o B\u00e1sica.<\/p>\n<p>Sua cria\u00e7\u00e3o se deu em um contexto institucional de intenso movimento em prol de uma pol\u00edtica de forma\u00e7\u00e3o de professores da educa\u00e7\u00e3o b\u00e1sica. No ano de 2024 foi aprovado o PDI 2024-2029 da UFMG, no qual se registrou um cap\u00edtulo exclusivo sobre forma\u00e7\u00e3o de professores da educa\u00e7\u00e3o b\u00e1sica. Al\u00e9m disso, foi criada a primeira c\u00e1tedra de longa dura\u00e7\u00e3o do Instituto de Estudos Avan\u00e7ados da UFMG, C\u00e1tedra Fundep &#8220;Magda Soares&#8221; de Educa\u00e7\u00e3o B\u00e1sica, tamb\u00e9m foi articulada a Rede Mineira de Forma\u00e7\u00e3o de Professores da Educa\u00e7\u00e3o B\u00e1sica do F\u00f3rum das Institui\u00e7\u00f5es P\u00fablicas de Ensino Superior de Minas Gerais, com importante lideran\u00e7a da UFMG.<\/p>\n<p>Espera-se que a Dueb por meio de suas estruturas e com o apoio da Comfic possa potencializar o trabalho realizado pela UFMG no que tange a forma\u00e7\u00e3o de professores da Educa\u00e7\u00e3o B\u00e1sica, al\u00e9m de contribuir para a valoriza\u00e7\u00e3o da profiss\u00e3o docente e o reconhecimento dos professores como sujeitos primordiais na constru\u00e7\u00e3o de uma sociedade democr\u00e1tica.<\/p>\n<p>Para saber mais sobre a Dueb, <a href=\"https:\/\/www.ufmg.br\/prograd\/dueb\">acesse o link<\/a><\/p>\n<p><strong>Diretora: <\/strong>Roberta Guimar\u00e3es Corr\u00eaa<\/p>\n<p><strong>Documentos<\/strong><\/p>\n<p><a href=\"http:\/\/www.ufmg.br\/prograd\/arquivos\/docs\/Portaria2024-10810.html\">Portaria 10810, de 27 de novembro de 2024 &#8211; Cria\u00e7\u00e3o da Diretoria Universidade e Educa\u00e7\u00e3o B\u00e1sica<\/a><\/p>\n<p><strong>Equipe:<\/strong><\/p>\n<p>Irisdeis L\u00facia Siqueira<br \/>\nS\u00f4nia Maria de Melo<\/p>\n<p><strong>Contatos:<\/strong><\/p>\n<p>Email: dueb@prograd.ufmg.br<br \/>\nTelefone: (31) 3409-4004<\/p>\n<p>&nbsp;<\/p>\n","protected":false},"excerpt":{"rendered":"<p>A Diretoria Universidade e Educa\u00e7\u00e3o B\u00e1sica (Dueb) foi criada em [&hellip;]<\/p>\n","protected":false},"author":3,"featured_media":0,"parent":0,"menu_order":0,"comment_status":"closed","ping_status":"closed","template":"","meta":{"_acf_changed":false,"footnotes":""},"tags":[],"class_list":["post-4451","page","type-page","status-publish","hentry"],"acf":[],"_links":{"self":[{"href":"https:\/\/www.ufmg.br\/prograd\/wp-json\/wp\/v2\/pages\/4451","targetHints":{"allow":["GET"]}}],"collection":[{"href":"https:\/\/www.ufmg.br\/prograd\/wp-json\/wp\/v2\/pages"}],"about":[{"href":"https:\/\/www.ufmg.br\/prograd\/wp-json\/wp\/v2\/types\/page"}],"author":[{"embeddable":true,"href":"https:\/\/www.ufmg.br\/prograd\/wp-json\/wp\/v2\/users\/3"}],"replies":[{"embeddable":true,"href":"https:\/\/www.ufmg.br\/prograd\/wp-json\/wp\/v2\/comments?post=4451"}],"version-history":[{"count":13,"href":"https:\/\/www.ufmg.br\/prograd\/wp-json\/wp\/v2\/pages\/4451\/revisions"}],"predecessor-version":[{"id":5332,"href":"https:\/\/www.ufmg.br\/prograd\/wp-json\/wp\/v2\/pages\/4451\/revisions\/5332"}],"wp:attachment":[{"href":"https:\/\/www.ufmg.br\/prograd\/wp-json\/wp\/v2\/media?parent=4451"}],"wp:term":[{"taxonomy":"post_tag","embeddable":true,"href":"https:\/\/www.ufmg.br\/prograd\/wp-json\/wp\/v2\/tags?post=4451"}],"curies":[{"name":"wp","href":"https:\/\/api.w.org\/{rel}","templated":true}]}}

Diretoria Universidade e Educação Básica (Dueb)

<p>A Diretoria Universidade e Educação Básica (Dueb) foi criada em dezembro de 2024 com objetivo de fomentar e cuidar da relação entre Universidade e Educação Básica, com foco na formação inicial e continuada de professores para a Educação Básica em articulação com as demandas das redes de ensino. A Diretoria é vinculada à Pró-Reitoria de Graduação (Prograd) e articulada com as Pró-Reitorias de Extensão (Proex), Pós-Graduação (PRPG) e Pesquisa (PRPq). Ela tem a Comfic como instância de discussão e proposição de ações, eventos e estudos voltados à formação de professores e as escolas de Educação Básica.</p>
<p>Sua criação se deu em um contexto institucional de intenso movimento em prol de uma política de formação de professores da educação básica. No ano de 2024 foi aprovado o PDI 2024-2029 da UFMG, no qual se registrou um capítulo exclusivo sobre formação de professores da educação básica. Além disso, foi criada a primeira cátedra de longa duração do Instituto de Estudos Avançados da UFMG, Cátedra Fundep &#8220;Magda Soares&#8221; de Educação Básica, também foi articulada a Rede Mineira de Formação de Professores da Educação Básica do Fórum das Instituições Públicas de Ensino Superior de Minas Gerais, com importante liderança da UFMG.</p>
<p>Espera-se que a Dueb por meio de suas estruturas e com o apoio da Comfic possa potencializar o trabalho realizado pela UFMG no que tange a formação de professores da Educação Básica, além de contribuir para a valorização da profissão docente e o reconhecimento dos professores como sujeitos primordiais na construção de uma sociedade democrática.</p>
<p>Para saber mais sobre a Dueb, <a href="https://www.ufmg.br/prograd/dueb">acesse o link</a></p>
<p><strong>Diretora: </strong>Roberta Guimarães Corrêa</p>
<p><strong>Documentos</strong></p>
<p><a href="http://www.ufmg.br/prograd/arquivos/docs/Portaria2024-10810.html">Portaria 10810, de 27 de novembro de 2024 &#8211; Criação da Diretoria Universidade e Educação Básica</a></p>
<p><strong>Equipe:</strong></p>
<p>Irisdeis Lúcia Siqueira<br />
Sônia Maria de Melo</p>
<p><strong>Contatos:</strong></p>
<p>Email: dueb@prograd.ufmg.br<br />
Telefone: (31) 3409-4004</p>
<p>&nbsp;</p>

<p>A Diretoria Universidade e Educação Básica (Dueb) foi criada em [&hellip;]</p>
