{"id":450,"date":"2021-06-22T14:23:02","date_gmt":"2021-06-22T17:23:02","guid":{"rendered":"https:\/\/www.ufmg.br\/prograd\/?page_id=450"},"modified":"2025-01-21T09:22:54","modified_gmt":"2025-01-21T12:22:54","slug":"estudantes","status":"publish","type":"page","link":"https:\/\/www.ufmg.br\/prograd\/estudantes\/","title":{"rendered":"Estudantes"},"content":{"rendered":"<p>Essa \u00e1rea foi criada para ajudar os estudantes de gradua\u00e7\u00e3o na sua vida acad\u00eamica na UFMG. Partimos das principais demandas para definir os assuntos tratados nesse espa\u00e7o. O objetivo \u00e9 que, dessa maneira, possamos orientar nas d\u00favidas e, se necess\u00e1rio, encaminhar o estudante para que ele consiga resolver ou encontrar o que busca de maneira simplificada.<\/p>\n<ul class=\"sub-menu\">\n<li class=\"menu-item menu-item-type-post_type menu-item-object-page menu-item-510\"><a href=\"https:\/\/www.ufmg.br\/prograd\/estrutura-curricular-da-graduacao\/\">Estrutura Curricular na Gradua\u00e7\u00e3o<\/a><\/li>\n<li class=\"menu-item menu-item-type-post_type menu-item-object-page menu-item-1541\"><a href=\"https:\/\/www.ufmg.br\/prograd\/formacoes\/\">Forma\u00e7\u00f5es Transversal, em Extens\u00e3o e Avan\u00e7ada<\/a><\/li>\n<li class=\"menu-item menu-item-type-post_type menu-item-object-page menu-item-1540\"><a href=\"https:\/\/www.ufmg.br\/prograd\/viver-ufmg\/\">Viver UFMG<\/a><\/li>\n<li class=\"menu-item menu-item-type-post_type menu-item-object-page menu-item-483\"><a href=\"https:\/\/www.ufmg.br\/prograd\/matriculas\/\">Matr\u00edcula<\/a><\/li>\n<li class=\"menu-item menu-item-type-post_type menu-item-object-page menu-item-1426\"><a href=\"https:\/\/www.ufmg.br\/prograd\/vagas-remanescentes\/\">Vagas remanescentes<\/a><\/li>\n<li class=\"menu-item menu-item-type-post_type menu-item-object-page menu-item-1274\"><a href=\"https:\/\/www.ufmg.br\/prograd\/estagio-2\/\">Est\u00e1gio<\/a><\/li>\n<li class=\"menu-item menu-item-type-post_type menu-item-object-page menu-item-519\"><a href=\"https:\/\/www.ufmg.br\/prograd\/mobilidade-academica\/\">Mobilidade Acad\u00eamica<\/a><\/li>\n<li class=\"menu-item menu-item-type-post_type menu-item-object-page menu-item-513\"><a href=\"https:\/\/www.ufmg.br\/prograd\/atividades-academicas-complementares\/\">Atividades Acad\u00eamicas Complementares<\/a><\/li>\n<li class=\"menu-item menu-item-type-post_type menu-item-object-page menu-item-572\"><a href=\"https:\/\/www.ufmg.br\/prograd\/acessibilidade-e-inclusao\/\">Acessibilidade e Inclus\u00e3o<\/a><\/li>\n<li class=\"menu-item menu-item-type-post_type menu-item-object-page menu-item-573\"><a href=\"https:\/\/www.ufmg.br\/prograd\/assistencia-estudantil\/\">Assist\u00eancia Estudantil<\/a><\/li>\n<\/ul>\n","protected":false},"excerpt":{"rendered":"<p>Essa \u00e1rea foi criada para ajudar os estudantes de gradua\u00e7\u00e3o [&hellip;]<\/p>\n","protected":false},"author":1,"featured_media":0,"parent":0,"menu_order":0,"comment_status":"closed","ping_status":"closed","template":"","meta":{"_acf_changed":false,"footnotes":""},"tags":[],"class_list":["post-450","page","type-page","status-publish","hentry"],"acf":[],"_links":{"self":[{"href":"https:\/\/www.ufmg.br\/prograd\/wp-json\/wp\/v2\/pages\/450","targetHints":{"allow":["GET"]}}],"collection":[{"href":"https:\/\/www.ufmg.br\/prograd\/wp-json\/wp\/v2\/pages"}],"about":[{"href":"https:\/\/www.ufmg.br\/prograd\/wp-json\/wp\/v2\/types\/page"}],"author":[{"embeddable":true,"href":"https:\/\/www.ufmg.br\/prograd\/wp-json\/wp\/v2\/users\/1"}],"replies":[{"embeddable":true,"href":"https:\/\/www.ufmg.br\/prograd\/wp-json\/wp\/v2\/comments?post=450"}],"version-history":[{"count":6,"href":"https:\/\/www.ufmg.br\/prograd\/wp-json\/wp\/v2\/pages\/450\/revisions"}],"predecessor-version":[{"id":4534,"href":"https:\/\/www.ufmg.br\/prograd\/wp-json\/wp\/v2\/pages\/450\/revisions\/4534"}],"wp:attachment":[{"href":"https:\/\/www.ufmg.br\/prograd\/wp-json\/wp\/v2\/media?parent=450"}],"wp:term":[{"taxonomy":"post_tag","embeddable":true,"href":"https:\/\/www.ufmg.br\/prograd\/wp-json\/wp\/v2\/tags?post=450"}],"curies":[{"name":"wp","href":"https:\/\/api.w.org\/{rel}","templated":true}]}}