{"id":4751,"date":"2025-03-14T11:42:15","date_gmt":"2025-03-14T14:42:15","guid":{"rendered":"https:\/\/www.ufmg.br\/prograd\/?page_id=4751"},"modified":"2026-01-27T15:51:56","modified_gmt":"2026-01-27T18:51:56","slug":"oferta","status":"publish","type":"page","link":"https:\/\/www.ufmg.br\/prograd\/oferta\/","title":{"rendered":"Oferta"},"content":{"rendered":"<p>Informa\u00e7\u00f5es detalhadas sobre oferta atual, orienta\u00e7\u00f5es para matr\u00edcula de estudantes da UFMG e de matr\u00edcula isolada, podem ser consultadas nos links abaixo:<\/p>\n<p><a href=\"http:\/\/www.ufmg.br\/prograd\/arquivos\/FT\/20261\/matriculaFTDiscente2026-1.pdf\">1) Informativo sobre matr\u00edcula para estudantes de Gradua\u00e7\u00e3o e P\u00f3s-Gradua\u00e7\u00e3o, para 2026\/1<\/a><\/p>\n<p><a href=\"http:\/\/www.ufmg.br\/prograd\/arquivos\/FT\/20261\/quadroAtividadesFT2026-1.pdf\">2) Quadro de atividades acad\u00eamicas curriculares que ser\u00e3o ofertadas em 2026\/1<\/a><\/p>\n<p>(Obs. 1: quadro de ofertas sujeito a altera\u00e7\u00f5es.)<\/p>\n<p>(Obs. 2: as salas de aulas ser\u00e3o informadas posteriormente.)<\/p>\n<p><a href=\"http:\/\/www.ufmg.br\/prograd\/arquivos\/FT\/20261\/informativoIsolada2026-1.pdf\">3) Informativo matr\u00edcula isolada 2026\/1<\/a><\/p>\n<p>4) Ementas das atividades acad\u00eamicas curriculares, para oferta em 2026\/1:<\/p>\n<p><a href=\"http:\/\/www.ufmg.br\/prograd\/arquivos\/FT\/20261\/AcessibilidadeeInclusao.pdf\">Acessibilidade e Inclus\u00e3o<\/a><\/p>\n<p><a href=\"http:\/\/www.ufmg.br\/prograd\/arquivos\/FT\/20261\/AgriculturaFamiliareAgroecologia.pdf\">Agricultura Familiar e Agroecologia<\/a><\/p>\n<p><a href=\"http:\/\/www.ufmg.br\/prograd\/arquivos\/FT\/20261\/CulturasemMovimentoeProcessosCriativos.pdf\">Culturas em Movimento e Processos Criativos<\/a><\/p>\n<p><a href=\"http:\/\/www.ufmg.br\/prograd\/arquivos\/FT\/20261\/DireitosHumanos.pdf\">Direitos Humanos<\/a><\/p>\n<p><a href=\"http:\/\/www.ufmg.br\/prograd\/arquivos\/FT\/20261\/DivulgacaoCientifica.pdf\">Divulga\u00e7\u00e3o Cient\u00edfica<\/a><\/p>\n<p><a href=\"http:\/\/www.ufmg.br\/prograd\/arquivos\/FT\/20261\/EmpreendedorismoeInovacao.pdf\">Empreendedorismo e Inova\u00e7\u00e3o<\/a><\/p>\n<p><a href=\"http:\/\/www.ufmg.br\/prograd\/arquivos\/FT\/20261\/EstudosInternacionais.pdf\">Estudos Internacionais<\/a><\/p>\n<p><a href=\"http:\/\/www.ufmg.br\/prograd\/arquivos\/FT\/20261\/GeneroeSexualidade.pdf\">G\u00eanero e Sexualidade<\/a><\/p>\n<p><a href=\"http:\/\/www.ufmg.br\/prograd\/arquivos\/FT\/20261\/MeioAmbienteeSustentabilidade.pdf\">Meio Ambiente e Sustentabilidade<\/a><\/p>\n<p><a href=\"http:\/\/www.ufmg.br\/prograd\/arquivos\/FT\/20261\/RelacoesEtnicoRaciais.pdf\">Rela\u00e7\u00f5es \u00c9tnico-Raciais<\/a><\/p>\n<p><a href=\"http:\/\/www.ufmg.br\/prograd\/arquivos\/FT\/20261\/SaberesTradicionais.pdf\">Saberes Tradicionais<\/a><\/p>\n<p>Informa\u00e7\u00f5es gerais sobre estrutura curricular, formas de integraliza\u00e7\u00e3o e as demais informa\u00e7\u00f5es pedag\u00f3gicas podem ser consultadas nos Projetos das Forma\u00e7\u00f5es Transversais, dispon\u00edveis nesse site e que podem ser acessadas por meio <a href=\"https:\/\/www.ufmg.br\/prograd\/projetos-das-formacoes-transversais\/\">deste link<\/a>.<\/p>\n","protected":false},"excerpt":{"rendered":"<p>Informa\u00e7\u00f5es detalhadas sobre oferta atual, orienta\u00e7\u00f5es para matr\u00edcula de estudantes [&hellip;]<\/p>\n","protected":false},"author":2,"featured_media":0,"parent":0,"menu_order":0,"comment_status":"closed","ping_status":"closed","template":"","meta":{"_acf_changed":false,"footnotes":""},"tags":[],"class_list":["post-4751","page","type-page","status-publish","hentry"],"acf":[],"_links":{"self":[{"href":"https:\/\/www.ufmg.br\/prograd\/wp-json\/wp\/v2\/pages\/4751","targetHints":{"allow":["GET"]}}],"collection":[{"href":"https:\/\/www.ufmg.br\/prograd\/wp-json\/wp\/v2\/pages"}],"about":[{"href":"https:\/\/www.ufmg.br\/prograd\/wp-json\/wp\/v2\/types\/page"}],"author":[{"embeddable":true,"href":"https:\/\/www.ufmg.br\/prograd\/wp-json\/wp\/v2\/users\/2"}],"replies":[{"embeddable":true,"href":"https:\/\/www.ufmg.br\/prograd\/wp-json\/wp\/v2\/comments?post=4751"}],"version-history":[{"count":17,"href":"https:\/\/www.ufmg.br\/prograd\/wp-json\/wp\/v2\/pages\/4751\/revisions"}],"predecessor-version":[{"id":5489,"href":"https:\/\/www.ufmg.br\/prograd\/wp-json\/wp\/v2\/pages\/4751\/revisions\/5489"}],"wp:attachment":[{"href":"https:\/\/www.ufmg.br\/prograd\/wp-json\/wp\/v2\/media?parent=4751"}],"wp:term":[{"taxonomy":"post_tag","embeddable":true,"href":"https:\/\/www.ufmg.br\/prograd\/wp-json\/wp\/v2\/tags?post=4751"}],"curies":[{"name":"wp","href":"https:\/\/api.w.org\/{rel}","templated":true}]}}