{"id":5938,"date":"2026-08-26T11:48:12","date_gmt":"2026-08-26T14:48:12","guid":{"rendered":"https:\/\/www.ufmg.br\/prograd\/?page_id=5938"},"modified":"2026-08-26T11:48:12","modified_gmt":"2026-08-26T14:48:12","slug":"estudos-sobre-permanencia-evasao-e-desempenho-academico","status":"publish","type":"page","link":"https:\/\/www.ufmg.br\/prograd\/estudos-sobre-permanencia-evasao-e-desempenho-academico\/","title":{"rendered":"Estudos sobre perman\u00eancia, evas\u00e3o e desempenho acad\u00eamico"},"content":{"rendered":"<p><a href=\"https:\/\/www.ufmg.br\/prograd\/wp-content\/uploads\/2022\/10\/RelPerfilEst20212.pdf\">Relat\u00f3rio de an\u00e1lise do perfil dos estudantes nas situa\u00e7\u00f5es de trancamento e evas\u00e3o dos cursos de gradua\u00e7\u00e3o presenciais da Universidade Federal de Minas Gerais (UFMG): 2014\/1 a 2021\/2<\/a><\/p>\n<p><a href=\"https:\/\/www.ufmg.br\/prograd\/wp-content\/uploads\/2022\/01\/RelAcoesAfirmativas.pdf\">Relat\u00f3rio de Avalia\u00e7\u00e3o do Desempenho Acad\u00eamico e da Evas\u00e3o por Modalidade de Vaga<\/a><\/p>\n","protected":false},"excerpt":{"rendered":"<p>Relat\u00f3rio de an\u00e1lise do perfil dos estudantes nas situa\u00e7\u00f5es de [&hellip;]<\/p>\n","protected":false},"author":2,"featured_media":0,"parent":0,"menu_order":0,"comment_status":"closed","ping_status":"closed","template":"","meta":{"_acf_changed":false,"footnotes":""},"tags":[],"class_list":["post-5938","page","type-page","status-publish","hentry"],"acf":[],"_links":{"self":[{"href":"https:\/\/www.ufmg.br\/prograd\/wp-json\/wp\/v2\/pages\/5938","targetHints":{"allow":["GET"]}}],"collection":[{"href":"https:\/\/www.ufmg.br\/prograd\/wp-json\/wp\/v2\/pages"}],"about":[{"href":"https:\/\/www.ufmg.br\/prograd\/wp-json\/wp\/v2\/types\/page"}],"author":[{"embeddable":true,"href":"https:\/\/www.ufmg.br\/prograd\/wp-json\/wp\/v2\/users\/2"}],"replies":[{"embeddable":true,"href":"https:\/\/www.ufmg.br\/prograd\/wp-json\/wp\/v2\/comments?post=5938"}],"version-history":[{"count":1,"href":"https:\/\/www.ufmg.br\/prograd\/wp-json\/wp\/v2\/pages\/5938\/revisions"}],"predecessor-version":[{"id":5942,"href":"https:\/\/www.ufmg.br\/prograd\/wp-json\/wp\/v2\/pages\/5938\/revisions\/5942"}],"wp:attachment":[{"href":"https:\/\/www.ufmg.br\/prograd\/wp-json\/wp\/v2\/media?parent=5938"}],"wp:term":[{"taxonomy":"post_tag","embeddable":true,"href":"https:\/\/www.ufmg.br\/prograd\/wp-json\/wp\/v2\/tags?post=5938"}],"curies":[{"name":"wp","href":"https:\/\/api.w.org\/{rel}","templated":true}]}}

Estudos sobre permanência, evasão e desempenho acadêmico

<p><a href="https://www.ufmg.br/prograd/wp-content/uploads/2022/10/RelPerfilEst20212.pdf">Relatório de análise do perfil dos estudantes nas situações de trancamento e evasão dos cursos de graduação presenciais da Universidade Federal de Minas Gerais (UFMG): 2014/1 a 2021/2</a></p>
<p><a href="https://www.ufmg.br/prograd/wp-content/uploads/2022/01/RelAcoesAfirmativas.pdf">Relatório de Avaliação do Desempenho Acadêmico e da Evasão por Modalidade de Vaga</a></p>

<p>Relatório de análise do perfil dos estudantes nas situações de [&hellip;]</p>
