{"id":846,"date":"2021-09-09T15:14:43","date_gmt":"2021-09-09T18:14:43","guid":{"rendered":"https:\/\/www.ufmg.br\/prograd\/?page_id=846"},"modified":"2025-11-03T17:22:00","modified_gmt":"2025-11-03T20:22:00","slug":"formularios","status":"publish","type":"page","link":"https:\/\/www.ufmg.br\/prograd\/formularios\/","title":{"rendered":"Formul\u00e1rios"},"content":{"rendered":"<p><a href=\"https:\/\/www.ufmg.br\/prograd\/formulariosbolsas\/\">Programa de Bolsas da Gradua\u00e7\u00e3o<\/a><\/p>\n<p><a href=\"https:\/\/www.ufmg.br\/prograd\/academicos\/\">Acad\u00eamicos<\/a><\/p>\n<p><a href=\"https:\/\/www.ufmg.br\/prograd\/instrumentos-juridicos-estagios\/\">Est\u00e1gio<\/a><\/p>\n<p><a href=\"https:\/\/www.ufmg.br\/prograd\/regime-academico-especial-para-permanencia\/\">Regime Acad\u00eamico Especial para Perman\u00eancia<\/a><\/p>\n<p>&nbsp;<\/p>\n","protected":false},"excerpt":{"rendered":"<p>Programa de Bolsas da Gradua\u00e7\u00e3o Acad\u00eamicos Est\u00e1gio Regime Acad\u00eamico Especial [&hellip;]<\/p>\n","protected":false},"author":1,"featured_media":0,"parent":0,"menu_order":0,"comment_status":"closed","ping_status":"closed","template":"","meta":{"_acf_changed":false,"footnotes":""},"tags":[],"class_list":["post-846","page","type-page","status-publish","hentry"],"acf":[],"_links":{"self":[{"href":"https:\/\/www.ufmg.br\/prograd\/wp-json\/wp\/v2\/pages\/846","targetHints":{"allow":["GET"]}}],"collection":[{"href":"https:\/\/www.ufmg.br\/prograd\/wp-json\/wp\/v2\/pages"}],"about":[{"href":"https:\/\/www.ufmg.br\/prograd\/wp-json\/wp\/v2\/types\/page"}],"author":[{"embeddable":true,"href":"https:\/\/www.ufmg.br\/prograd\/wp-json\/wp\/v2\/users\/1"}],"replies":[{"embeddable":true,"href":"https:\/\/www.ufmg.br\/prograd\/wp-json\/wp\/v2\/comments?post=846"}],"version-history":[{"count":9,"href":"https:\/\/www.ufmg.br\/prograd\/wp-json\/wp\/v2\/pages\/846\/revisions"}],"predecessor-version":[{"id":5277,"href":"https:\/\/www.ufmg.br\/prograd\/wp-json\/wp\/v2\/pages\/846\/revisions\/5277"}],"wp:attachment":[{"href":"https:\/\/www.ufmg.br\/prograd\/wp-json\/wp\/v2\/media?parent=846"}],"wp:term":[{"taxonomy":"post_tag","embeddable":true,"href":"https:\/\/www.ufmg.br\/prograd\/wp-json\/wp\/v2\/tags?post=846"}],"curies":[{"name":"wp","href":"https:\/\/api.w.org\/{rel}","templated":true}]}}