{"id":898,"date":"2021-09-22T13:41:24","date_gmt":"2021-09-22T16:41:24","guid":{"rendered":"https:\/\/www.ufmg.br\/prograd\/?page_id=898"},"modified":"2025-08-11T16:44:10","modified_gmt":"2025-08-11T19:44:10","slug":"relatorios-sobre-o-perfil-dos-estudantes-de-graduacao-da-ufmg","status":"publish","type":"page","link":"https:\/\/www.ufmg.br\/prograd\/relatorios-sobre-o-perfil-dos-estudantes-de-graduacao-da-ufmg\/","title":{"rendered":"Perfil socioecon\u00f4mico dos ingressantes nos cursos de gradua\u00e7\u00e3o da UFMG"},"content":{"rendered":"<p><a href=\"http:\/\/www.ufmg.br\/prograd\/wp-content\/uploads\/2023\/01\/Relatorio_Socio_Economico_2005_2024.pdf\">An\u00e1lise do perfil socioecon\u00f4mico dos ingressantes matriculados na UFMG no per\u00edodo de 2005 a 2024 (SiSU e Vestibular Habilidades)<\/a><\/p>\n<p><a href=\"http:\/\/www.ufmg.br\/prograd\/wp-content\/uploads\/2023\/01\/Relatorio_Socio_Economico_2004_2023.pdf\">An\u00e1lise do perfil socioecon\u00f4mico dos ingressantes matriculados na UFMG no per\u00edodo de 2004 at\u00e9 2023 (SiSU e Vestibular Habilidades)<\/a><\/p>\n<p><a href=\"https:\/\/www.ufmg.br\/prograd\/arquivos\/Est\/RelPerfil2022.pdf\">An\u00e1lise do perfil socioecon\u00f4mico dos ingressantes matriculados na UFMG no per\u00edodo de 2003 at\u00e9 2022 (SiSU e Vestibular Habilidades)<\/a><\/p>\n<p><a href=\"https:\/\/www.ufmg.br\/prograd\/wp-content\/uploads\/2023\/01\/Relatorio_Socio_Economico_2021-11.pdf\">An\u00e1lise do perfil socioecon\u00f4mico dos ingressantes matriculados na UFMG no per\u00edodo de 2002 at\u00e9 2021<\/a><\/p>\n<p><a href=\"https:\/\/www.ufmg.br\/prograd\/wp-content\/uploads\/2023\/01\/Relatorio_Socio_Economico_2001_2020.pdf\">An\u00e1lise do perfil socioecon\u00f4mico dos ingressantes matriculados na UFMG no per\u00edodo de 2001 at\u00e9 2020<\/a><\/p>\n<p><a href=\"https:\/\/www.ufmg.br\/prograd\/arquivos\/relatorios\/socio\/RelSocio2019.pdf\" target=\"_blank\" rel=\"noopener\">An\u00e1lise do perfil socioecon\u00f4mico dos ingressantes matriculados na UFMG no per\u00edodo de 2000 at\u00e9 2019 (SiSU e Vestibular Habilidades)<\/a><\/p>\n<p><a href=\"https:\/\/www.ufmg.br\/prograd\/arquivos\/relatorios\/socio\/RelSocio2018.pdf\" target=\"_blank\" rel=\"noopener\">An\u00e1lise do perfil dos estudantes matriculados na UFMG: per\u00edodo de 2009 at\u00e9 2018\/1 (vestibular de habilidades + SiSU)<\/a><\/p>\n<p><a href=\"https:\/\/www.ufmg.br\/prograd\/arquivos\/relatorios\/socio\/RelSocio2017.pdf\" target=\"_blank\" rel=\"noopener\">An\u00e1lise do perfil dos estudantes matriculados na UFMG : Vestibular 2008 ao SiSU 2017<\/a><\/p>\n<p><a href=\"https:\/\/www.ufmg.br\/prograd\/arquivos\/relatorios\/socio\/RelSocio2016.pdf\" target=\"_blank\" rel=\"noopener\">An\u00e1lise do perfl do aluno matriculado na UFMG : Vestibular 2012 ao SiSU 2016<\/a><\/p>\n<p><a href=\"https:\/\/www.ufmg.br\/prograd\/arquivos\/relatorios\/socio\/RelSocio201115.pdf\" target=\"_blank\" rel=\"noopener\">Perfil socioecon\u00f4mico dos estudantes matriculados na UFMG que ingressaram via Vestibular\/Sisu no per\u00edodo de 2011 a 2015<\/a><\/p>\n","protected":false},"excerpt":{"rendered":"<p>An\u00e1lise do perfil socioecon\u00f4mico dos ingressantes matriculados na UFMG no [&hellip;]<\/p>\n","protected":false},"author":1,"featured_media":0,"parent":0,"menu_order":0,"comment_status":"closed","ping_status":"closed","template":"","meta":{"_acf_changed":false,"footnotes":""},"tags":[],"class_list":["post-898","page","type-page","status-publish","hentry"],"acf":[],"_links":{"self":[{"href":"https:\/\/www.ufmg.br\/prograd\/wp-json\/wp\/v2\/pages\/898","targetHints":{"allow":["GET"]}}],"collection":[{"href":"https:\/\/www.ufmg.br\/prograd\/wp-json\/wp\/v2\/pages"}],"about":[{"href":"https:\/\/www.ufmg.br\/prograd\/wp-json\/wp\/v2\/types\/page"}],"author":[{"embeddable":true,"href":"https:\/\/www.ufmg.br\/prograd\/wp-json\/wp\/v2\/users\/1"}],"replies":[{"embeddable":true,"href":"https:\/\/www.ufmg.br\/prograd\/wp-json\/wp\/v2\/comments?post=898"}],"version-history":[{"count":14,"href":"https:\/\/www.ufmg.br\/prograd\/wp-json\/wp\/v2\/pages\/898\/revisions"}],"predecessor-version":[{"id":5101,"href":"https:\/\/www.ufmg.br\/prograd\/wp-json\/wp\/v2\/pages\/898\/revisions\/5101"}],"wp:attachment":[{"href":"https:\/\/www.ufmg.br\/prograd\/wp-json\/wp\/v2\/media?parent=898"}],"wp:term":[{"taxonomy":"post_tag","embeddable":true,"href":"https:\/\/www.ufmg.br\/prograd\/wp-json\/wp\/v2\/tags?post=898"}],"curies":[{"name":"wp","href":"https:\/\/api.w.org\/{rel}","templated":true}]}}